{"id":71117,"date":"2022-09-22T08:17:07","date_gmt":"2022-09-22T06:17:07","guid":{"rendered":"https:\/\/edicionesalfar.es\/es\/?post_type=product&#038;p=71117"},"modified":"2025-10-16T13:39:21","modified_gmt":"2025-10-16T11:39:21","slug":"educando-en-igualdad-2","status":"publish","type":"product","link":"https:\/\/edicionesalfar.es\/es\/producto\/educando-en-igualdad-2\/","title":{"rendered":"Educando en Igualdad"},"content":{"rendered":"<p><span style=\"color: #000000;\">Con el cine como hilo conductor, este libro realiza un recorrido por las grandes reivindicaciones, hitos, conceptos y figuras destacadas del feminismo, abordando cuestiones de plena vigencia como el debate sexo-g\u00e9nero, el techo de cristal, la brecha salarial, la violencia de g\u00e9nero y el papel de la mujer en el islam. La obra est\u00e1 estructurada en cinco grandes ejes: la lucha feminista a trav\u00e9s de la historia, retos de la mujer en el mundo occidental, la situaci\u00f3n de la mujer en Espa\u00f1a, retos de la mujer en el mundo musulm\u00e1n y relatos m\u00e1gicos de lo femenino. Desde el rigor y la profundidad que exige su tem\u00e1tica, el libro se ofrece a docentes, alumnado y a cualquier persona comprometida con la igualdad. Cada cap\u00edtulo incluye una propuesta did\u00e1ctica coeducativa para trabajar en el aula los contenidos de las pel\u00edculas seleccionadas.<\/span><\/p>\n<p><span style=\"color: #000000;\">Ricardo Hurtado Sim\u00f3 es doctor en Filosof\u00eda por la Universidad de Sevilla con Menci\u00f3n Internacional. Profesor de Ense\u00f1anza Secundaria y Bachillerato, miembro del Grupo de Investigaci\u00f3n Filosof\u00eda de la Cultura de la Universidad de Sevilla y del Proyecto I+D del Ministerio de Educaci\u00f3n Escritoras y Pensadoras europeas, ha realizado numerosas publicaciones centradas en la Ilustraci\u00f3n francesa y brit\u00e1nica y los estudios de g\u00e9nero. Entre sus libros destacan El ocaso del optimismo. De Leibniz a Hamacher. Debates tras el terremoto de Lisboa de 1755, La Filosof\u00eda de Sophie de Grouchy: gnoseolog\u00eda, \u00e9tica, pol\u00edtica y feminismo y Cinco estudios sobre Habermas: democracia, feminismo y religi\u00f3n en el marco de las sociedades cosmopolitas actuales. Ha traducido al castellano obras y textos in\u00e9ditos de las fil\u00f3sofas Madame Helv\u00e9tius, Sophie de Grouchy y Catharine Macaulay Graham.<\/span><\/p>\n","protected":false},"excerpt":{"rendered":"<p><span style=\"color: #000000;\">El debate sexo-g\u00e9nero, el techo de cristal, la becha salarial, la violencia de g\u00e9nero, el papel de la mujer en el islam&#8230; son temas que se abordan en este libro con el cine como fondo, como escusa para \u00abeducar en igualdad\u00bb.<\/span><\/p>\n","protected":false},"featured_media":71120,"comment_status":"closed","ping_status":"closed","template":"","meta":{"_acf_changed":false,"_et_pb_use_builder":"","_et_pb_old_content":"","_et_gb_content_width":""},"product_brand":[],"product_cat":[372,20,466,24],"product_tag":[],"class_list":{"0":"post-71117","1":"product","2":"type-product","3":"status-publish","4":"has-post-thumbnail","6":"product_cat-alfar","7":"product_cat-alfar-universidad","8":"product_cat-hurtado-simo-ricardo","9":"product_cat-estudios-mujer","11":"first","12":"instock","13":"sale","14":"taxable","15":"shipping-taxable","16":"purchasable","17":"product-type-simple"},"acf":[],"yoast_head":"<!-- This site is optimized with the Yoast SEO plugin v27.5 - https:\/\/yoast.com\/product\/yoast-seo-wordpress\/ -->\n<title>Educando en Igualdad - Ediciones Alfar<\/title>\n<meta name=\"robots\" content=\"index, follow, max-snippet:-1, max-image-preview:large, max-video-preview:-1\" \/>\n<link rel=\"canonical\" href=\"https:\/\/edicionesalfar.es\/es\/producto\/educando-en-igualdad-2\/\" \/>\n<meta property=\"og:locale\" content=\"es_ES\" \/>\n<meta property=\"og:type\" content=\"article\" \/>\n<meta property=\"og:title\" content=\"Educando en Igualdad - Ediciones Alfar\" \/>\n<meta property=\"og:description\" content=\"El debate sexo-g\u00e9nero, el techo de cristal, la becha salarial, la violencia de g\u00e9nero, el papel de la mujer en el islam... son temas que se abordan en este libro con el cine como fondo, como escusa para &quot;educar en igualdad&quot;.\" \/>\n<meta property=\"og:url\" content=\"https:\/\/edicionesalfar.es\/es\/producto\/educando-en-igualdad-2\/\" \/>\n<meta property=\"og:site_name\" content=\"Ediciones Alfar\" \/>\n<meta property=\"article:modified_time\" content=\"2025-10-16T11:39:21+00:00\" \/>\n<meta property=\"og:image\" content=\"https:\/\/edicionesalfar.es\/es\/wp-content\/uploads\/2022\/09\/9788478989416_cubierta-scaled.jpg\" \/>\n\t<meta property=\"og:image:width\" content=\"1804\" \/>\n\t<meta property=\"og:image:height\" content=\"2560\" \/>\n\t<meta property=\"og:image:type\" content=\"image\/jpeg\" \/>\n<meta name=\"twitter:card\" content=\"summary_large_image\" \/>\n<meta name=\"twitter:label1\" content=\"Tiempo de lectura\" \/>\n\t<meta name=\"twitter:data1\" content=\"2 minutos\" \/>\n<script type=\"application\/ld+json\" class=\"yoast-schema-graph\">{\"@context\":\"https:\\\/\\\/schema.org\",\"@graph\":[{\"@type\":\"WebPage\",\"@id\":\"https:\\\/\\\/edicionesalfar.es\\\/es\\\/producto\\\/educando-en-igualdad-2\\\/\",\"url\":\"https:\\\/\\\/edicionesalfar.es\\\/es\\\/producto\\\/educando-en-igualdad-2\\\/\",\"name\":\"Educando en Igualdad - Ediciones Alfar\",\"isPartOf\":{\"@id\":\"https:\\\/\\\/edicionesalfar.es\\\/es\\\/#website\"},\"primaryImageOfPage\":{\"@id\":\"https:\\\/\\\/edicionesalfar.es\\\/es\\\/producto\\\/educando-en-igualdad-2\\\/#primaryimage\"},\"image\":{\"@id\":\"https:\\\/\\\/edicionesalfar.es\\\/es\\\/producto\\\/educando-en-igualdad-2\\\/#primaryimage\"},\"thumbnailUrl\":\"https:\\\/\\\/edicionesalfar.es\\\/es\\\/wp-content\\\/uploads\\\/2022\\\/09\\\/9788478989416_cubierta-scaled.jpg\",\"datePublished\":\"2022-09-22T06:17:07+00:00\",\"dateModified\":\"2025-10-16T11:39:21+00:00\",\"breadcrumb\":{\"@id\":\"https:\\\/\\\/edicionesalfar.es\\\/es\\\/producto\\\/educando-en-igualdad-2\\\/#breadcrumb\"},\"inLanguage\":\"es\",\"potentialAction\":[{\"@type\":\"ReadAction\",\"target\":[\"https:\\\/\\\/edicionesalfar.es\\\/es\\\/producto\\\/educando-en-igualdad-2\\\/\"]}]},{\"@type\":\"ImageObject\",\"inLanguage\":\"es\",\"@id\":\"https:\\\/\\\/edicionesalfar.es\\\/es\\\/producto\\\/educando-en-igualdad-2\\\/#primaryimage\",\"url\":\"https:\\\/\\\/edicionesalfar.es\\\/es\\\/wp-content\\\/uploads\\\/2022\\\/09\\\/9788478989416_cubierta-scaled.jpg\",\"contentUrl\":\"https:\\\/\\\/edicionesalfar.es\\\/es\\\/wp-content\\\/uploads\\\/2022\\\/09\\\/9788478989416_cubierta-scaled.jpg\",\"width\":1804,\"height\":2560},{\"@type\":\"BreadcrumbList\",\"@id\":\"https:\\\/\\\/edicionesalfar.es\\\/es\\\/producto\\\/educando-en-igualdad-2\\\/#breadcrumb\",\"itemListElement\":[{\"@type\":\"ListItem\",\"position\":1,\"name\":\"Portada\",\"item\":\"https:\\\/\\\/edicionesalfar.es\\\/es\\\/\"},{\"@type\":\"ListItem\",\"position\":2,\"name\":\"Cat\u00e1logo\",\"item\":\"https:\\\/\\\/edicionesalfar.es\\\/es\\\/catalogo\\\/\"},{\"@type\":\"ListItem\",\"position\":3,\"name\":\"Educando en Igualdad\"}]},{\"@type\":\"WebSite\",\"@id\":\"https:\\\/\\\/edicionesalfar.es\\\/es\\\/#website\",\"url\":\"https:\\\/\\\/edicionesalfar.es\\\/es\\\/\",\"name\":\"Ediciones Alfar\",\"description\":\"\",\"potentialAction\":[{\"@type\":\"SearchAction\",\"target\":{\"@type\":\"EntryPoint\",\"urlTemplate\":\"https:\\\/\\\/edicionesalfar.es\\\/es\\\/?s={search_term_string}\"},\"query-input\":{\"@type\":\"PropertyValueSpecification\",\"valueRequired\":true,\"valueName\":\"search_term_string\"}}],\"inLanguage\":\"es\"}]}<\/script>\n<!-- \/ Yoast SEO plugin. -->","yoast_head_json":{"title":"Educando en Igualdad - Ediciones Alfar","robots":{"index":"index","follow":"follow","max-snippet":"max-snippet:-1","max-image-preview":"max-image-preview:large","max-video-preview":"max-video-preview:-1"},"canonical":"https:\/\/edicionesalfar.es\/es\/producto\/educando-en-igualdad-2\/","og_locale":"es_ES","og_type":"article","og_title":"Educando en Igualdad - Ediciones Alfar","og_description":"El debate sexo-g\u00e9nero, el techo de cristal, la becha salarial, la violencia de g\u00e9nero, el papel de la mujer en el islam... son temas que se abordan en este libro con el cine como fondo, como escusa para \"educar en igualdad\".","og_url":"https:\/\/edicionesalfar.es\/es\/producto\/educando-en-igualdad-2\/","og_site_name":"Ediciones Alfar","article_modified_time":"2025-10-16T11:39:21+00:00","og_image":[{"width":1804,"height":2560,"url":"https:\/\/edicionesalfar.es\/es\/wp-content\/uploads\/2022\/09\/9788478989416_cubierta-scaled.jpg","type":"image\/jpeg"}],"twitter_card":"summary_large_image","twitter_misc":{"Tiempo de lectura":"2 minutos"},"schema":{"@context":"https:\/\/schema.org","@graph":[{"@type":"WebPage","@id":"https:\/\/edicionesalfar.es\/es\/producto\/educando-en-igualdad-2\/","url":"https:\/\/edicionesalfar.es\/es\/producto\/educando-en-igualdad-2\/","name":"Educando en Igualdad - Ediciones Alfar","isPartOf":{"@id":"https:\/\/edicionesalfar.es\/es\/#website"},"primaryImageOfPage":{"@id":"https:\/\/edicionesalfar.es\/es\/producto\/educando-en-igualdad-2\/#primaryimage"},"image":{"@id":"https:\/\/edicionesalfar.es\/es\/producto\/educando-en-igualdad-2\/#primaryimage"},"thumbnailUrl":"https:\/\/edicionesalfar.es\/es\/wp-content\/uploads\/2022\/09\/9788478989416_cubierta-scaled.jpg","datePublished":"2022-09-22T06:17:07+00:00","dateModified":"2025-10-16T11:39:21+00:00","breadcrumb":{"@id":"https:\/\/edicionesalfar.es\/es\/producto\/educando-en-igualdad-2\/#breadcrumb"},"inLanguage":"es","potentialAction":[{"@type":"ReadAction","target":["https:\/\/edicionesalfar.es\/es\/producto\/educando-en-igualdad-2\/"]}]},{"@type":"ImageObject","inLanguage":"es","@id":"https:\/\/edicionesalfar.es\/es\/producto\/educando-en-igualdad-2\/#primaryimage","url":"https:\/\/edicionesalfar.es\/es\/wp-content\/uploads\/2022\/09\/9788478989416_cubierta-scaled.jpg","contentUrl":"https:\/\/edicionesalfar.es\/es\/wp-content\/uploads\/2022\/09\/9788478989416_cubierta-scaled.jpg","width":1804,"height":2560},{"@type":"BreadcrumbList","@id":"https:\/\/edicionesalfar.es\/es\/producto\/educando-en-igualdad-2\/#breadcrumb","itemListElement":[{"@type":"ListItem","position":1,"name":"Portada","item":"https:\/\/edicionesalfar.es\/es\/"},{"@type":"ListItem","position":2,"name":"Cat\u00e1logo","item":"https:\/\/edicionesalfar.es\/es\/catalogo\/"},{"@type":"ListItem","position":3,"name":"Educando en Igualdad"}]},{"@type":"WebSite","@id":"https:\/\/edicionesalfar.es\/es\/#website","url":"https:\/\/edicionesalfar.es\/es\/","name":"Ediciones Alfar","description":"","potentialAction":[{"@type":"SearchAction","target":{"@type":"EntryPoint","urlTemplate":"https:\/\/edicionesalfar.es\/es\/?s={search_term_string}"},"query-input":{"@type":"PropertyValueSpecification","valueRequired":true,"valueName":"search_term_string"}}],"inLanguage":"es"}]}},"_links":{"self":[{"href":"https:\/\/edicionesalfar.es\/es\/wp-json\/wp\/v2\/product\/71117","targetHints":{"allow":["GET"]}}],"collection":[{"href":"https:\/\/edicionesalfar.es\/es\/wp-json\/wp\/v2\/product"}],"about":[{"href":"https:\/\/edicionesalfar.es\/es\/wp-json\/wp\/v2\/types\/product"}],"replies":[{"embeddable":true,"href":"https:\/\/edicionesalfar.es\/es\/wp-json\/wp\/v2\/comments?post=71117"}],"wp:featuredmedia":[{"embeddable":true,"href":"https:\/\/edicionesalfar.es\/es\/wp-json\/wp\/v2\/media\/71120"}],"wp:attachment":[{"href":"https:\/\/edicionesalfar.es\/es\/wp-json\/wp\/v2\/media?parent=71117"}],"wp:term":[{"taxonomy":"product_brand","embeddable":true,"href":"https:\/\/edicionesalfar.es\/es\/wp-json\/wp\/v2\/product_brand?post=71117"},{"taxonomy":"product_cat","embeddable":true,"href":"https:\/\/edicionesalfar.es\/es\/wp-json\/wp\/v2\/product_cat?post=71117"},{"taxonomy":"product_tag","embeddable":true,"href":"https:\/\/edicionesalfar.es\/es\/wp-json\/wp\/v2\/product_tag?post=71117"}],"curies":[{"name":"wp","href":"https:\/\/api.w.org\/{rel}","templated":true}]}}

<p><span style="color: #000000;">Con el cine como hilo conductor, este libro realiza un recorrido por las grandes reivindicaciones, hitos, conceptos y figuras destacadas del feminismo, abordando cuestiones de plena vigencia como el debate sexo-género, el techo de cristal, la brecha salarial, la violencia de género y el papel de la mujer en el islam. La obra está estructurada en cinco grandes ejes: la lucha feminista a través de la historia, retos de la mujer en el mundo occidental, la situación de la mujer en España, retos de la mujer en el mundo musulmán y relatos mágicos de lo femenino. Desde el rigor y la profundidad que exige su temática, el libro se ofrece a docentes, alumnado y a cualquier persona comprometida con la igualdad. Cada capítulo incluye una propuesta didáctica coeducativa para trabajar en el aula los contenidos de las películas seleccionadas.</span></p>
<p><span style="color: #000000;">Ricardo Hurtado Simó es doctor en Filosofía por la Universidad de Sevilla con Mención Internacional. Profesor de Enseñanza Secundaria y Bachillerato, miembro del Grupo de Investigación Filosofía de la Cultura de la Universidad de Sevilla y del Proyecto I+D del Ministerio de Educación Escritoras y Pensadoras europeas, ha realizado numerosas publicaciones centradas en la Ilustración francesa y británica y los estudios de género. Entre sus libros destacan El ocaso del optimismo. De Leibniz a Hamacher. Debates tras el terremoto de Lisboa de 1755, La Filosofía de Sophie de Grouchy: gnoseología, ética, política y feminismo y Cinco estudios sobre Habermas: democracia, feminismo y religión en el marco de las sociedades cosmopolitas actuales. Ha traducido al castellano obras y textos inéditos de las filósofas Madame Helvétius, Sophie de Grouchy y Catharine Macaulay Graham.</span></p>

<p><span style="color: #000000;">El debate sexo-género, el techo de cristal, la becha salarial, la violencia de género, el papel de la mujer en el islam&#8230; son temas que se abordan en este libro con el cine como fondo, como escusa para «educar en igualdad».</span></p>

<!-- This site is optimized with the Yoast SEO plugin v27.5 - https://yoast.com/product/yoast-seo-wordpress/ -->
<title>Educando en Igualdad - Ediciones Alfar</title>
<meta name="robots" content="index, follow, max-snippet:-1, max-image-preview:large, max-video-preview:-1" />
<link rel="canonical" href="https://edicionesalfar.es/es/producto/educando-en-igualdad-2/" />
<meta property="og:locale" content="es_ES" />
<meta property="og:type" content="article" />
<meta property="og:title" content="Educando en Igualdad - Ediciones Alfar" />
<meta property="og:description" content="El debate sexo-género, el techo de cristal, la becha salarial, la violencia de género, el papel de la mujer en el islam... son temas que se abordan en este libro con el cine como fondo, como escusa para &quot;educar en igualdad&quot;." />
<meta property="og:url" content="https://edicionesalfar.es/es/producto/educando-en-igualdad-2/" />
<meta property="og:site_name" content="Ediciones Alfar" />
<meta property="article:modified_time" content="2025-10-16T11:39:21+00:00" />
<meta property="og:image" content="https://edicionesalfar.es/es/wp-content/uploads/2022/09/9788478989416_cubierta-scaled.jpg" />
	<meta property="og:image:width" content="1804" />
	<meta property="og:image:height" content="2560" />
	<meta property="og:image:type" content="image/jpeg" />
<meta name="twitter:card" content="summary_large_image" />
<meta name="twitter:label1" content="Tiempo de lectura" />
	<meta name="twitter:data1" content="2 minutos" />
<script type="application/ld+json" class="yoast-schema-graph">{"@context":"https:\/\/schema.org","@graph":[{"@type":"WebPage","@id":"https:\/\/edicionesalfar.es\/es\/producto\/educando-en-igualdad-2\/","url":"https:\/\/edicionesalfar.es\/es\/producto\/educando-en-igualdad-2\/","name":"Educando en Igualdad - Ediciones Alfar","isPartOf":{"@id":"https:\/\/edicionesalfar.es\/es\/#website"},"primaryImageOfPage":{"@id":"https:\/\/edicionesalfar.es\/es\/producto\/educando-en-igualdad-2\/#primaryimage"},"image":{"@id":"https:\/\/edicionesalfar.es\/es\/producto\/educando-en-igualdad-2\/#primaryimage"},"thumbnailUrl":"https:\/\/edicionesalfar.es\/es\/wp-content\/uploads\/2022\/09\/9788478989416_cubierta-scaled.jpg","datePublished":"2022-09-22T06:17:07+00:00","dateModified":"2025-10-16T11:39:21+00:00","breadcrumb":{"@id":"https:\/\/edicionesalfar.es\/es\/producto\/educando-en-igualdad-2\/#breadcrumb"},"inLanguage":"es","potentialAction":[{"@type":"ReadAction","target":["https:\/\/edicionesalfar.es\/es\/producto\/educando-en-igualdad-2\/"]}]},{"@type":"ImageObject","inLanguage":"es","@id":"https:\/\/edicionesalfar.es\/es\/producto\/educando-en-igualdad-2\/#primaryimage","url":"https:\/\/edicionesalfar.es\/es\/wp-content\/uploads\/2022\/09\/9788478989416_cubierta-scaled.jpg","contentUrl":"https:\/\/edicionesalfar.es\/es\/wp-content\/uploads\/2022\/09\/9788478989416_cubierta-scaled.jpg","width":1804,"height":2560},{"@type":"BreadcrumbList","@id":"https:\/\/edicionesalfar.es\/es\/producto\/educando-en-igualdad-2\/#breadcrumb","itemListElement":[{"@type":"ListItem","position":1,"name":"Portada","item":"https:\/\/edicionesalfar.es\/es\/"},{"@type":"ListItem","position":2,"name":"Catálogo","item":"https:\/\/edicionesalfar.es\/es\/catalogo\/"},{"@type":"ListItem","position":3,"name":"Educando en Igualdad"}]},{"@type":"WebSite","@id":"https:\/\/edicionesalfar.es\/es\/#website","url":"https:\/\/edicionesalfar.es\/es\/","name":"Ediciones Alfar","description":"","potentialAction":[{"@type":"SearchAction","target":{"@type":"EntryPoint","urlTemplate":"https:\/\/edicionesalfar.es\/es\/?s={search_term_string}"},"query-input":{"@type":"PropertyValueSpecification","valueRequired":true,"valueName":"search_term_string"}}],"inLanguage":"es"}]}</script>
<!-- / Yoast SEO plugin. -->

El debate sexo-género, el techo de cristal, la becha salarial, la violencia de género, el papel de la mujer en el islam... son temas que se abordan en este libro con el cine como fondo, como escusa para "educar en igualdad".

Catálogo
