{"id":19927,"date":"2022-06-01T14:33:56","date_gmt":"2022-06-01T12:33:56","guid":{"rendered":"https:\/\/edicionesalfar.es\/es\/?post_type=product&#038;p=19927"},"modified":"2023-01-13T23:09:17","modified_gmt":"2023-01-13T22:09:17","slug":"los-garbanzos-de-dona-violeta","status":"publish","type":"product","link":"https:\/\/edicionesalfar.es\/es\/producto\/los-garbanzos-de-dona-violeta\/","title":{"rendered":"Los garbanzos de do\u00f1a Violeta"},"content":{"rendered":"<p><span style=\"color: #000000;\">Una historia que arranca en la Sevilla previa a la Guerra Civil y que encierra una revindicaci\u00f3n sobre los s\u00edmbolos sociales y culturales arrebatados por la hipocres\u00eda de los apellidos. Una novela sobre la memoria, el miedo y el desarraigo, y sobre el silencio y la alegr\u00eda que los viejos adoquines del barrio de la Macarena esconden, como una paradoja de la misma Sevilla, la que llora y r\u00ede en el mismo semblante. Un ajuste de cuentas con el destino que el tiempo y la vida se encargar\u00e1 de poner en su sitio, una historia sobre aquellas vidas que se viven seg\u00fan lo impuesto, no en lo deseado, como la de Violeta, aquella sevillana a la que enamoraron los garbanzos que le tiraban desde el mostrador de aquella tienda de comestibles donde empez\u00f3 todo. Donde termin\u00f3 todo.<\/span><\/p>\n<p>&nbsp;<\/p>\n<p><span style=\"color: #000000;\"><img decoding=\"async\" class=\" wp-image-19928 alignleft\" src=\"https:\/\/edicionesalfar.es\/es\/wp-content\/uploads\/2022\/06\/IMG_20220408_014454_050-225x300.jpg\" alt=\"\" width=\"170\" height=\"207\" \/>Reyes Aguilar Caro naci\u00f3 en Sevilla en julio de 1969. Es autora de las novelas <em>El juego del hombre invisible<\/em> y <em>El Blues de la Perplejidad<\/em>; y de las obras sobre el Betis, <em>El Manquepierda, una filosof\u00eda de vida<\/em> y <em>Oselito y el Betis<\/em>.<\/span><br \/>\n<span style=\"color: #000000;\">En su blog se convierte en la dama de sevillano nombre, recorre en bicicleta las calles de ella misma entre Santa Catalina y el Pol\u00edgono San Pablo. Observa la vida y la escribe con tinta verde; Reyes es de las pocas mujeres qu se ha atrevido a escribir un libro sobre f\u00fatbol y lo hizo sobre la historia del Real Betis Balompi\u00e9, quien sigue inspir\u00e1ndola. Defiende los cielos machadianos en una Sevilla heterodoxa de azoteas, con el entusiasmo por bandera.<\/span><\/p>\n","protected":false},"excerpt":{"rendered":"<p><span style=\"color: #000000;\">Una historia conmovedora que se inicia con el golpe de estado en Sevilla en julio de 1936, momento previo a la Guerra Civil. Con unos personajes bien definidos por la autora, a lo largo del libro, con exacto rigor hist\u00f3rico, la historia va cobrando vida. Un homenaje m\u00e1s a todas las v\u00edctimas del franquismo narrado por la mente maravillosa de Reyes Aguilar. No dejen de leerla, porque no s\u00f3lo no defrauda, sino que enamora.<\/span><\/p>\n","protected":false},"featured_media":19929,"comment_status":"closed","ping_status":"closed","template":"","meta":{"_acf_changed":false,"_et_pb_use_builder":"","_et_pb_old_content":"","_et_gb_content_width":""},"product_brand":[],"product_cat":[425,372,47],"product_tag":[432],"class_list":{"0":"post-19927","1":"product","2":"type-product","3":"status-publish","4":"has-post-thumbnail","6":"product_cat-aguilar-caro-reyes","7":"product_cat-alfar","8":"product_cat-otras-narrativas","9":"product_tag-memoria-historica-sevilla-amor","11":"first","12":"instock","13":"sale","14":"taxable","15":"shipping-taxable","16":"purchasable","17":"product-type-simple"},"acf":[],"yoast_head":"<!-- This site is optimized with the Yoast SEO plugin v27.4 - https:\/\/yoast.com\/product\/yoast-seo-wordpress\/ -->\n<title>Los garbanzos de do\u00f1a Violeta - Ediciones Alfar<\/title>\n<meta name=\"robots\" content=\"index, follow, max-snippet:-1, max-image-preview:large, max-video-preview:-1\" \/>\n<link rel=\"canonical\" href=\"https:\/\/edicionesalfar.es\/es\/producto\/los-garbanzos-de-dona-violeta\/\" \/>\n<meta property=\"og:locale\" content=\"es_ES\" \/>\n<meta property=\"og:type\" content=\"article\" \/>\n<meta property=\"og:title\" content=\"Los garbanzos de do\u00f1a Violeta - Ediciones Alfar\" \/>\n<meta property=\"og:description\" content=\"Una historia conmovedora que se inicia con el golpe de estado en Sevilla en julio de 1936, momento previo a la Guerra Civil. Con unos personajes bien definidos por la autora, a lo largo del libro, con exacto rigor hist\u00f3rico, la historia va cobrando vida. Un homenaje m\u00e1s a todas las v\u00edctimas del franquismo narrado por la mente maravillosa de Reyes Aguilar. No dejen de leerla, porque no s\u00f3lo no defrauda, sino que enamora.\" \/>\n<meta property=\"og:url\" content=\"https:\/\/edicionesalfar.es\/es\/producto\/los-garbanzos-de-dona-violeta\/\" \/>\n<meta property=\"og:site_name\" content=\"Ediciones Alfar\" \/>\n<meta property=\"article:modified_time\" content=\"2023-01-13T22:09:17+00:00\" \/>\n<meta property=\"og:image\" content=\"https:\/\/edicionesalfar.es\/es\/wp-content\/uploads\/2022\/06\/9788478989270_cubierta.jpg\" \/>\n\t<meta property=\"og:image:width\" content=\"881\" \/>\n\t<meta property=\"og:image:height\" content=\"1251\" \/>\n\t<meta property=\"og:image:type\" content=\"image\/jpeg\" \/>\n<meta name=\"twitter:card\" content=\"summary_large_image\" \/>\n<meta name=\"twitter:label1\" content=\"Tiempo de lectura\" \/>\n\t<meta name=\"twitter:data1\" content=\"2 minutos\" \/>\n<script type=\"application\/ld+json\" class=\"yoast-schema-graph\">{\"@context\":\"https:\\\/\\\/schema.org\",\"@graph\":[{\"@type\":\"WebPage\",\"@id\":\"https:\\\/\\\/edicionesalfar.es\\\/es\\\/producto\\\/los-garbanzos-de-dona-violeta\\\/\",\"url\":\"https:\\\/\\\/edicionesalfar.es\\\/es\\\/producto\\\/los-garbanzos-de-dona-violeta\\\/\",\"name\":\"Los garbanzos de do\u00f1a Violeta - Ediciones Alfar\",\"isPartOf\":{\"@id\":\"https:\\\/\\\/edicionesalfar.es\\\/es\\\/#website\"},\"primaryImageOfPage\":{\"@id\":\"https:\\\/\\\/edicionesalfar.es\\\/es\\\/producto\\\/los-garbanzos-de-dona-violeta\\\/#primaryimage\"},\"image\":{\"@id\":\"https:\\\/\\\/edicionesalfar.es\\\/es\\\/producto\\\/los-garbanzos-de-dona-violeta\\\/#primaryimage\"},\"thumbnailUrl\":\"https:\\\/\\\/edicionesalfar.es\\\/es\\\/wp-content\\\/uploads\\\/2022\\\/06\\\/9788478989270_cubierta.jpg\",\"datePublished\":\"2022-06-01T12:33:56+00:00\",\"dateModified\":\"2023-01-13T22:09:17+00:00\",\"breadcrumb\":{\"@id\":\"https:\\\/\\\/edicionesalfar.es\\\/es\\\/producto\\\/los-garbanzos-de-dona-violeta\\\/#breadcrumb\"},\"inLanguage\":\"es\",\"potentialAction\":[{\"@type\":\"ReadAction\",\"target\":[\"https:\\\/\\\/edicionesalfar.es\\\/es\\\/producto\\\/los-garbanzos-de-dona-violeta\\\/\"]}]},{\"@type\":\"ImageObject\",\"inLanguage\":\"es\",\"@id\":\"https:\\\/\\\/edicionesalfar.es\\\/es\\\/producto\\\/los-garbanzos-de-dona-violeta\\\/#primaryimage\",\"url\":\"https:\\\/\\\/edicionesalfar.es\\\/es\\\/wp-content\\\/uploads\\\/2022\\\/06\\\/9788478989270_cubierta.jpg\",\"contentUrl\":\"https:\\\/\\\/edicionesalfar.es\\\/es\\\/wp-content\\\/uploads\\\/2022\\\/06\\\/9788478989270_cubierta.jpg\",\"width\":881,\"height\":1251},{\"@type\":\"BreadcrumbList\",\"@id\":\"https:\\\/\\\/edicionesalfar.es\\\/es\\\/producto\\\/los-garbanzos-de-dona-violeta\\\/#breadcrumb\",\"itemListElement\":[{\"@type\":\"ListItem\",\"position\":1,\"name\":\"Portada\",\"item\":\"https:\\\/\\\/edicionesalfar.es\\\/es\\\/\"},{\"@type\":\"ListItem\",\"position\":2,\"name\":\"Cat\u00e1logo\",\"item\":\"https:\\\/\\\/edicionesalfar.es\\\/es\\\/catalogo\\\/\"},{\"@type\":\"ListItem\",\"position\":3,\"name\":\"Los garbanzos de do\u00f1a Violeta\"}]},{\"@type\":\"WebSite\",\"@id\":\"https:\\\/\\\/edicionesalfar.es\\\/es\\\/#website\",\"url\":\"https:\\\/\\\/edicionesalfar.es\\\/es\\\/\",\"name\":\"Ediciones Alfar\",\"description\":\"\",\"potentialAction\":[{\"@type\":\"SearchAction\",\"target\":{\"@type\":\"EntryPoint\",\"urlTemplate\":\"https:\\\/\\\/edicionesalfar.es\\\/es\\\/?s={search_term_string}\"},\"query-input\":{\"@type\":\"PropertyValueSpecification\",\"valueRequired\":true,\"valueName\":\"search_term_string\"}}],\"inLanguage\":\"es\"}]}<\/script>\n<!-- \/ Yoast SEO plugin. -->","yoast_head_json":{"title":"Los garbanzos de do\u00f1a Violeta - Ediciones Alfar","robots":{"index":"index","follow":"follow","max-snippet":"max-snippet:-1","max-image-preview":"max-image-preview:large","max-video-preview":"max-video-preview:-1"},"canonical":"https:\/\/edicionesalfar.es\/es\/producto\/los-garbanzos-de-dona-violeta\/","og_locale":"es_ES","og_type":"article","og_title":"Los garbanzos de do\u00f1a Violeta - Ediciones Alfar","og_description":"Una historia conmovedora que se inicia con el golpe de estado en Sevilla en julio de 1936, momento previo a la Guerra Civil. Con unos personajes bien definidos por la autora, a lo largo del libro, con exacto rigor hist\u00f3rico, la historia va cobrando vida. Un homenaje m\u00e1s a todas las v\u00edctimas del franquismo narrado por la mente maravillosa de Reyes Aguilar. No dejen de leerla, porque no s\u00f3lo no defrauda, sino que enamora.","og_url":"https:\/\/edicionesalfar.es\/es\/producto\/los-garbanzos-de-dona-violeta\/","og_site_name":"Ediciones Alfar","article_modified_time":"2023-01-13T22:09:17+00:00","og_image":[{"width":881,"height":1251,"url":"https:\/\/edicionesalfar.es\/es\/wp-content\/uploads\/2022\/06\/9788478989270_cubierta.jpg","type":"image\/jpeg"}],"twitter_card":"summary_large_image","twitter_misc":{"Tiempo de lectura":"2 minutos"},"schema":{"@context":"https:\/\/schema.org","@graph":[{"@type":"WebPage","@id":"https:\/\/edicionesalfar.es\/es\/producto\/los-garbanzos-de-dona-violeta\/","url":"https:\/\/edicionesalfar.es\/es\/producto\/los-garbanzos-de-dona-violeta\/","name":"Los garbanzos de do\u00f1a Violeta - Ediciones Alfar","isPartOf":{"@id":"https:\/\/edicionesalfar.es\/es\/#website"},"primaryImageOfPage":{"@id":"https:\/\/edicionesalfar.es\/es\/producto\/los-garbanzos-de-dona-violeta\/#primaryimage"},"image":{"@id":"https:\/\/edicionesalfar.es\/es\/producto\/los-garbanzos-de-dona-violeta\/#primaryimage"},"thumbnailUrl":"https:\/\/edicionesalfar.es\/es\/wp-content\/uploads\/2022\/06\/9788478989270_cubierta.jpg","datePublished":"2022-06-01T12:33:56+00:00","dateModified":"2023-01-13T22:09:17+00:00","breadcrumb":{"@id":"https:\/\/edicionesalfar.es\/es\/producto\/los-garbanzos-de-dona-violeta\/#breadcrumb"},"inLanguage":"es","potentialAction":[{"@type":"ReadAction","target":["https:\/\/edicionesalfar.es\/es\/producto\/los-garbanzos-de-dona-violeta\/"]}]},{"@type":"ImageObject","inLanguage":"es","@id":"https:\/\/edicionesalfar.es\/es\/producto\/los-garbanzos-de-dona-violeta\/#primaryimage","url":"https:\/\/edicionesalfar.es\/es\/wp-content\/uploads\/2022\/06\/9788478989270_cubierta.jpg","contentUrl":"https:\/\/edicionesalfar.es\/es\/wp-content\/uploads\/2022\/06\/9788478989270_cubierta.jpg","width":881,"height":1251},{"@type":"BreadcrumbList","@id":"https:\/\/edicionesalfar.es\/es\/producto\/los-garbanzos-de-dona-violeta\/#breadcrumb","itemListElement":[{"@type":"ListItem","position":1,"name":"Portada","item":"https:\/\/edicionesalfar.es\/es\/"},{"@type":"ListItem","position":2,"name":"Cat\u00e1logo","item":"https:\/\/edicionesalfar.es\/es\/catalogo\/"},{"@type":"ListItem","position":3,"name":"Los garbanzos de do\u00f1a Violeta"}]},{"@type":"WebSite","@id":"https:\/\/edicionesalfar.es\/es\/#website","url":"https:\/\/edicionesalfar.es\/es\/","name":"Ediciones Alfar","description":"","potentialAction":[{"@type":"SearchAction","target":{"@type":"EntryPoint","urlTemplate":"https:\/\/edicionesalfar.es\/es\/?s={search_term_string}"},"query-input":{"@type":"PropertyValueSpecification","valueRequired":true,"valueName":"search_term_string"}}],"inLanguage":"es"}]}},"_links":{"self":[{"href":"https:\/\/edicionesalfar.es\/es\/wp-json\/wp\/v2\/product\/19927","targetHints":{"allow":["GET"]}}],"collection":[{"href":"https:\/\/edicionesalfar.es\/es\/wp-json\/wp\/v2\/product"}],"about":[{"href":"https:\/\/edicionesalfar.es\/es\/wp-json\/wp\/v2\/types\/product"}],"replies":[{"embeddable":true,"href":"https:\/\/edicionesalfar.es\/es\/wp-json\/wp\/v2\/comments?post=19927"}],"wp:featuredmedia":[{"embeddable":true,"href":"https:\/\/edicionesalfar.es\/es\/wp-json\/wp\/v2\/media\/19929"}],"wp:attachment":[{"href":"https:\/\/edicionesalfar.es\/es\/wp-json\/wp\/v2\/media?parent=19927"}],"wp:term":[{"taxonomy":"product_brand","embeddable":true,"href":"https:\/\/edicionesalfar.es\/es\/wp-json\/wp\/v2\/product_brand?post=19927"},{"taxonomy":"product_cat","embeddable":true,"href":"https:\/\/edicionesalfar.es\/es\/wp-json\/wp\/v2\/product_cat?post=19927"},{"taxonomy":"product_tag","embeddable":true,"href":"https:\/\/edicionesalfar.es\/es\/wp-json\/wp\/v2\/product_tag?post=19927"}],"curies":[{"name":"wp","href":"https:\/\/api.w.org\/{rel}","templated":true}]}}

Los garbanzos de doña Violeta

<p><span style="color: #000000;">Una historia que arranca en la Sevilla previa a la Guerra Civil y que encierra una revindicación sobre los símbolos sociales y culturales arrebatados por la hipocresía de los apellidos. Una novela sobre la memoria, el miedo y el desarraigo, y sobre el silencio y la alegría que los viejos adoquines del barrio de la Macarena esconden, como una paradoja de la misma Sevilla, la que llora y ríe en el mismo semblante. Un ajuste de cuentas con el destino que el tiempo y la vida se encargará de poner en su sitio, una historia sobre aquellas vidas que se viven según lo impuesto, no en lo deseado, como la de Violeta, aquella sevillana a la que enamoraron los garbanzos que le tiraban desde el mostrador de aquella tienda de comestibles donde empezó todo. Donde terminó todo.</span></p>
<p>&nbsp;</p>
<p><span style="color: #000000;"><img decoding="async" class=" wp-image-19928 alignleft" src="https://edicionesalfar.es/es/wp-content/uploads/2022/06/IMG_20220408_014454_050-225x300.jpg" alt="" width="170" height="207" />Reyes Aguilar Caro nació en Sevilla en julio de 1969. Es autora de las novelas <em>El juego del hombre invisible</em> y <em>El Blues de la Perplejidad</em>; y de las obras sobre el Betis, <em>El Manquepierda, una filosofía de vida</em> y <em>Oselito y el Betis</em>.</span><br />
<span style="color: #000000;">En su blog se convierte en la dama de sevillano nombre, recorre en bicicleta las calles de ella misma entre Santa Catalina y el Polígono San Pablo. Observa la vida y la escribe con tinta verde; Reyes es de las pocas mujeres qu se ha atrevido a escribir un libro sobre fútbol y lo hizo sobre la historia del Real Betis Balompié, quien sigue inspirándola. Defiende los cielos machadianos en una Sevilla heterodoxa de azoteas, con el entusiasmo por bandera.</span></p>

<p><span style="color: #000000;">Una historia conmovedora que se inicia con el golpe de estado en Sevilla en julio de 1936, momento previo a la Guerra Civil. Con unos personajes bien definidos por la autora, a lo largo del libro, con exacto rigor histórico, la historia va cobrando vida. Un homenaje más a todas las víctimas del franquismo narrado por la mente maravillosa de Reyes Aguilar. No dejen de leerla, porque no sólo no defrauda, sino que enamora.</span></p>

<!-- This site is optimized with the Yoast SEO plugin v27.4 - https://yoast.com/product/yoast-seo-wordpress/ -->
<title>Los garbanzos de doña Violeta - Ediciones Alfar</title>
<meta name="robots" content="index, follow, max-snippet:-1, max-image-preview:large, max-video-preview:-1" />
<link rel="canonical" href="https://edicionesalfar.es/es/producto/los-garbanzos-de-dona-violeta/" />
<meta property="og:locale" content="es_ES" />
<meta property="og:type" content="article" />
<meta property="og:title" content="Los garbanzos de doña Violeta - Ediciones Alfar" />
<meta property="og:description" content="Una historia conmovedora que se inicia con el golpe de estado en Sevilla en julio de 1936, momento previo a la Guerra Civil. Con unos personajes bien definidos por la autora, a lo largo del libro, con exacto rigor histórico, la historia va cobrando vida. Un homenaje más a todas las víctimas del franquismo narrado por la mente maravillosa de Reyes Aguilar. No dejen de leerla, porque no sólo no defrauda, sino que enamora." />
<meta property="og:url" content="https://edicionesalfar.es/es/producto/los-garbanzos-de-dona-violeta/" />
<meta property="og:site_name" content="Ediciones Alfar" />
<meta property="article:modified_time" content="2023-01-13T22:09:17+00:00" />
<meta property="og:image" content="https://edicionesalfar.es/es/wp-content/uploads/2022/06/9788478989270_cubierta.jpg" />
	<meta property="og:image:width" content="881" />
	<meta property="og:image:height" content="1251" />
	<meta property="og:image:type" content="image/jpeg" />
<meta name="twitter:card" content="summary_large_image" />
<meta name="twitter:label1" content="Tiempo de lectura" />
	<meta name="twitter:data1" content="2 minutos" />
<script type="application/ld+json" class="yoast-schema-graph">{"@context":"https:\/\/schema.org","@graph":[{"@type":"WebPage","@id":"https:\/\/edicionesalfar.es\/es\/producto\/los-garbanzos-de-dona-violeta\/","url":"https:\/\/edicionesalfar.es\/es\/producto\/los-garbanzos-de-dona-violeta\/","name":"Los garbanzos de doña Violeta - Ediciones Alfar","isPartOf":{"@id":"https:\/\/edicionesalfar.es\/es\/#website"},"primaryImageOfPage":{"@id":"https:\/\/edicionesalfar.es\/es\/producto\/los-garbanzos-de-dona-violeta\/#primaryimage"},"image":{"@id":"https:\/\/edicionesalfar.es\/es\/producto\/los-garbanzos-de-dona-violeta\/#primaryimage"},"thumbnailUrl":"https:\/\/edicionesalfar.es\/es\/wp-content\/uploads\/2022\/06\/9788478989270_cubierta.jpg","datePublished":"2022-06-01T12:33:56+00:00","dateModified":"2023-01-13T22:09:17+00:00","breadcrumb":{"@id":"https:\/\/edicionesalfar.es\/es\/producto\/los-garbanzos-de-dona-violeta\/#breadcrumb"},"inLanguage":"es","potentialAction":[{"@type":"ReadAction","target":["https:\/\/edicionesalfar.es\/es\/producto\/los-garbanzos-de-dona-violeta\/"]}]},{"@type":"ImageObject","inLanguage":"es","@id":"https:\/\/edicionesalfar.es\/es\/producto\/los-garbanzos-de-dona-violeta\/#primaryimage","url":"https:\/\/edicionesalfar.es\/es\/wp-content\/uploads\/2022\/06\/9788478989270_cubierta.jpg","contentUrl":"https:\/\/edicionesalfar.es\/es\/wp-content\/uploads\/2022\/06\/9788478989270_cubierta.jpg","width":881,"height":1251},{"@type":"BreadcrumbList","@id":"https:\/\/edicionesalfar.es\/es\/producto\/los-garbanzos-de-dona-violeta\/#breadcrumb","itemListElement":[{"@type":"ListItem","position":1,"name":"Portada","item":"https:\/\/edicionesalfar.es\/es\/"},{"@type":"ListItem","position":2,"name":"Catálogo","item":"https:\/\/edicionesalfar.es\/es\/catalogo\/"},{"@type":"ListItem","position":3,"name":"Los garbanzos de doña Violeta"}]},{"@type":"WebSite","@id":"https:\/\/edicionesalfar.es\/es\/#website","url":"https:\/\/edicionesalfar.es\/es\/","name":"Ediciones Alfar","description":"","potentialAction":[{"@type":"SearchAction","target":{"@type":"EntryPoint","urlTemplate":"https:\/\/edicionesalfar.es\/es\/?s={search_term_string}"},"query-input":{"@type":"PropertyValueSpecification","valueRequired":true,"valueName":"search_term_string"}}],"inLanguage":"es"}]}</script>
<!-- / Yoast SEO plugin. -->

Los garbanzos de doña Violeta - Ediciones Alfar

Una historia conmovedora que se inicia con el golpe de estado en Sevilla en julio de 1936, momento previo a la Guerra Civil. Con unos personajes bien definidos por la autora, a lo largo del libro, con exacto rigor histórico, la historia va cobrando vida. Un homenaje más a todas las víctimas del franquismo narrado por la mente maravillosa de Reyes Aguilar. No dejen de leerla, porque no sólo no defrauda, sino que enamora.

Catálogo
