{"id":18852,"date":"2020-01-10T09:45:18","date_gmt":"2020-01-10T08:45:18","guid":{"rendered":"https:\/\/edicionesalfar.es\/es\/?post_type=product&#038;p=18852"},"modified":"2022-01-10T09:48:59","modified_gmt":"2022-01-10T08:48:59","slug":"el-misil-robavidas","status":"publish","type":"product","link":"https:\/\/edicionesalfar.es\/es\/producto\/el-misil-robavidas\/","title":{"rendered":"El misil Robavidas"},"content":{"rendered":"<p><span style=\"color: #000000;\">Un misil es lanzado con el objetivo de <\/span><span style=\"color: #000000;\">destruir, que es lo que hace cualquier misil. En el camino de ida, <\/span><span style=\"color: #000000;\">el misil Robavidas se arrepiente y cae de cabeza en la charca de <\/span><span style=\"color: #000000;\">un encinar. Un personaje muy especial lo sacar\u00e1 de all\u00ed y correr\u00e1n <\/span><span style=\"color: #000000;\">juntos una aventura. La educaci\u00f3n en valores se desarrolla en <\/span><span style=\"color: #000000;\">este cuento a partir del tema transversal: la educaci\u00f3n para la paz <\/span><span style=\"color: #000000;\">y el desarrollo.<\/span><\/p>\n","protected":false},"excerpt":{"rendered":"<p><span style=\"color: #000000;\">Un misil es lanzado con el objetivo de destruir, que es lo que hace cualquier misil. En el camino de ida, el misil Robavidas se arrepiente y cae de cabeza en la charca de un encinar. Un personaje muy especial lo sacar\u00e1 de all\u00ed y correr\u00e1n juntos una aventura. La educaci\u00f3n en valores se desarrolla en este cuento a partir del tema transversal: la educaci\u00f3n para la paz y el desarrollo.<\/span><\/p>\n","protected":false},"featured_media":18856,"comment_status":"closed","ping_status":"closed","template":"","meta":{"_acf_changed":false,"_et_pb_use_builder":"","_et_pb_old_content":"","_et_gb_content_width":""},"product_brand":[],"product_cat":[365,15],"product_tag":[],"class_list":{"0":"post-18852","1":"product","2":"type-product","3":"status-publish","4":"has-post-thumbnail","6":"product_cat-biblioteca-infantil","7":"product_cat-sin-categorizar","9":"first","10":"instock","11":"taxable","12":"shipping-taxable","13":"purchasable","14":"product-type-simple"},"acf":[],"yoast_head":"<!-- This site is optimized with the Yoast SEO plugin v27.4 - https:\/\/yoast.com\/product\/yoast-seo-wordpress\/ -->\n<title>El misil Robavidas - Ediciones Alfar<\/title>\n<meta name=\"robots\" content=\"index, follow, max-snippet:-1, max-image-preview:large, max-video-preview:-1\" \/>\n<link rel=\"canonical\" href=\"https:\/\/edicionesalfar.es\/es\/producto\/el-misil-robavidas\/\" \/>\n<meta property=\"og:locale\" content=\"es_ES\" \/>\n<meta property=\"og:type\" content=\"article\" \/>\n<meta property=\"og:title\" content=\"El misil Robavidas - Ediciones Alfar\" \/>\n<meta property=\"og:description\" content=\"Un misil es lanzado con el objetivo de destruir, que es lo que hace cualquier misil. En el camino de ida, el misil Robavidas se arrepiente y cae de cabeza en la charca de un encinar. Un personaje muy especial lo sacar\u00e1 de all\u00ed y correr\u00e1n juntos una aventura. La educaci\u00f3n en valores se desarrolla en este cuento a partir del tema transversal: la educaci\u00f3n para la paz y el desarrollo.\" \/>\n<meta property=\"og:url\" content=\"https:\/\/edicionesalfar.es\/es\/producto\/el-misil-robavidas\/\" \/>\n<meta property=\"og:site_name\" content=\"Ediciones Alfar\" \/>\n<meta property=\"article:modified_time\" content=\"2022-01-10T08:48:59+00:00\" \/>\n<meta property=\"og:image\" content=\"https:\/\/edicionesalfar.es\/es\/wp-content\/uploads\/2022\/01\/71XgsWy-cJL.jpg\" \/>\n\t<meta property=\"og:image:width\" content=\"863\" \/>\n\t<meta property=\"og:image:height\" content=\"1217\" \/>\n\t<meta property=\"og:image:type\" content=\"image\/jpeg\" \/>\n<meta name=\"twitter:card\" content=\"summary_large_image\" \/>\n<meta name=\"twitter:label1\" content=\"Tiempo de lectura\" \/>\n\t<meta name=\"twitter:data1\" content=\"1 minuto\" \/>\n<script type=\"application\/ld+json\" class=\"yoast-schema-graph\">{\"@context\":\"https:\\\/\\\/schema.org\",\"@graph\":[{\"@type\":\"WebPage\",\"@id\":\"https:\\\/\\\/edicionesalfar.es\\\/es\\\/producto\\\/el-misil-robavidas\\\/\",\"url\":\"https:\\\/\\\/edicionesalfar.es\\\/es\\\/producto\\\/el-misil-robavidas\\\/\",\"name\":\"El misil Robavidas - Ediciones Alfar\",\"isPartOf\":{\"@id\":\"https:\\\/\\\/edicionesalfar.es\\\/es\\\/#website\"},\"primaryImageOfPage\":{\"@id\":\"https:\\\/\\\/edicionesalfar.es\\\/es\\\/producto\\\/el-misil-robavidas\\\/#primaryimage\"},\"image\":{\"@id\":\"https:\\\/\\\/edicionesalfar.es\\\/es\\\/producto\\\/el-misil-robavidas\\\/#primaryimage\"},\"thumbnailUrl\":\"https:\\\/\\\/edicionesalfar.es\\\/es\\\/wp-content\\\/uploads\\\/2022\\\/01\\\/71XgsWy-cJL.jpg\",\"datePublished\":\"2020-01-10T08:45:18+00:00\",\"dateModified\":\"2022-01-10T08:48:59+00:00\",\"breadcrumb\":{\"@id\":\"https:\\\/\\\/edicionesalfar.es\\\/es\\\/producto\\\/el-misil-robavidas\\\/#breadcrumb\"},\"inLanguage\":\"es\",\"potentialAction\":[{\"@type\":\"ReadAction\",\"target\":[\"https:\\\/\\\/edicionesalfar.es\\\/es\\\/producto\\\/el-misil-robavidas\\\/\"]}]},{\"@type\":\"ImageObject\",\"inLanguage\":\"es\",\"@id\":\"https:\\\/\\\/edicionesalfar.es\\\/es\\\/producto\\\/el-misil-robavidas\\\/#primaryimage\",\"url\":\"https:\\\/\\\/edicionesalfar.es\\\/es\\\/wp-content\\\/uploads\\\/2022\\\/01\\\/71XgsWy-cJL.jpg\",\"contentUrl\":\"https:\\\/\\\/edicionesalfar.es\\\/es\\\/wp-content\\\/uploads\\\/2022\\\/01\\\/71XgsWy-cJL.jpg\",\"width\":863,\"height\":1217},{\"@type\":\"BreadcrumbList\",\"@id\":\"https:\\\/\\\/edicionesalfar.es\\\/es\\\/producto\\\/el-misil-robavidas\\\/#breadcrumb\",\"itemListElement\":[{\"@type\":\"ListItem\",\"position\":1,\"name\":\"Portada\",\"item\":\"https:\\\/\\\/edicionesalfar.es\\\/es\\\/\"},{\"@type\":\"ListItem\",\"position\":2,\"name\":\"Cat\u00e1logo\",\"item\":\"https:\\\/\\\/edicionesalfar.es\\\/es\\\/catalogo\\\/\"},{\"@type\":\"ListItem\",\"position\":3,\"name\":\"El misil Robavidas\"}]},{\"@type\":\"WebSite\",\"@id\":\"https:\\\/\\\/edicionesalfar.es\\\/es\\\/#website\",\"url\":\"https:\\\/\\\/edicionesalfar.es\\\/es\\\/\",\"name\":\"Ediciones Alfar\",\"description\":\"\",\"potentialAction\":[{\"@type\":\"SearchAction\",\"target\":{\"@type\":\"EntryPoint\",\"urlTemplate\":\"https:\\\/\\\/edicionesalfar.es\\\/es\\\/?s={search_term_string}\"},\"query-input\":{\"@type\":\"PropertyValueSpecification\",\"valueRequired\":true,\"valueName\":\"search_term_string\"}}],\"inLanguage\":\"es\"}]}<\/script>\n<!-- \/ Yoast SEO plugin. -->","yoast_head_json":{"title":"El misil Robavidas - Ediciones Alfar","robots":{"index":"index","follow":"follow","max-snippet":"max-snippet:-1","max-image-preview":"max-image-preview:large","max-video-preview":"max-video-preview:-1"},"canonical":"https:\/\/edicionesalfar.es\/es\/producto\/el-misil-robavidas\/","og_locale":"es_ES","og_type":"article","og_title":"El misil Robavidas - Ediciones Alfar","og_description":"Un misil es lanzado con el objetivo de destruir, que es lo que hace cualquier misil. En el camino de ida, el misil Robavidas se arrepiente y cae de cabeza en la charca de un encinar. Un personaje muy especial lo sacar\u00e1 de all\u00ed y correr\u00e1n juntos una aventura. La educaci\u00f3n en valores se desarrolla en este cuento a partir del tema transversal: la educaci\u00f3n para la paz y el desarrollo.","og_url":"https:\/\/edicionesalfar.es\/es\/producto\/el-misil-robavidas\/","og_site_name":"Ediciones Alfar","article_modified_time":"2022-01-10T08:48:59+00:00","og_image":[{"width":863,"height":1217,"url":"https:\/\/edicionesalfar.es\/es\/wp-content\/uploads\/2022\/01\/71XgsWy-cJL.jpg","type":"image\/jpeg"}],"twitter_card":"summary_large_image","twitter_misc":{"Tiempo de lectura":"1 minuto"},"schema":{"@context":"https:\/\/schema.org","@graph":[{"@type":"WebPage","@id":"https:\/\/edicionesalfar.es\/es\/producto\/el-misil-robavidas\/","url":"https:\/\/edicionesalfar.es\/es\/producto\/el-misil-robavidas\/","name":"El misil Robavidas - Ediciones Alfar","isPartOf":{"@id":"https:\/\/edicionesalfar.es\/es\/#website"},"primaryImageOfPage":{"@id":"https:\/\/edicionesalfar.es\/es\/producto\/el-misil-robavidas\/#primaryimage"},"image":{"@id":"https:\/\/edicionesalfar.es\/es\/producto\/el-misil-robavidas\/#primaryimage"},"thumbnailUrl":"https:\/\/edicionesalfar.es\/es\/wp-content\/uploads\/2022\/01\/71XgsWy-cJL.jpg","datePublished":"2020-01-10T08:45:18+00:00","dateModified":"2022-01-10T08:48:59+00:00","breadcrumb":{"@id":"https:\/\/edicionesalfar.es\/es\/producto\/el-misil-robavidas\/#breadcrumb"},"inLanguage":"es","potentialAction":[{"@type":"ReadAction","target":["https:\/\/edicionesalfar.es\/es\/producto\/el-misil-robavidas\/"]}]},{"@type":"ImageObject","inLanguage":"es","@id":"https:\/\/edicionesalfar.es\/es\/producto\/el-misil-robavidas\/#primaryimage","url":"https:\/\/edicionesalfar.es\/es\/wp-content\/uploads\/2022\/01\/71XgsWy-cJL.jpg","contentUrl":"https:\/\/edicionesalfar.es\/es\/wp-content\/uploads\/2022\/01\/71XgsWy-cJL.jpg","width":863,"height":1217},{"@type":"BreadcrumbList","@id":"https:\/\/edicionesalfar.es\/es\/producto\/el-misil-robavidas\/#breadcrumb","itemListElement":[{"@type":"ListItem","position":1,"name":"Portada","item":"https:\/\/edicionesalfar.es\/es\/"},{"@type":"ListItem","position":2,"name":"Cat\u00e1logo","item":"https:\/\/edicionesalfar.es\/es\/catalogo\/"},{"@type":"ListItem","position":3,"name":"El misil Robavidas"}]},{"@type":"WebSite","@id":"https:\/\/edicionesalfar.es\/es\/#website","url":"https:\/\/edicionesalfar.es\/es\/","name":"Ediciones Alfar","description":"","potentialAction":[{"@type":"SearchAction","target":{"@type":"EntryPoint","urlTemplate":"https:\/\/edicionesalfar.es\/es\/?s={search_term_string}"},"query-input":{"@type":"PropertyValueSpecification","valueRequired":true,"valueName":"search_term_string"}}],"inLanguage":"es"}]}},"_links":{"self":[{"href":"https:\/\/edicionesalfar.es\/es\/wp-json\/wp\/v2\/product\/18852","targetHints":{"allow":["GET"]}}],"collection":[{"href":"https:\/\/edicionesalfar.es\/es\/wp-json\/wp\/v2\/product"}],"about":[{"href":"https:\/\/edicionesalfar.es\/es\/wp-json\/wp\/v2\/types\/product"}],"replies":[{"embeddable":true,"href":"https:\/\/edicionesalfar.es\/es\/wp-json\/wp\/v2\/comments?post=18852"}],"wp:featuredmedia":[{"embeddable":true,"href":"https:\/\/edicionesalfar.es\/es\/wp-json\/wp\/v2\/media\/18856"}],"wp:attachment":[{"href":"https:\/\/edicionesalfar.es\/es\/wp-json\/wp\/v2\/media?parent=18852"}],"wp:term":[{"taxonomy":"product_brand","embeddable":true,"href":"https:\/\/edicionesalfar.es\/es\/wp-json\/wp\/v2\/product_brand?post=18852"},{"taxonomy":"product_cat","embeddable":true,"href":"https:\/\/edicionesalfar.es\/es\/wp-json\/wp\/v2\/product_cat?post=18852"},{"taxonomy":"product_tag","embeddable":true,"href":"https:\/\/edicionesalfar.es\/es\/wp-json\/wp\/v2\/product_tag?post=18852"}],"curies":[{"name":"wp","href":"https:\/\/api.w.org\/{rel}","templated":true}]}}

<p><span style="color: #000000;">Un misil es lanzado con el objetivo de </span><span style="color: #000000;">destruir, que es lo que hace cualquier misil. En el camino de ida, </span><span style="color: #000000;">el misil Robavidas se arrepiente y cae de cabeza en la charca de </span><span style="color: #000000;">un encinar. Un personaje muy especial lo sacará de allí y correrán </span><span style="color: #000000;">juntos una aventura. La educación en valores se desarrolla en </span><span style="color: #000000;">este cuento a partir del tema transversal: la educación para la paz </span><span style="color: #000000;">y el desarrollo.</span></p>

<p><span style="color: #000000;">Un misil es lanzado con el objetivo de destruir, que es lo que hace cualquier misil. En el camino de ida, el misil Robavidas se arrepiente y cae de cabeza en la charca de un encinar. Un personaje muy especial lo sacará de allí y correrán juntos una aventura. La educación en valores se desarrolla en este cuento a partir del tema transversal: la educación para la paz y el desarrollo.</span></p>

<!-- This site is optimized with the Yoast SEO plugin v27.4 - https://yoast.com/product/yoast-seo-wordpress/ -->
<title>El misil Robavidas - Ediciones Alfar</title>
<meta name="robots" content="index, follow, max-snippet:-1, max-image-preview:large, max-video-preview:-1" />
<link rel="canonical" href="https://edicionesalfar.es/es/producto/el-misil-robavidas/" />
<meta property="og:locale" content="es_ES" />
<meta property="og:type" content="article" />
<meta property="og:title" content="El misil Robavidas - Ediciones Alfar" />
<meta property="og:description" content="Un misil es lanzado con el objetivo de destruir, que es lo que hace cualquier misil. En el camino de ida, el misil Robavidas se arrepiente y cae de cabeza en la charca de un encinar. Un personaje muy especial lo sacará de allí y correrán juntos una aventura. La educación en valores se desarrolla en este cuento a partir del tema transversal: la educación para la paz y el desarrollo." />
<meta property="og:url" content="https://edicionesalfar.es/es/producto/el-misil-robavidas/" />
<meta property="og:site_name" content="Ediciones Alfar" />
<meta property="article:modified_time" content="2022-01-10T08:48:59+00:00" />
<meta property="og:image" content="https://edicionesalfar.es/es/wp-content/uploads/2022/01/71XgsWy-cJL.jpg" />
	<meta property="og:image:width" content="863" />
	<meta property="og:image:height" content="1217" />
	<meta property="og:image:type" content="image/jpeg" />
<meta name="twitter:card" content="summary_large_image" />
<meta name="twitter:label1" content="Tiempo de lectura" />
	<meta name="twitter:data1" content="1 minuto" />
<script type="application/ld+json" class="yoast-schema-graph">{"@context":"https:\/\/schema.org","@graph":[{"@type":"WebPage","@id":"https:\/\/edicionesalfar.es\/es\/producto\/el-misil-robavidas\/","url":"https:\/\/edicionesalfar.es\/es\/producto\/el-misil-robavidas\/","name":"El misil Robavidas - Ediciones Alfar","isPartOf":{"@id":"https:\/\/edicionesalfar.es\/es\/#website"},"primaryImageOfPage":{"@id":"https:\/\/edicionesalfar.es\/es\/producto\/el-misil-robavidas\/#primaryimage"},"image":{"@id":"https:\/\/edicionesalfar.es\/es\/producto\/el-misil-robavidas\/#primaryimage"},"thumbnailUrl":"https:\/\/edicionesalfar.es\/es\/wp-content\/uploads\/2022\/01\/71XgsWy-cJL.jpg","datePublished":"2020-01-10T08:45:18+00:00","dateModified":"2022-01-10T08:48:59+00:00","breadcrumb":{"@id":"https:\/\/edicionesalfar.es\/es\/producto\/el-misil-robavidas\/#breadcrumb"},"inLanguage":"es","potentialAction":[{"@type":"ReadAction","target":["https:\/\/edicionesalfar.es\/es\/producto\/el-misil-robavidas\/"]}]},{"@type":"ImageObject","inLanguage":"es","@id":"https:\/\/edicionesalfar.es\/es\/producto\/el-misil-robavidas\/#primaryimage","url":"https:\/\/edicionesalfar.es\/es\/wp-content\/uploads\/2022\/01\/71XgsWy-cJL.jpg","contentUrl":"https:\/\/edicionesalfar.es\/es\/wp-content\/uploads\/2022\/01\/71XgsWy-cJL.jpg","width":863,"height":1217},{"@type":"BreadcrumbList","@id":"https:\/\/edicionesalfar.es\/es\/producto\/el-misil-robavidas\/#breadcrumb","itemListElement":[{"@type":"ListItem","position":1,"name":"Portada","item":"https:\/\/edicionesalfar.es\/es\/"},{"@type":"ListItem","position":2,"name":"Catálogo","item":"https:\/\/edicionesalfar.es\/es\/catalogo\/"},{"@type":"ListItem","position":3,"name":"El misil Robavidas"}]},{"@type":"WebSite","@id":"https:\/\/edicionesalfar.es\/es\/#website","url":"https:\/\/edicionesalfar.es\/es\/","name":"Ediciones Alfar","description":"","potentialAction":[{"@type":"SearchAction","target":{"@type":"EntryPoint","urlTemplate":"https:\/\/edicionesalfar.es\/es\/?s={search_term_string}"},"query-input":{"@type":"PropertyValueSpecification","valueRequired":true,"valueName":"search_term_string"}}],"inLanguage":"es"}]}</script>
<!-- / Yoast SEO plugin. -->

Un misil es lanzado con el objetivo de destruir, que es lo que hace cualquier misil. En el camino de ida, el misil Robavidas se arrepiente y cae de cabeza en la charca de un encinar. Un personaje muy especial lo sacará de allí y correrán juntos una aventura. La educación en valores se desarrolla en este cuento a partir del tema transversal: la educación para la paz y el desarrollo.

Catálogo
