{"id":18839,"date":"2022-01-05T13:03:56","date_gmt":"2022-01-05T12:03:56","guid":{"rendered":"https:\/\/edicionesalfar.es\/es\/?post_type=product&#038;p=18839"},"modified":"2022-07-21T10:12:43","modified_gmt":"2022-07-21T08:12:43","slug":"hace-dias-que-llueve-mierda","status":"publish","type":"product","link":"https:\/\/edicionesalfar.es\/es\/producto\/hace-dias-que-llueve-mierda\/","title":{"rendered":"Hace d\u00edas que llueve mierda"},"content":{"rendered":"<p><span style=\"color: #000000;\">Mar\u00eda Carmenza D\u00edaz es una joven que acaba de perder el empleo, est\u00e1 a punto de terminar con su novio y se siente tan sola que el mundo entero pareciera que le girara en contra. Es m\u00e1s, es tan grave su situaci\u00f3n, que hasta termina por creer que lo que nos llueve es mierda, literalmente. Pero -seg\u00fan ella- nadie se da por enterado. Sin embargo, es en estos momentos de verdad en donde encontrar\u00e1 lo que busca, entender su relaci\u00f3n con el mundo que la rodea.<\/span><\/p>\n<p><span style=\"color: #000000;\"><img decoding=\"async\" class=\"size-medium wp-image-18886 alignleft\" src=\"https:\/\/edicionesalfar.es\/es\/wp-content\/uploads\/2022\/01\/Solapa-1-cmyk-ok-147x300.jpg\" alt=\"\" width=\"147\" height=\"300\" \/>Germ\u00e1n Barrera Toro es un tipo que ha caminado mucho. Un n\u00f3mada compulsivo que no deja de buscarse \u2014sin \u00e9xito\u2014, pero con una br\u00fajula, la literatura. Como hilo conductor para sus viajes tom\u00f3 la academia. Estudi\u00f3 en Medell\u00edn, Colombia, luego se fue a Brasil, luego a Sevilla, luego a Uruguay, luego a Medell\u00edn y luego a Madrid y, en todos esos viajes, sac\u00f3 una carrera de periodismo, una especializaci\u00f3n en producci\u00f3n hipertextual, un m\u00e1ster en narrativa, tres novelas y varias decenas de cuentos a\u00fan por publicar. Ahora est\u00e1 en El Paso, Texas. \u00bfHaciendo qu\u00e9? Creando mundos de aire. Sin lugar a dudas, despu\u00e9s de tantas vueltas, mucho tendr\u00e1 por contar. Hace d\u00edas que llueve mierda es su primera novela publicada en Sevilla, Espa\u00f1a.<\/span><\/p>\n","protected":false},"excerpt":{"rendered":"<p><span style=\"color: #000000;\">Mar\u00eda Carmenza D\u00edaz es una joven que acaba de perder el empleo, est\u00e1 a punto de terminar con su novio y se siente tan sola que el mundo entero pareciera que le girara en contra. Es m\u00e1s, es tan grave su situaci\u00f3n, que hasta termina por creer que lo que nos llueve es mierda, literalmente. Pero -seg\u00fan ella- nadie se da por enterado.<\/span><\/p>\n","protected":false},"featured_media":18841,"comment_status":"closed","ping_status":"closed","template":"","meta":{"_acf_changed":false,"_et_pb_use_builder":"","_et_pb_old_content":"","_et_gb_content_width":""},"product_brand":[],"product_cat":[376,462,47],"product_tag":[414],"class_list":{"0":"post-18839","1":"product","2":"type-product","3":"status-publish","4":"has-post-thumbnail","6":"product_cat-autores","7":"product_cat-barrera-toro-german","8":"product_cat-otras-narrativas","9":"product_tag-tematica-sociedad-individuo-critica-social-ironia-ficcion","11":"first","12":"instock","13":"sale","14":"taxable","15":"shipping-taxable","16":"purchasable","17":"product-type-simple"},"acf":[],"yoast_head":"<!-- This site is optimized with the Yoast SEO plugin v27.5 - https:\/\/yoast.com\/product\/yoast-seo-wordpress\/ -->\n<title>Hace d\u00edas que llueve mierda - Ediciones Alfar<\/title>\n<meta name=\"robots\" content=\"index, follow, max-snippet:-1, max-image-preview:large, max-video-preview:-1\" \/>\n<link rel=\"canonical\" href=\"https:\/\/edicionesalfar.es\/es\/producto\/hace-dias-que-llueve-mierda\/\" \/>\n<meta property=\"og:locale\" content=\"es_ES\" \/>\n<meta property=\"og:type\" content=\"article\" \/>\n<meta property=\"og:title\" content=\"Hace d\u00edas que llueve mierda - Ediciones Alfar\" \/>\n<meta property=\"og:description\" content=\"Mar\u00eda Carmenza D\u00edaz es una joven que acaba de perder el empleo, est\u00e1 a punto de terminar con su novio y se siente tan sola que el mundo entero pareciera que le girara en contra. Es m\u00e1s, es tan grave su situaci\u00f3n, que hasta termina por creer que lo que nos llueve es mierda, literalmente. Pero -seg\u00fan ella- nadie se da por enterado.\" \/>\n<meta property=\"og:url\" content=\"https:\/\/edicionesalfar.es\/es\/producto\/hace-dias-que-llueve-mierda\/\" \/>\n<meta property=\"og:site_name\" content=\"Ediciones Alfar\" \/>\n<meta property=\"article:modified_time\" content=\"2022-07-21T08:12:43+00:00\" \/>\n<meta property=\"og:image\" content=\"https:\/\/edicionesalfar.es\/es\/wp-content\/uploads\/2022\/01\/9788478989218_cubierta.jpg\" \/>\n\t<meta property=\"og:image:width\" content=\"357\" \/>\n\t<meta property=\"og:image:height\" content=\"611\" \/>\n\t<meta property=\"og:image:type\" content=\"image\/jpeg\" \/>\n<meta name=\"twitter:card\" content=\"summary_large_image\" \/>\n<meta name=\"twitter:label1\" content=\"Tiempo de lectura\" \/>\n\t<meta name=\"twitter:data1\" content=\"2 minutos\" \/>\n<script type=\"application\/ld+json\" class=\"yoast-schema-graph\">{\"@context\":\"https:\\\/\\\/schema.org\",\"@graph\":[{\"@type\":\"WebPage\",\"@id\":\"https:\\\/\\\/edicionesalfar.es\\\/es\\\/producto\\\/hace-dias-que-llueve-mierda\\\/\",\"url\":\"https:\\\/\\\/edicionesalfar.es\\\/es\\\/producto\\\/hace-dias-que-llueve-mierda\\\/\",\"name\":\"Hace d\u00edas que llueve mierda - Ediciones Alfar\",\"isPartOf\":{\"@id\":\"https:\\\/\\\/edicionesalfar.es\\\/es\\\/#website\"},\"primaryImageOfPage\":{\"@id\":\"https:\\\/\\\/edicionesalfar.es\\\/es\\\/producto\\\/hace-dias-que-llueve-mierda\\\/#primaryimage\"},\"image\":{\"@id\":\"https:\\\/\\\/edicionesalfar.es\\\/es\\\/producto\\\/hace-dias-que-llueve-mierda\\\/#primaryimage\"},\"thumbnailUrl\":\"https:\\\/\\\/edicionesalfar.es\\\/es\\\/wp-content\\\/uploads\\\/2022\\\/01\\\/9788478989218_cubierta.jpg\",\"datePublished\":\"2022-01-05T12:03:56+00:00\",\"dateModified\":\"2022-07-21T08:12:43+00:00\",\"breadcrumb\":{\"@id\":\"https:\\\/\\\/edicionesalfar.es\\\/es\\\/producto\\\/hace-dias-que-llueve-mierda\\\/#breadcrumb\"},\"inLanguage\":\"es\",\"potentialAction\":[{\"@type\":\"ReadAction\",\"target\":[\"https:\\\/\\\/edicionesalfar.es\\\/es\\\/producto\\\/hace-dias-que-llueve-mierda\\\/\"]}]},{\"@type\":\"ImageObject\",\"inLanguage\":\"es\",\"@id\":\"https:\\\/\\\/edicionesalfar.es\\\/es\\\/producto\\\/hace-dias-que-llueve-mierda\\\/#primaryimage\",\"url\":\"https:\\\/\\\/edicionesalfar.es\\\/es\\\/wp-content\\\/uploads\\\/2022\\\/01\\\/9788478989218_cubierta.jpg\",\"contentUrl\":\"https:\\\/\\\/edicionesalfar.es\\\/es\\\/wp-content\\\/uploads\\\/2022\\\/01\\\/9788478989218_cubierta.jpg\",\"width\":357,\"height\":611},{\"@type\":\"BreadcrumbList\",\"@id\":\"https:\\\/\\\/edicionesalfar.es\\\/es\\\/producto\\\/hace-dias-que-llueve-mierda\\\/#breadcrumb\",\"itemListElement\":[{\"@type\":\"ListItem\",\"position\":1,\"name\":\"Portada\",\"item\":\"https:\\\/\\\/edicionesalfar.es\\\/es\\\/\"},{\"@type\":\"ListItem\",\"position\":2,\"name\":\"Cat\u00e1logo\",\"item\":\"https:\\\/\\\/edicionesalfar.es\\\/es\\\/catalogo\\\/\"},{\"@type\":\"ListItem\",\"position\":3,\"name\":\"Hace d\u00edas que llueve mierda\"}]},{\"@type\":\"WebSite\",\"@id\":\"https:\\\/\\\/edicionesalfar.es\\\/es\\\/#website\",\"url\":\"https:\\\/\\\/edicionesalfar.es\\\/es\\\/\",\"name\":\"Ediciones Alfar\",\"description\":\"\",\"potentialAction\":[{\"@type\":\"SearchAction\",\"target\":{\"@type\":\"EntryPoint\",\"urlTemplate\":\"https:\\\/\\\/edicionesalfar.es\\\/es\\\/?s={search_term_string}\"},\"query-input\":{\"@type\":\"PropertyValueSpecification\",\"valueRequired\":true,\"valueName\":\"search_term_string\"}}],\"inLanguage\":\"es\"}]}<\/script>\n<!-- \/ Yoast SEO plugin. -->","yoast_head_json":{"title":"Hace d\u00edas que llueve mierda - Ediciones Alfar","robots":{"index":"index","follow":"follow","max-snippet":"max-snippet:-1","max-image-preview":"max-image-preview:large","max-video-preview":"max-video-preview:-1"},"canonical":"https:\/\/edicionesalfar.es\/es\/producto\/hace-dias-que-llueve-mierda\/","og_locale":"es_ES","og_type":"article","og_title":"Hace d\u00edas que llueve mierda - Ediciones Alfar","og_description":"Mar\u00eda Carmenza D\u00edaz es una joven que acaba de perder el empleo, est\u00e1 a punto de terminar con su novio y se siente tan sola que el mundo entero pareciera que le girara en contra. Es m\u00e1s, es tan grave su situaci\u00f3n, que hasta termina por creer que lo que nos llueve es mierda, literalmente. Pero -seg\u00fan ella- nadie se da por enterado.","og_url":"https:\/\/edicionesalfar.es\/es\/producto\/hace-dias-que-llueve-mierda\/","og_site_name":"Ediciones Alfar","article_modified_time":"2022-07-21T08:12:43+00:00","og_image":[{"width":357,"height":611,"url":"https:\/\/edicionesalfar.es\/es\/wp-content\/uploads\/2022\/01\/9788478989218_cubierta.jpg","type":"image\/jpeg"}],"twitter_card":"summary_large_image","twitter_misc":{"Tiempo de lectura":"2 minutos"},"schema":{"@context":"https:\/\/schema.org","@graph":[{"@type":"WebPage","@id":"https:\/\/edicionesalfar.es\/es\/producto\/hace-dias-que-llueve-mierda\/","url":"https:\/\/edicionesalfar.es\/es\/producto\/hace-dias-que-llueve-mierda\/","name":"Hace d\u00edas que llueve mierda - Ediciones Alfar","isPartOf":{"@id":"https:\/\/edicionesalfar.es\/es\/#website"},"primaryImageOfPage":{"@id":"https:\/\/edicionesalfar.es\/es\/producto\/hace-dias-que-llueve-mierda\/#primaryimage"},"image":{"@id":"https:\/\/edicionesalfar.es\/es\/producto\/hace-dias-que-llueve-mierda\/#primaryimage"},"thumbnailUrl":"https:\/\/edicionesalfar.es\/es\/wp-content\/uploads\/2022\/01\/9788478989218_cubierta.jpg","datePublished":"2022-01-05T12:03:56+00:00","dateModified":"2022-07-21T08:12:43+00:00","breadcrumb":{"@id":"https:\/\/edicionesalfar.es\/es\/producto\/hace-dias-que-llueve-mierda\/#breadcrumb"},"inLanguage":"es","potentialAction":[{"@type":"ReadAction","target":["https:\/\/edicionesalfar.es\/es\/producto\/hace-dias-que-llueve-mierda\/"]}]},{"@type":"ImageObject","inLanguage":"es","@id":"https:\/\/edicionesalfar.es\/es\/producto\/hace-dias-que-llueve-mierda\/#primaryimage","url":"https:\/\/edicionesalfar.es\/es\/wp-content\/uploads\/2022\/01\/9788478989218_cubierta.jpg","contentUrl":"https:\/\/edicionesalfar.es\/es\/wp-content\/uploads\/2022\/01\/9788478989218_cubierta.jpg","width":357,"height":611},{"@type":"BreadcrumbList","@id":"https:\/\/edicionesalfar.es\/es\/producto\/hace-dias-que-llueve-mierda\/#breadcrumb","itemListElement":[{"@type":"ListItem","position":1,"name":"Portada","item":"https:\/\/edicionesalfar.es\/es\/"},{"@type":"ListItem","position":2,"name":"Cat\u00e1logo","item":"https:\/\/edicionesalfar.es\/es\/catalogo\/"},{"@type":"ListItem","position":3,"name":"Hace d\u00edas que llueve mierda"}]},{"@type":"WebSite","@id":"https:\/\/edicionesalfar.es\/es\/#website","url":"https:\/\/edicionesalfar.es\/es\/","name":"Ediciones Alfar","description":"","potentialAction":[{"@type":"SearchAction","target":{"@type":"EntryPoint","urlTemplate":"https:\/\/edicionesalfar.es\/es\/?s={search_term_string}"},"query-input":{"@type":"PropertyValueSpecification","valueRequired":true,"valueName":"search_term_string"}}],"inLanguage":"es"}]}},"_links":{"self":[{"href":"https:\/\/edicionesalfar.es\/es\/wp-json\/wp\/v2\/product\/18839","targetHints":{"allow":["GET"]}}],"collection":[{"href":"https:\/\/edicionesalfar.es\/es\/wp-json\/wp\/v2\/product"}],"about":[{"href":"https:\/\/edicionesalfar.es\/es\/wp-json\/wp\/v2\/types\/product"}],"replies":[{"embeddable":true,"href":"https:\/\/edicionesalfar.es\/es\/wp-json\/wp\/v2\/comments?post=18839"}],"wp:featuredmedia":[{"embeddable":true,"href":"https:\/\/edicionesalfar.es\/es\/wp-json\/wp\/v2\/media\/18841"}],"wp:attachment":[{"href":"https:\/\/edicionesalfar.es\/es\/wp-json\/wp\/v2\/media?parent=18839"}],"wp:term":[{"taxonomy":"product_brand","embeddable":true,"href":"https:\/\/edicionesalfar.es\/es\/wp-json\/wp\/v2\/product_brand?post=18839"},{"taxonomy":"product_cat","embeddable":true,"href":"https:\/\/edicionesalfar.es\/es\/wp-json\/wp\/v2\/product_cat?post=18839"},{"taxonomy":"product_tag","embeddable":true,"href":"https:\/\/edicionesalfar.es\/es\/wp-json\/wp\/v2\/product_tag?post=18839"}],"curies":[{"name":"wp","href":"https:\/\/api.w.org\/{rel}","templated":true}]}}

Hace días que llueve mierda

<p><span style="color: #000000;">María Carmenza Díaz es una joven que acaba de perder el empleo, está a punto de terminar con su novio y se siente tan sola que el mundo entero pareciera que le girara en contra. Es más, es tan grave su situación, que hasta termina por creer que lo que nos llueve es mierda, literalmente. Pero -según ella- nadie se da por enterado. Sin embargo, es en estos momentos de verdad en donde encontrará lo que busca, entender su relación con el mundo que la rodea.</span></p>
<p><span style="color: #000000;"><img decoding="async" class="size-medium wp-image-18886 alignleft" src="https://edicionesalfar.es/es/wp-content/uploads/2022/01/Solapa-1-cmyk-ok-147x300.jpg" alt="" width="147" height="300" />Germán Barrera Toro es un tipo que ha caminado mucho. Un nómada compulsivo que no deja de buscarse —sin éxito—, pero con una brújula, la literatura. Como hilo conductor para sus viajes tomó la academia. Estudió en Medellín, Colombia, luego se fue a Brasil, luego a Sevilla, luego a Uruguay, luego a Medellín y luego a Madrid y, en todos esos viajes, sacó una carrera de periodismo, una especialización en producción hipertextual, un máster en narrativa, tres novelas y varias decenas de cuentos aún por publicar. Ahora está en El Paso, Texas. ¿Haciendo qué? Creando mundos de aire. Sin lugar a dudas, después de tantas vueltas, mucho tendrá por contar. Hace días que llueve mierda es su primera novela publicada en Sevilla, España.</span></p>

<p><span style="color: #000000;">María Carmenza Díaz es una joven que acaba de perder el empleo, está a punto de terminar con su novio y se siente tan sola que el mundo entero pareciera que le girara en contra. Es más, es tan grave su situación, que hasta termina por creer que lo que nos llueve es mierda, literalmente. Pero -según ella- nadie se da por enterado.</span></p>

<!-- This site is optimized with the Yoast SEO plugin v27.5 - https://yoast.com/product/yoast-seo-wordpress/ -->
<title>Hace días que llueve mierda - Ediciones Alfar</title>
<meta name="robots" content="index, follow, max-snippet:-1, max-image-preview:large, max-video-preview:-1" />
<link rel="canonical" href="https://edicionesalfar.es/es/producto/hace-dias-que-llueve-mierda/" />
<meta property="og:locale" content="es_ES" />
<meta property="og:type" content="article" />
<meta property="og:title" content="Hace días que llueve mierda - Ediciones Alfar" />
<meta property="og:description" content="María Carmenza Díaz es una joven que acaba de perder el empleo, está a punto de terminar con su novio y se siente tan sola que el mundo entero pareciera que le girara en contra. Es más, es tan grave su situación, que hasta termina por creer que lo que nos llueve es mierda, literalmente. Pero -según ella- nadie se da por enterado." />
<meta property="og:url" content="https://edicionesalfar.es/es/producto/hace-dias-que-llueve-mierda/" />
<meta property="og:site_name" content="Ediciones Alfar" />
<meta property="article:modified_time" content="2022-07-21T08:12:43+00:00" />
<meta property="og:image" content="https://edicionesalfar.es/es/wp-content/uploads/2022/01/9788478989218_cubierta.jpg" />
	<meta property="og:image:width" content="357" />
	<meta property="og:image:height" content="611" />
	<meta property="og:image:type" content="image/jpeg" />
<meta name="twitter:card" content="summary_large_image" />
<meta name="twitter:label1" content="Tiempo de lectura" />
	<meta name="twitter:data1" content="2 minutos" />
<script type="application/ld+json" class="yoast-schema-graph">{"@context":"https:\/\/schema.org","@graph":[{"@type":"WebPage","@id":"https:\/\/edicionesalfar.es\/es\/producto\/hace-dias-que-llueve-mierda\/","url":"https:\/\/edicionesalfar.es\/es\/producto\/hace-dias-que-llueve-mierda\/","name":"Hace días que llueve mierda - Ediciones Alfar","isPartOf":{"@id":"https:\/\/edicionesalfar.es\/es\/#website"},"primaryImageOfPage":{"@id":"https:\/\/edicionesalfar.es\/es\/producto\/hace-dias-que-llueve-mierda\/#primaryimage"},"image":{"@id":"https:\/\/edicionesalfar.es\/es\/producto\/hace-dias-que-llueve-mierda\/#primaryimage"},"thumbnailUrl":"https:\/\/edicionesalfar.es\/es\/wp-content\/uploads\/2022\/01\/9788478989218_cubierta.jpg","datePublished":"2022-01-05T12:03:56+00:00","dateModified":"2022-07-21T08:12:43+00:00","breadcrumb":{"@id":"https:\/\/edicionesalfar.es\/es\/producto\/hace-dias-que-llueve-mierda\/#breadcrumb"},"inLanguage":"es","potentialAction":[{"@type":"ReadAction","target":["https:\/\/edicionesalfar.es\/es\/producto\/hace-dias-que-llueve-mierda\/"]}]},{"@type":"ImageObject","inLanguage":"es","@id":"https:\/\/edicionesalfar.es\/es\/producto\/hace-dias-que-llueve-mierda\/#primaryimage","url":"https:\/\/edicionesalfar.es\/es\/wp-content\/uploads\/2022\/01\/9788478989218_cubierta.jpg","contentUrl":"https:\/\/edicionesalfar.es\/es\/wp-content\/uploads\/2022\/01\/9788478989218_cubierta.jpg","width":357,"height":611},{"@type":"BreadcrumbList","@id":"https:\/\/edicionesalfar.es\/es\/producto\/hace-dias-que-llueve-mierda\/#breadcrumb","itemListElement":[{"@type":"ListItem","position":1,"name":"Portada","item":"https:\/\/edicionesalfar.es\/es\/"},{"@type":"ListItem","position":2,"name":"Catálogo","item":"https:\/\/edicionesalfar.es\/es\/catalogo\/"},{"@type":"ListItem","position":3,"name":"Hace días que llueve mierda"}]},{"@type":"WebSite","@id":"https:\/\/edicionesalfar.es\/es\/#website","url":"https:\/\/edicionesalfar.es\/es\/","name":"Ediciones Alfar","description":"","potentialAction":[{"@type":"SearchAction","target":{"@type":"EntryPoint","urlTemplate":"https:\/\/edicionesalfar.es\/es\/?s={search_term_string}"},"query-input":{"@type":"PropertyValueSpecification","valueRequired":true,"valueName":"search_term_string"}}],"inLanguage":"es"}]}</script>
<!-- / Yoast SEO plugin. -->

Hace días que llueve mierda - Ediciones Alfar

María Carmenza Díaz es una joven que acaba de perder el empleo, está a punto de terminar con su novio y se siente tan sola que el mundo entero pareciera que le girara en contra. Es más, es tan grave su situación, que hasta termina por creer que lo que nos llueve es mierda, literalmente. Pero -según ella- nadie se da por enterado.

Catálogo
