{"id":18456,"date":"2018-12-15T12:23:19","date_gmt":"2018-12-15T11:23:19","guid":{"rendered":"https:\/\/edicionesalfar.es\/es\/?post_type=product&#038;p=18456"},"modified":"2021-12-15T12:26:03","modified_gmt":"2021-12-15T11:26:03","slug":"garcia-lorca-en-los-dramas-del-pueblo","status":"publish","type":"product","link":"https:\/\/edicionesalfar.es\/es\/producto\/garcia-lorca-en-los-dramas-del-pueblo\/","title":{"rendered":"Garc\u00eda Lorca en los dramas del pueblo"},"content":{"rendered":"<p>En los or\u00edgenes de Bodas de sangre, Yerma y La casa de Bernarda Alba existen unos hechos sociales y unas vivencias que son las que se presentan aqu\u00ed como documentos de valiosa aportaci\u00f3n para entender a Garc\u00eda Lorca en los dramas del pueblo. Las tragedias del dramaturgo se convierten, como ep\u00edlogo anunciado, en su propia tragedia.<\/p>\n","protected":false},"excerpt":{"rendered":"<p>En los or\u00edgenes de Bodas de sangre, Yerma y La casa de Bernarda Alba existen unos hechos sociales y unas vivencias que son las que se presentan aqu\u00ed como documentos de valiosa aportaci\u00f3n para entender a Garc\u00eda Lorca en los dramas del pueblo. Las tragedias del dramaturgo se convierten, como ep\u00edlogo anunciado, en su propia tragedia.<\/p>\n","protected":false},"featured_media":18460,"comment_status":"closed","ping_status":"closed","template":"","meta":{"_acf_changed":false,"_et_pb_use_builder":"","_et_pb_old_content":"","_et_gb_content_width":""},"product_brand":[],"product_cat":[363],"product_tag":[],"class_list":{"0":"post-18456","1":"product","2":"type-product","3":"status-publish","4":"has-post-thumbnail","6":"product_cat-andalucia-documentos","8":"first","9":"instock","10":"taxable","11":"shipping-taxable","12":"purchasable","13":"product-type-simple"},"acf":[],"yoast_head":"<!-- This site is optimized with the Yoast SEO plugin v27.4 - https:\/\/yoast.com\/product\/yoast-seo-wordpress\/ -->\n<title>Garc\u00eda Lorca en los dramas del pueblo - Ediciones Alfar<\/title>\n<meta name=\"robots\" content=\"index, follow, max-snippet:-1, max-image-preview:large, max-video-preview:-1\" \/>\n<link rel=\"canonical\" href=\"https:\/\/edicionesalfar.es\/es\/producto\/garcia-lorca-en-los-dramas-del-pueblo\/\" \/>\n<meta property=\"og:locale\" content=\"es_ES\" \/>\n<meta property=\"og:type\" content=\"article\" \/>\n<meta property=\"og:title\" content=\"Garc\u00eda Lorca en los dramas del pueblo - Ediciones Alfar\" \/>\n<meta property=\"og:description\" content=\"En los or\u00edgenes de Bodas de sangre, Yerma y La casa de Bernarda Alba existen unos hechos sociales y unas vivencias que son las que se presentan aqu\u00ed como documentos de valiosa aportaci\u00f3n para entender a Garc\u00eda Lorca en los dramas del pueblo. Las tragedias del dramaturgo se convierten, como ep\u00edlogo anunciado, en su propia tragedia.\" \/>\n<meta property=\"og:url\" content=\"https:\/\/edicionesalfar.es\/es\/producto\/garcia-lorca-en-los-dramas-del-pueblo\/\" \/>\n<meta property=\"og:site_name\" content=\"Ediciones Alfar\" \/>\n<meta property=\"article:modified_time\" content=\"2021-12-15T11:26:03+00:00\" \/>\n<meta property=\"og:image\" content=\"https:\/\/edicionesalfar.es\/es\/wp-content\/uploads\/2021\/12\/9788488067166_04_h.jpg\" \/>\n\t<meta property=\"og:image:width\" content=\"364\" \/>\n\t<meta property=\"og:image:height\" content=\"614\" \/>\n\t<meta property=\"og:image:type\" content=\"image\/jpeg\" \/>\n<meta name=\"twitter:card\" content=\"summary_large_image\" \/>\n<meta name=\"twitter:label1\" content=\"Tiempo de lectura\" \/>\n\t<meta name=\"twitter:data1\" content=\"1 minuto\" \/>\n<script type=\"application\/ld+json\" class=\"yoast-schema-graph\">{\"@context\":\"https:\\\/\\\/schema.org\",\"@graph\":[{\"@type\":\"WebPage\",\"@id\":\"https:\\\/\\\/edicionesalfar.es\\\/es\\\/producto\\\/garcia-lorca-en-los-dramas-del-pueblo\\\/\",\"url\":\"https:\\\/\\\/edicionesalfar.es\\\/es\\\/producto\\\/garcia-lorca-en-los-dramas-del-pueblo\\\/\",\"name\":\"Garc\u00eda Lorca en los dramas del pueblo - Ediciones Alfar\",\"isPartOf\":{\"@id\":\"https:\\\/\\\/edicionesalfar.es\\\/es\\\/#website\"},\"primaryImageOfPage\":{\"@id\":\"https:\\\/\\\/edicionesalfar.es\\\/es\\\/producto\\\/garcia-lorca-en-los-dramas-del-pueblo\\\/#primaryimage\"},\"image\":{\"@id\":\"https:\\\/\\\/edicionesalfar.es\\\/es\\\/producto\\\/garcia-lorca-en-los-dramas-del-pueblo\\\/#primaryimage\"},\"thumbnailUrl\":\"https:\\\/\\\/edicionesalfar.es\\\/es\\\/wp-content\\\/uploads\\\/2021\\\/12\\\/9788488067166_04_h.jpg\",\"datePublished\":\"2018-12-15T11:23:19+00:00\",\"dateModified\":\"2021-12-15T11:26:03+00:00\",\"breadcrumb\":{\"@id\":\"https:\\\/\\\/edicionesalfar.es\\\/es\\\/producto\\\/garcia-lorca-en-los-dramas-del-pueblo\\\/#breadcrumb\"},\"inLanguage\":\"es\",\"potentialAction\":[{\"@type\":\"ReadAction\",\"target\":[\"https:\\\/\\\/edicionesalfar.es\\\/es\\\/producto\\\/garcia-lorca-en-los-dramas-del-pueblo\\\/\"]}]},{\"@type\":\"ImageObject\",\"inLanguage\":\"es\",\"@id\":\"https:\\\/\\\/edicionesalfar.es\\\/es\\\/producto\\\/garcia-lorca-en-los-dramas-del-pueblo\\\/#primaryimage\",\"url\":\"https:\\\/\\\/edicionesalfar.es\\\/es\\\/wp-content\\\/uploads\\\/2021\\\/12\\\/9788488067166_04_h.jpg\",\"contentUrl\":\"https:\\\/\\\/edicionesalfar.es\\\/es\\\/wp-content\\\/uploads\\\/2021\\\/12\\\/9788488067166_04_h.jpg\",\"width\":364,\"height\":614},{\"@type\":\"BreadcrumbList\",\"@id\":\"https:\\\/\\\/edicionesalfar.es\\\/es\\\/producto\\\/garcia-lorca-en-los-dramas-del-pueblo\\\/#breadcrumb\",\"itemListElement\":[{\"@type\":\"ListItem\",\"position\":1,\"name\":\"Portada\",\"item\":\"https:\\\/\\\/edicionesalfar.es\\\/es\\\/\"},{\"@type\":\"ListItem\",\"position\":2,\"name\":\"Cat\u00e1logo\",\"item\":\"https:\\\/\\\/edicionesalfar.es\\\/es\\\/catalogo\\\/\"},{\"@type\":\"ListItem\",\"position\":3,\"name\":\"Garc\u00eda Lorca en los dramas del pueblo\"}]},{\"@type\":\"WebSite\",\"@id\":\"https:\\\/\\\/edicionesalfar.es\\\/es\\\/#website\",\"url\":\"https:\\\/\\\/edicionesalfar.es\\\/es\\\/\",\"name\":\"Ediciones Alfar\",\"description\":\"\",\"potentialAction\":[{\"@type\":\"SearchAction\",\"target\":{\"@type\":\"EntryPoint\",\"urlTemplate\":\"https:\\\/\\\/edicionesalfar.es\\\/es\\\/?s={search_term_string}\"},\"query-input\":{\"@type\":\"PropertyValueSpecification\",\"valueRequired\":true,\"valueName\":\"search_term_string\"}}],\"inLanguage\":\"es\"}]}<\/script>\n<!-- \/ Yoast SEO plugin. -->","yoast_head_json":{"title":"Garc\u00eda Lorca en los dramas del pueblo - Ediciones Alfar","robots":{"index":"index","follow":"follow","max-snippet":"max-snippet:-1","max-image-preview":"max-image-preview:large","max-video-preview":"max-video-preview:-1"},"canonical":"https:\/\/edicionesalfar.es\/es\/producto\/garcia-lorca-en-los-dramas-del-pueblo\/","og_locale":"es_ES","og_type":"article","og_title":"Garc\u00eda Lorca en los dramas del pueblo - Ediciones Alfar","og_description":"En los or\u00edgenes de Bodas de sangre, Yerma y La casa de Bernarda Alba existen unos hechos sociales y unas vivencias que son las que se presentan aqu\u00ed como documentos de valiosa aportaci\u00f3n para entender a Garc\u00eda Lorca en los dramas del pueblo. Las tragedias del dramaturgo se convierten, como ep\u00edlogo anunciado, en su propia tragedia.","og_url":"https:\/\/edicionesalfar.es\/es\/producto\/garcia-lorca-en-los-dramas-del-pueblo\/","og_site_name":"Ediciones Alfar","article_modified_time":"2021-12-15T11:26:03+00:00","og_image":[{"width":364,"height":614,"url":"https:\/\/edicionesalfar.es\/es\/wp-content\/uploads\/2021\/12\/9788488067166_04_h.jpg","type":"image\/jpeg"}],"twitter_card":"summary_large_image","twitter_misc":{"Tiempo de lectura":"1 minuto"},"schema":{"@context":"https:\/\/schema.org","@graph":[{"@type":"WebPage","@id":"https:\/\/edicionesalfar.es\/es\/producto\/garcia-lorca-en-los-dramas-del-pueblo\/","url":"https:\/\/edicionesalfar.es\/es\/producto\/garcia-lorca-en-los-dramas-del-pueblo\/","name":"Garc\u00eda Lorca en los dramas del pueblo - Ediciones Alfar","isPartOf":{"@id":"https:\/\/edicionesalfar.es\/es\/#website"},"primaryImageOfPage":{"@id":"https:\/\/edicionesalfar.es\/es\/producto\/garcia-lorca-en-los-dramas-del-pueblo\/#primaryimage"},"image":{"@id":"https:\/\/edicionesalfar.es\/es\/producto\/garcia-lorca-en-los-dramas-del-pueblo\/#primaryimage"},"thumbnailUrl":"https:\/\/edicionesalfar.es\/es\/wp-content\/uploads\/2021\/12\/9788488067166_04_h.jpg","datePublished":"2018-12-15T11:23:19+00:00","dateModified":"2021-12-15T11:26:03+00:00","breadcrumb":{"@id":"https:\/\/edicionesalfar.es\/es\/producto\/garcia-lorca-en-los-dramas-del-pueblo\/#breadcrumb"},"inLanguage":"es","potentialAction":[{"@type":"ReadAction","target":["https:\/\/edicionesalfar.es\/es\/producto\/garcia-lorca-en-los-dramas-del-pueblo\/"]}]},{"@type":"ImageObject","inLanguage":"es","@id":"https:\/\/edicionesalfar.es\/es\/producto\/garcia-lorca-en-los-dramas-del-pueblo\/#primaryimage","url":"https:\/\/edicionesalfar.es\/es\/wp-content\/uploads\/2021\/12\/9788488067166_04_h.jpg","contentUrl":"https:\/\/edicionesalfar.es\/es\/wp-content\/uploads\/2021\/12\/9788488067166_04_h.jpg","width":364,"height":614},{"@type":"BreadcrumbList","@id":"https:\/\/edicionesalfar.es\/es\/producto\/garcia-lorca-en-los-dramas-del-pueblo\/#breadcrumb","itemListElement":[{"@type":"ListItem","position":1,"name":"Portada","item":"https:\/\/edicionesalfar.es\/es\/"},{"@type":"ListItem","position":2,"name":"Cat\u00e1logo","item":"https:\/\/edicionesalfar.es\/es\/catalogo\/"},{"@type":"ListItem","position":3,"name":"Garc\u00eda Lorca en los dramas del pueblo"}]},{"@type":"WebSite","@id":"https:\/\/edicionesalfar.es\/es\/#website","url":"https:\/\/edicionesalfar.es\/es\/","name":"Ediciones Alfar","description":"","potentialAction":[{"@type":"SearchAction","target":{"@type":"EntryPoint","urlTemplate":"https:\/\/edicionesalfar.es\/es\/?s={search_term_string}"},"query-input":{"@type":"PropertyValueSpecification","valueRequired":true,"valueName":"search_term_string"}}],"inLanguage":"es"}]}},"_links":{"self":[{"href":"https:\/\/edicionesalfar.es\/es\/wp-json\/wp\/v2\/product\/18456","targetHints":{"allow":["GET"]}}],"collection":[{"href":"https:\/\/edicionesalfar.es\/es\/wp-json\/wp\/v2\/product"}],"about":[{"href":"https:\/\/edicionesalfar.es\/es\/wp-json\/wp\/v2\/types\/product"}],"replies":[{"embeddable":true,"href":"https:\/\/edicionesalfar.es\/es\/wp-json\/wp\/v2\/comments?post=18456"}],"wp:featuredmedia":[{"embeddable":true,"href":"https:\/\/edicionesalfar.es\/es\/wp-json\/wp\/v2\/media\/18460"}],"wp:attachment":[{"href":"https:\/\/edicionesalfar.es\/es\/wp-json\/wp\/v2\/media?parent=18456"}],"wp:term":[{"taxonomy":"product_brand","embeddable":true,"href":"https:\/\/edicionesalfar.es\/es\/wp-json\/wp\/v2\/product_brand?post=18456"},{"taxonomy":"product_cat","embeddable":true,"href":"https:\/\/edicionesalfar.es\/es\/wp-json\/wp\/v2\/product_cat?post=18456"},{"taxonomy":"product_tag","embeddable":true,"href":"https:\/\/edicionesalfar.es\/es\/wp-json\/wp\/v2\/product_tag?post=18456"}],"curies":[{"name":"wp","href":"https:\/\/api.w.org\/{rel}","templated":true}]}}

García Lorca en los dramas del pueblo

<p>En los orígenes de Bodas de sangre, Yerma y La casa de Bernarda Alba existen unos hechos sociales y unas vivencias que son las que se presentan aquí como documentos de valiosa aportación para entender a García Lorca en los dramas del pueblo. Las tragedias del dramaturgo se convierten, como epílogo anunciado, en su propia tragedia.</p>

<!-- This site is optimized with the Yoast SEO plugin v27.4 - https://yoast.com/product/yoast-seo-wordpress/ -->
<title>García Lorca en los dramas del pueblo - Ediciones Alfar</title>
<meta name="robots" content="index, follow, max-snippet:-1, max-image-preview:large, max-video-preview:-1" />
<link rel="canonical" href="https://edicionesalfar.es/es/producto/garcia-lorca-en-los-dramas-del-pueblo/" />
<meta property="og:locale" content="es_ES" />
<meta property="og:type" content="article" />
<meta property="og:title" content="García Lorca en los dramas del pueblo - Ediciones Alfar" />
<meta property="og:description" content="En los orígenes de Bodas de sangre, Yerma y La casa de Bernarda Alba existen unos hechos sociales y unas vivencias que son las que se presentan aquí como documentos de valiosa aportación para entender a García Lorca en los dramas del pueblo. Las tragedias del dramaturgo se convierten, como epílogo anunciado, en su propia tragedia." />
<meta property="og:url" content="https://edicionesalfar.es/es/producto/garcia-lorca-en-los-dramas-del-pueblo/" />
<meta property="og:site_name" content="Ediciones Alfar" />
<meta property="article:modified_time" content="2021-12-15T11:26:03+00:00" />
<meta property="og:image" content="https://edicionesalfar.es/es/wp-content/uploads/2021/12/9788488067166_04_h.jpg" />
	<meta property="og:image:width" content="364" />
	<meta property="og:image:height" content="614" />
	<meta property="og:image:type" content="image/jpeg" />
<meta name="twitter:card" content="summary_large_image" />
<meta name="twitter:label1" content="Tiempo de lectura" />
	<meta name="twitter:data1" content="1 minuto" />
<script type="application/ld+json" class="yoast-schema-graph">{"@context":"https:\/\/schema.org","@graph":[{"@type":"WebPage","@id":"https:\/\/edicionesalfar.es\/es\/producto\/garcia-lorca-en-los-dramas-del-pueblo\/","url":"https:\/\/edicionesalfar.es\/es\/producto\/garcia-lorca-en-los-dramas-del-pueblo\/","name":"García Lorca en los dramas del pueblo - Ediciones Alfar","isPartOf":{"@id":"https:\/\/edicionesalfar.es\/es\/#website"},"primaryImageOfPage":{"@id":"https:\/\/edicionesalfar.es\/es\/producto\/garcia-lorca-en-los-dramas-del-pueblo\/#primaryimage"},"image":{"@id":"https:\/\/edicionesalfar.es\/es\/producto\/garcia-lorca-en-los-dramas-del-pueblo\/#primaryimage"},"thumbnailUrl":"https:\/\/edicionesalfar.es\/es\/wp-content\/uploads\/2021\/12\/9788488067166_04_h.jpg","datePublished":"2018-12-15T11:23:19+00:00","dateModified":"2021-12-15T11:26:03+00:00","breadcrumb":{"@id":"https:\/\/edicionesalfar.es\/es\/producto\/garcia-lorca-en-los-dramas-del-pueblo\/#breadcrumb"},"inLanguage":"es","potentialAction":[{"@type":"ReadAction","target":["https:\/\/edicionesalfar.es\/es\/producto\/garcia-lorca-en-los-dramas-del-pueblo\/"]}]},{"@type":"ImageObject","inLanguage":"es","@id":"https:\/\/edicionesalfar.es\/es\/producto\/garcia-lorca-en-los-dramas-del-pueblo\/#primaryimage","url":"https:\/\/edicionesalfar.es\/es\/wp-content\/uploads\/2021\/12\/9788488067166_04_h.jpg","contentUrl":"https:\/\/edicionesalfar.es\/es\/wp-content\/uploads\/2021\/12\/9788488067166_04_h.jpg","width":364,"height":614},{"@type":"BreadcrumbList","@id":"https:\/\/edicionesalfar.es\/es\/producto\/garcia-lorca-en-los-dramas-del-pueblo\/#breadcrumb","itemListElement":[{"@type":"ListItem","position":1,"name":"Portada","item":"https:\/\/edicionesalfar.es\/es\/"},{"@type":"ListItem","position":2,"name":"Catálogo","item":"https:\/\/edicionesalfar.es\/es\/catalogo\/"},{"@type":"ListItem","position":3,"name":"García Lorca en los dramas del pueblo"}]},{"@type":"WebSite","@id":"https:\/\/edicionesalfar.es\/es\/#website","url":"https:\/\/edicionesalfar.es\/es\/","name":"Ediciones Alfar","description":"","potentialAction":[{"@type":"SearchAction","target":{"@type":"EntryPoint","urlTemplate":"https:\/\/edicionesalfar.es\/es\/?s={search_term_string}"},"query-input":{"@type":"PropertyValueSpecification","valueRequired":true,"valueName":"search_term_string"}}],"inLanguage":"es"}]}</script>
<!-- / Yoast SEO plugin. -->

García Lorca en los dramas del pueblo - Ediciones Alfar

En los orígenes de Bodas de sangre, Yerma y La casa de Bernarda Alba existen unos hechos sociales y unas vivencias que son las que se presentan aquí como documentos de valiosa aportación para entender a García Lorca en los dramas del pueblo. Las tragedias del dramaturgo se convierten, como epílogo anunciado, en su propia tragedia.

Catálogo
