{"id":18111,"date":"2018-12-03T12:44:19","date_gmt":"2018-12-03T11:44:19","guid":{"rendered":"https:\/\/edicionesalfar.es\/es\/?post_type=product&#038;p=18111"},"modified":"2025-09-16T13:22:22","modified_gmt":"2025-09-16T11:22:22","slug":"el-caballo-espanol-un-retrato-a-traves-de-la-historia","status":"publish","type":"product","link":"https:\/\/edicionesalfar.es\/es\/producto\/el-caballo-espanol-un-retrato-a-traves-de-la-historia\/","title":{"rendered":"El caballo espa\u00f1ol. Un retrato a trav\u00e9s de la historia"},"content":{"rendered":"<p><span style=\"color: #000000;\">En un mismo volumen <\/span><span style=\"color: #000000;\">presentamos una antolog\u00eda de las im\u00e1genes de Vavra <\/span><span style=\"color: #000000;\">representando exclusivamente al caballo espa\u00f1ol, una <\/span><span style=\"color: #000000;\">colecci\u00f3n <\/span><span style=\"color: #000000;\">que ha sido creada durante los \u00faltimos quince <\/span><span style=\"color: #000000;\">a\u00f1os. Junto con las descripciones de Robert Vavra, este libro <\/span><span style=\"color: #000000;\">contiene una historia del caballo ib\u00e9rico <\/span><span style=\"color: #000000;\">redactada por Marilyn Tennent.<\/span><\/p>\n","protected":false},"excerpt":{"rendered":"<p><span style=\"color: #000000;\">En un mismo volumen presentamos una antolog\u00eda de las im\u00e1genes de Vavra representando exclusivamente al caballo espa\u00f1ol, una colecci\u00f3n que ha sido creada durante los \u00faltimos quince a\u00f1os. Junto con las descripciones de Robert Vavra, este libro contiene una historia del caballo ib\u00e9rico redactada por Marilyn Tennent.<\/span><\/p>\n","protected":false},"featured_media":18113,"comment_status":"closed","ping_status":"closed","template":"","meta":{"_acf_changed":false,"_et_pb_use_builder":"","_et_pb_old_content":"","_et_gb_content_width":""},"product_brand":[],"product_cat":[361],"product_tag":[],"class_list":{"0":"post-18111","1":"product","2":"type-product","3":"status-publish","4":"has-post-thumbnail","6":"product_cat-ciencia-mundianimal-ecologia-medioambiente","8":"first","9":"instock","10":"taxable","11":"shipping-taxable","12":"purchasable","13":"product-type-simple"},"acf":[],"yoast_head":"<!-- This site is optimized with the Yoast SEO plugin v27.4 - https:\/\/yoast.com\/product\/yoast-seo-wordpress\/ -->\n<title>El caballo espa\u00f1ol. Un retrato a trav\u00e9s de la historia - Ediciones Alfar<\/title>\n<meta name=\"robots\" content=\"index, follow, max-snippet:-1, max-image-preview:large, max-video-preview:-1\" \/>\n<link rel=\"canonical\" href=\"https:\/\/edicionesalfar.es\/es\/producto\/el-caballo-espanol-un-retrato-a-traves-de-la-historia\/\" \/>\n<meta property=\"og:locale\" content=\"es_ES\" \/>\n<meta property=\"og:type\" content=\"article\" \/>\n<meta property=\"og:title\" content=\"El caballo espa\u00f1ol. Un retrato a trav\u00e9s de la historia - Ediciones Alfar\" \/>\n<meta property=\"og:description\" content=\"En un mismo volumen presentamos una antolog\u00eda de las im\u00e1genes de Vavra representando exclusivamente al caballo espa\u00f1ol, una colecci\u00f3n que ha sido creada durante los \u00faltimos quince a\u00f1os. Junto con las descripciones de Robert Vavra, este libro contiene una historia del caballo ib\u00e9rico redactada por Marilyn Tennent.\" \/>\n<meta property=\"og:url\" content=\"https:\/\/edicionesalfar.es\/es\/producto\/el-caballo-espanol-un-retrato-a-traves-de-la-historia\/\" \/>\n<meta property=\"og:site_name\" content=\"Ediciones Alfar\" \/>\n<meta property=\"article:modified_time\" content=\"2025-09-16T11:22:22+00:00\" \/>\n<meta property=\"og:image\" content=\"https:\/\/edicionesalfar.es\/es\/wp-content\/uploads\/2021\/12\/9788488067357-es.jpg\" \/>\n\t<meta property=\"og:image:width\" content=\"427\" \/>\n\t<meta property=\"og:image:height\" content=\"500\" \/>\n\t<meta property=\"og:image:type\" content=\"image\/jpeg\" \/>\n<meta name=\"twitter:card\" content=\"summary_large_image\" \/>\n<meta name=\"twitter:label1\" content=\"Tiempo de lectura\" \/>\n\t<meta name=\"twitter:data1\" content=\"1 minuto\" \/>\n<script type=\"application\/ld+json\" class=\"yoast-schema-graph\">{\"@context\":\"https:\\\/\\\/schema.org\",\"@graph\":[{\"@type\":\"WebPage\",\"@id\":\"https:\\\/\\\/edicionesalfar.es\\\/es\\\/producto\\\/el-caballo-espanol-un-retrato-a-traves-de-la-historia\\\/\",\"url\":\"https:\\\/\\\/edicionesalfar.es\\\/es\\\/producto\\\/el-caballo-espanol-un-retrato-a-traves-de-la-historia\\\/\",\"name\":\"El caballo espa\u00f1ol. Un retrato a trav\u00e9s de la historia - Ediciones Alfar\",\"isPartOf\":{\"@id\":\"https:\\\/\\\/edicionesalfar.es\\\/es\\\/#website\"},\"primaryImageOfPage\":{\"@id\":\"https:\\\/\\\/edicionesalfar.es\\\/es\\\/producto\\\/el-caballo-espanol-un-retrato-a-traves-de-la-historia\\\/#primaryimage\"},\"image\":{\"@id\":\"https:\\\/\\\/edicionesalfar.es\\\/es\\\/producto\\\/el-caballo-espanol-un-retrato-a-traves-de-la-historia\\\/#primaryimage\"},\"thumbnailUrl\":\"https:\\\/\\\/edicionesalfar.es\\\/es\\\/wp-content\\\/uploads\\\/2021\\\/12\\\/9788488067357-es.jpg\",\"datePublished\":\"2018-12-03T11:44:19+00:00\",\"dateModified\":\"2025-09-16T11:22:22+00:00\",\"breadcrumb\":{\"@id\":\"https:\\\/\\\/edicionesalfar.es\\\/es\\\/producto\\\/el-caballo-espanol-un-retrato-a-traves-de-la-historia\\\/#breadcrumb\"},\"inLanguage\":\"es\",\"potentialAction\":[{\"@type\":\"ReadAction\",\"target\":[\"https:\\\/\\\/edicionesalfar.es\\\/es\\\/producto\\\/el-caballo-espanol-un-retrato-a-traves-de-la-historia\\\/\"]}]},{\"@type\":\"ImageObject\",\"inLanguage\":\"es\",\"@id\":\"https:\\\/\\\/edicionesalfar.es\\\/es\\\/producto\\\/el-caballo-espanol-un-retrato-a-traves-de-la-historia\\\/#primaryimage\",\"url\":\"https:\\\/\\\/edicionesalfar.es\\\/es\\\/wp-content\\\/uploads\\\/2021\\\/12\\\/9788488067357-es.jpg\",\"contentUrl\":\"https:\\\/\\\/edicionesalfar.es\\\/es\\\/wp-content\\\/uploads\\\/2021\\\/12\\\/9788488067357-es.jpg\",\"width\":427,\"height\":500},{\"@type\":\"BreadcrumbList\",\"@id\":\"https:\\\/\\\/edicionesalfar.es\\\/es\\\/producto\\\/el-caballo-espanol-un-retrato-a-traves-de-la-historia\\\/#breadcrumb\",\"itemListElement\":[{\"@type\":\"ListItem\",\"position\":1,\"name\":\"Portada\",\"item\":\"https:\\\/\\\/edicionesalfar.es\\\/es\\\/\"},{\"@type\":\"ListItem\",\"position\":2,\"name\":\"Cat\u00e1logo\",\"item\":\"https:\\\/\\\/edicionesalfar.es\\\/es\\\/catalogo\\\/\"},{\"@type\":\"ListItem\",\"position\":3,\"name\":\"El caballo espa\u00f1ol. Un retrato a trav\u00e9s de la historia\"}]},{\"@type\":\"WebSite\",\"@id\":\"https:\\\/\\\/edicionesalfar.es\\\/es\\\/#website\",\"url\":\"https:\\\/\\\/edicionesalfar.es\\\/es\\\/\",\"name\":\"Ediciones Alfar\",\"description\":\"\",\"potentialAction\":[{\"@type\":\"SearchAction\",\"target\":{\"@type\":\"EntryPoint\",\"urlTemplate\":\"https:\\\/\\\/edicionesalfar.es\\\/es\\\/?s={search_term_string}\"},\"query-input\":{\"@type\":\"PropertyValueSpecification\",\"valueRequired\":true,\"valueName\":\"search_term_string\"}}],\"inLanguage\":\"es\"}]}<\/script>\n<!-- \/ Yoast SEO plugin. -->","yoast_head_json":{"title":"El caballo espa\u00f1ol. Un retrato a trav\u00e9s de la historia - Ediciones Alfar","robots":{"index":"index","follow":"follow","max-snippet":"max-snippet:-1","max-image-preview":"max-image-preview:large","max-video-preview":"max-video-preview:-1"},"canonical":"https:\/\/edicionesalfar.es\/es\/producto\/el-caballo-espanol-un-retrato-a-traves-de-la-historia\/","og_locale":"es_ES","og_type":"article","og_title":"El caballo espa\u00f1ol. Un retrato a trav\u00e9s de la historia - Ediciones Alfar","og_description":"En un mismo volumen presentamos una antolog\u00eda de las im\u00e1genes de Vavra representando exclusivamente al caballo espa\u00f1ol, una colecci\u00f3n que ha sido creada durante los \u00faltimos quince a\u00f1os. Junto con las descripciones de Robert Vavra, este libro contiene una historia del caballo ib\u00e9rico redactada por Marilyn Tennent.","og_url":"https:\/\/edicionesalfar.es\/es\/producto\/el-caballo-espanol-un-retrato-a-traves-de-la-historia\/","og_site_name":"Ediciones Alfar","article_modified_time":"2025-09-16T11:22:22+00:00","og_image":[{"width":427,"height":500,"url":"https:\/\/edicionesalfar.es\/es\/wp-content\/uploads\/2021\/12\/9788488067357-es.jpg","type":"image\/jpeg"}],"twitter_card":"summary_large_image","twitter_misc":{"Tiempo de lectura":"1 minuto"},"schema":{"@context":"https:\/\/schema.org","@graph":[{"@type":"WebPage","@id":"https:\/\/edicionesalfar.es\/es\/producto\/el-caballo-espanol-un-retrato-a-traves-de-la-historia\/","url":"https:\/\/edicionesalfar.es\/es\/producto\/el-caballo-espanol-un-retrato-a-traves-de-la-historia\/","name":"El caballo espa\u00f1ol. Un retrato a trav\u00e9s de la historia - Ediciones Alfar","isPartOf":{"@id":"https:\/\/edicionesalfar.es\/es\/#website"},"primaryImageOfPage":{"@id":"https:\/\/edicionesalfar.es\/es\/producto\/el-caballo-espanol-un-retrato-a-traves-de-la-historia\/#primaryimage"},"image":{"@id":"https:\/\/edicionesalfar.es\/es\/producto\/el-caballo-espanol-un-retrato-a-traves-de-la-historia\/#primaryimage"},"thumbnailUrl":"https:\/\/edicionesalfar.es\/es\/wp-content\/uploads\/2021\/12\/9788488067357-es.jpg","datePublished":"2018-12-03T11:44:19+00:00","dateModified":"2025-09-16T11:22:22+00:00","breadcrumb":{"@id":"https:\/\/edicionesalfar.es\/es\/producto\/el-caballo-espanol-un-retrato-a-traves-de-la-historia\/#breadcrumb"},"inLanguage":"es","potentialAction":[{"@type":"ReadAction","target":["https:\/\/edicionesalfar.es\/es\/producto\/el-caballo-espanol-un-retrato-a-traves-de-la-historia\/"]}]},{"@type":"ImageObject","inLanguage":"es","@id":"https:\/\/edicionesalfar.es\/es\/producto\/el-caballo-espanol-un-retrato-a-traves-de-la-historia\/#primaryimage","url":"https:\/\/edicionesalfar.es\/es\/wp-content\/uploads\/2021\/12\/9788488067357-es.jpg","contentUrl":"https:\/\/edicionesalfar.es\/es\/wp-content\/uploads\/2021\/12\/9788488067357-es.jpg","width":427,"height":500},{"@type":"BreadcrumbList","@id":"https:\/\/edicionesalfar.es\/es\/producto\/el-caballo-espanol-un-retrato-a-traves-de-la-historia\/#breadcrumb","itemListElement":[{"@type":"ListItem","position":1,"name":"Portada","item":"https:\/\/edicionesalfar.es\/es\/"},{"@type":"ListItem","position":2,"name":"Cat\u00e1logo","item":"https:\/\/edicionesalfar.es\/es\/catalogo\/"},{"@type":"ListItem","position":3,"name":"El caballo espa\u00f1ol. Un retrato a trav\u00e9s de la historia"}]},{"@type":"WebSite","@id":"https:\/\/edicionesalfar.es\/es\/#website","url":"https:\/\/edicionesalfar.es\/es\/","name":"Ediciones Alfar","description":"","potentialAction":[{"@type":"SearchAction","target":{"@type":"EntryPoint","urlTemplate":"https:\/\/edicionesalfar.es\/es\/?s={search_term_string}"},"query-input":{"@type":"PropertyValueSpecification","valueRequired":true,"valueName":"search_term_string"}}],"inLanguage":"es"}]}},"_links":{"self":[{"href":"https:\/\/edicionesalfar.es\/es\/wp-json\/wp\/v2\/product\/18111","targetHints":{"allow":["GET"]}}],"collection":[{"href":"https:\/\/edicionesalfar.es\/es\/wp-json\/wp\/v2\/product"}],"about":[{"href":"https:\/\/edicionesalfar.es\/es\/wp-json\/wp\/v2\/types\/product"}],"replies":[{"embeddable":true,"href":"https:\/\/edicionesalfar.es\/es\/wp-json\/wp\/v2\/comments?post=18111"}],"wp:featuredmedia":[{"embeddable":true,"href":"https:\/\/edicionesalfar.es\/es\/wp-json\/wp\/v2\/media\/18113"}],"wp:attachment":[{"href":"https:\/\/edicionesalfar.es\/es\/wp-json\/wp\/v2\/media?parent=18111"}],"wp:term":[{"taxonomy":"product_brand","embeddable":true,"href":"https:\/\/edicionesalfar.es\/es\/wp-json\/wp\/v2\/product_brand?post=18111"},{"taxonomy":"product_cat","embeddable":true,"href":"https:\/\/edicionesalfar.es\/es\/wp-json\/wp\/v2\/product_cat?post=18111"},{"taxonomy":"product_tag","embeddable":true,"href":"https:\/\/edicionesalfar.es\/es\/wp-json\/wp\/v2\/product_tag?post=18111"}],"curies":[{"name":"wp","href":"https:\/\/api.w.org\/{rel}","templated":true}]}}

El caballo español. Un retrato a través de la historia

<p><span style="color: #000000;">En un mismo volumen </span><span style="color: #000000;">presentamos una antología de las imágenes de Vavra </span><span style="color: #000000;">representando exclusivamente al caballo español, una </span><span style="color: #000000;">colección </span><span style="color: #000000;">que ha sido creada durante los últimos quince </span><span style="color: #000000;">años. Junto con las descripciones de Robert Vavra, este libro </span><span style="color: #000000;">contiene una historia del caballo ibérico </span><span style="color: #000000;">redactada por Marilyn Tennent.</span></p>

<p><span style="color: #000000;">En un mismo volumen presentamos una antología de las imágenes de Vavra representando exclusivamente al caballo español, una colección que ha sido creada durante los últimos quince años. Junto con las descripciones de Robert Vavra, este libro contiene una historia del caballo ibérico redactada por Marilyn Tennent.</span></p>

<!-- This site is optimized with the Yoast SEO plugin v27.4 - https://yoast.com/product/yoast-seo-wordpress/ -->
<title>El caballo español. Un retrato a través de la historia - Ediciones Alfar</title>
<meta name="robots" content="index, follow, max-snippet:-1, max-image-preview:large, max-video-preview:-1" />
<link rel="canonical" href="https://edicionesalfar.es/es/producto/el-caballo-espanol-un-retrato-a-traves-de-la-historia/" />
<meta property="og:locale" content="es_ES" />
<meta property="og:type" content="article" />
<meta property="og:title" content="El caballo español. Un retrato a través de la historia - Ediciones Alfar" />
<meta property="og:description" content="En un mismo volumen presentamos una antología de las imágenes de Vavra representando exclusivamente al caballo español, una colección que ha sido creada durante los últimos quince años. Junto con las descripciones de Robert Vavra, este libro contiene una historia del caballo ibérico redactada por Marilyn Tennent." />
<meta property="og:url" content="https://edicionesalfar.es/es/producto/el-caballo-espanol-un-retrato-a-traves-de-la-historia/" />
<meta property="og:site_name" content="Ediciones Alfar" />
<meta property="article:modified_time" content="2025-09-16T11:22:22+00:00" />
<meta property="og:image" content="https://edicionesalfar.es/es/wp-content/uploads/2021/12/9788488067357-es.jpg" />
	<meta property="og:image:width" content="427" />
	<meta property="og:image:height" content="500" />
	<meta property="og:image:type" content="image/jpeg" />
<meta name="twitter:card" content="summary_large_image" />
<meta name="twitter:label1" content="Tiempo de lectura" />
	<meta name="twitter:data1" content="1 minuto" />
<script type="application/ld+json" class="yoast-schema-graph">{"@context":"https:\/\/schema.org","@graph":[{"@type":"WebPage","@id":"https:\/\/edicionesalfar.es\/es\/producto\/el-caballo-espanol-un-retrato-a-traves-de-la-historia\/","url":"https:\/\/edicionesalfar.es\/es\/producto\/el-caballo-espanol-un-retrato-a-traves-de-la-historia\/","name":"El caballo español. Un retrato a través de la historia - Ediciones Alfar","isPartOf":{"@id":"https:\/\/edicionesalfar.es\/es\/#website"},"primaryImageOfPage":{"@id":"https:\/\/edicionesalfar.es\/es\/producto\/el-caballo-espanol-un-retrato-a-traves-de-la-historia\/#primaryimage"},"image":{"@id":"https:\/\/edicionesalfar.es\/es\/producto\/el-caballo-espanol-un-retrato-a-traves-de-la-historia\/#primaryimage"},"thumbnailUrl":"https:\/\/edicionesalfar.es\/es\/wp-content\/uploads\/2021\/12\/9788488067357-es.jpg","datePublished":"2018-12-03T11:44:19+00:00","dateModified":"2025-09-16T11:22:22+00:00","breadcrumb":{"@id":"https:\/\/edicionesalfar.es\/es\/producto\/el-caballo-espanol-un-retrato-a-traves-de-la-historia\/#breadcrumb"},"inLanguage":"es","potentialAction":[{"@type":"ReadAction","target":["https:\/\/edicionesalfar.es\/es\/producto\/el-caballo-espanol-un-retrato-a-traves-de-la-historia\/"]}]},{"@type":"ImageObject","inLanguage":"es","@id":"https:\/\/edicionesalfar.es\/es\/producto\/el-caballo-espanol-un-retrato-a-traves-de-la-historia\/#primaryimage","url":"https:\/\/edicionesalfar.es\/es\/wp-content\/uploads\/2021\/12\/9788488067357-es.jpg","contentUrl":"https:\/\/edicionesalfar.es\/es\/wp-content\/uploads\/2021\/12\/9788488067357-es.jpg","width":427,"height":500},{"@type":"BreadcrumbList","@id":"https:\/\/edicionesalfar.es\/es\/producto\/el-caballo-espanol-un-retrato-a-traves-de-la-historia\/#breadcrumb","itemListElement":[{"@type":"ListItem","position":1,"name":"Portada","item":"https:\/\/edicionesalfar.es\/es\/"},{"@type":"ListItem","position":2,"name":"Catálogo","item":"https:\/\/edicionesalfar.es\/es\/catalogo\/"},{"@type":"ListItem","position":3,"name":"El caballo español. Un retrato a través de la historia"}]},{"@type":"WebSite","@id":"https:\/\/edicionesalfar.es\/es\/#website","url":"https:\/\/edicionesalfar.es\/es\/","name":"Ediciones Alfar","description":"","potentialAction":[{"@type":"SearchAction","target":{"@type":"EntryPoint","urlTemplate":"https:\/\/edicionesalfar.es\/es\/?s={search_term_string}"},"query-input":{"@type":"PropertyValueSpecification","valueRequired":true,"valueName":"search_term_string"}}],"inLanguage":"es"}]}</script>
<!-- / Yoast SEO plugin. -->

El caballo español. Un retrato a través de la historia - Ediciones Alfar

En un mismo volumen presentamos una antología de las imágenes de Vavra representando exclusivamente al caballo español, una colección que ha sido creada durante los últimos quince años. Junto con las descripciones de Robert Vavra, este libro contiene una historia del caballo ibérico redactada por Marilyn Tennent.

Catálogo
