{"id":17476,"date":"2021-10-26T16:27:01","date_gmt":"2021-10-26T14:27:01","guid":{"rendered":"https:\/\/edicionesalfar.es\/es\/?post_type=product&#038;p=17476"},"modified":"2023-02-08T10:26:02","modified_gmt":"2023-02-08T09:26:02","slug":"monchi-mas-que-un-director-deportivo","status":"publish","type":"product","link":"https:\/\/edicionesalfar.es\/es\/producto\/monchi-mas-que-un-director-deportivo\/","title":{"rendered":"Monchi, m\u00e1s que un director deportivo"},"content":{"rendered":"<p><span style=\"color: #000000;\">Los \u00e9xitos conseguidos por el Sevilla F\u00fatbol Club en este siglo xxi no son fruto de la casualidad. Trabajo, ambici\u00f3n, exigencia y, por supuesto, la capacidad de levantarse despu\u00e9s de cada ca\u00edda han sido las claves de un equipo que consigui\u00f3 ascender a Primera divisi\u00f3n en el a\u00f1o 2001 y que, a partir de ah\u00ed, ha crecido de forma exponencial hasta convertirse en uno de los grandes de Europa.<\/span><\/p>\n<p><span style=\"color: #000000;\">Ram\u00f3n Rodr\u00edguez Verdejo \u2018Monchi\u2019 ha sido el gran art\u00edfice de estos hechos, desde que llegase a la secretar\u00eda t\u00e9cnica del club en el a\u00f1o 2000 \u2014puesto que le ofreci\u00f3 Roberto Al\u00e9s\u2014, cuando entonces la entidad estaba sumida en una profunda crisis econ\u00f3mica. El trabajo y el talento del otrora guardameta sevillista no tardaron en dar sus frutos y, m\u00e1s de veinte a\u00f1os despu\u00e9s, es considerado uno de los mejores directores deportivos del panorama futbol\u00edstico.<\/span><br \/>\n<span style=\"color: #000000;\">Habiendo desarrollado la totalidad de su carrera en Nervi\u00f3n, a excepci\u00f3n de los casi dos a\u00f1os que estuvo en Roma, Monchi ha pasado momentos de todo tipo en el que es el club de su coraz\u00f3n. L\u00e1grimas de alegr\u00eda y de tristeza. Momentos de zozobra. Dudas. Pero, sobre todo, triunfos, \u00e9xitos, registros hist\u00f3ricos y el cari\u00f1o incondicional de una afici\u00f3n que lo lleva en volandas, al igual que a su equipo.<\/span><br \/>\n<span style=\"color: #000000;\">Adem\u00e1s, con diez t\u00edtulos a sus espaldas, no resta mucho por decir sobre la influencia positiva de Monchi en la \u00e9poca dorada del Sevilla. Pocos directores deportivos tienen un significado tan potente como el que tiene el isle\u00f1o en Nervi\u00f3n. Y para conocer y rememorar toda su trayectoria y la historia de superaci\u00f3n y crecimiento experimentada por el club, merece la pena leer esta obra que narra de primera mano la mejor \u00e9poca de la historia en clave sevillista \u2014apoyada con declaraciones de varios personajes relevantes\u2014 en la que club y director deportivo han ido siempre de la mano.<\/span><\/p>\n<p><img decoding=\"async\" class=\"wp-image-17477 alignleft\" src=\"https:\/\/edicionesalfar.es\/es\/wp-content\/uploads\/2021\/10\/Fotografia-scaled.jpg\" alt=\"\" width=\"133\" height=\"169\" \/><\/p>\n<p><span style=\"color: #000000;\">\u00c1lvaro Galv\u00e1n C\u00e1rdenas naci\u00f3 el 8 de diciembre de 1996 en Sevilla. Este trianero est\u00e1 graduado en periodismo por la Universidad de Sevilla, donde se encuentra realizando un Doctorado en Comunicaci\u00f3n. En su cuarto a\u00f1o de carrera asom\u00f3 la cabeza en el mundo de los medios gracias a unas pr\u00e1cticas en el diario ABC de Sevilla, d\u00e1ndole la oportunidad de trabajar como interino varios veranos. Tambi\u00e9n participa como redactor en el medio Triana Digital, el cual fue galardonado con el Premio Blogosur al Mejor Blog de Actualidad 2018.<\/span><br \/>\n<span style=\"color: #000000;\">Esta obra supone la primera en el historial de este autor, que actualmente se encuentra colaborando en la secci\u00f3n de deportes de ABC de Sevilla, adem\u00e1s de trabajar como periodista freelance.<\/span><\/p>\n","protected":false},"excerpt":{"rendered":"<p>Este libro nos muestra el desarrollo y crecimiento del mejor director deportivo de los \u00faltimos tiempos, \u00abMonchi\u00bb. Su trayectoria, an\u00e9cdotas, curiosidades, entrevistas&#8230; un manual esencial para conocer a Ram\u00f3n Verdejo \u00abMonchi\u00bb.<\/p>\n<p>Con este t\u00edtulo estrenamos la nueva imagen visual de nuestra colecci\u00f3n \u00abDeportes\u00bb, dirigida por Roberto Arrocha.<\/p>\n","protected":false},"featured_media":17479,"comment_status":"closed","ping_status":"closed","template":"","meta":{"_acf_changed":false,"_et_pb_use_builder":"","_et_pb_old_content":"","_et_gb_content_width":""},"product_brand":[],"product_cat":[372,376,39,568,15],"product_tag":[396,397,395],"class_list":{"0":"post-17476","1":"product","2":"type-product","3":"status-publish","4":"has-post-thumbnail","6":"product_cat-alfar","7":"product_cat-autores","8":"product_cat-deportes","9":"product_cat-galvan-alvaro","10":"product_cat-sin-categorizar","11":"product_tag-futbol","12":"product_tag-monchi","13":"product_tag-sevilla-fc","15":"first","16":"instock","17":"sale","18":"taxable","19":"shipping-taxable","20":"purchasable","21":"product-type-simple"},"acf":[],"yoast_head":"<!-- This site is optimized with the Yoast SEO plugin v27.4 - https:\/\/yoast.com\/product\/yoast-seo-wordpress\/ -->\n<title>Monchi, m\u00e1s que un director deportivo - Ediciones Alfar<\/title>\n<meta name=\"robots\" content=\"index, follow, max-snippet:-1, max-image-preview:large, max-video-preview:-1\" \/>\n<link rel=\"canonical\" href=\"https:\/\/edicionesalfar.es\/es\/producto\/monchi-mas-que-un-director-deportivo\/\" \/>\n<meta property=\"og:locale\" content=\"es_ES\" \/>\n<meta property=\"og:type\" content=\"article\" \/>\n<meta property=\"og:title\" content=\"Monchi, m\u00e1s que un director deportivo - Ediciones Alfar\" \/>\n<meta property=\"og:description\" content=\"Este libro nos muestra el desarrollo y crecimiento del mejor director deportivo de los \u00faltimos tiempos, &quot;Monchi&quot;. Su trayectoria, an\u00e9cdotas, curiosidades, entrevistas... un manual esencial para conocer a Ram\u00f3n Verdejo &quot;Monchi&quot;.  Con este t\u00edtulo estrenamos la nueva imagen visual de nuestra colecci\u00f3n &quot;Deportes&quot;, dirigida por Roberto Arrocha.\" \/>\n<meta property=\"og:url\" content=\"https:\/\/edicionesalfar.es\/es\/producto\/monchi-mas-que-un-director-deportivo\/\" \/>\n<meta property=\"og:site_name\" content=\"Ediciones Alfar\" \/>\n<meta property=\"article:modified_time\" content=\"2023-02-08T09:26:02+00:00\" \/>\n<meta property=\"og:image\" content=\"https:\/\/edicionesalfar.es\/es\/wp-content\/uploads\/2021\/10\/9788478989102_mokupsencillo_monch-WEBi.jpg\" \/>\n\t<meta property=\"og:image:width\" content=\"1660\" \/>\n\t<meta property=\"og:image:height\" content=\"2445\" \/>\n\t<meta property=\"og:image:type\" content=\"image\/jpeg\" \/>\n<meta name=\"twitter:card\" content=\"summary_large_image\" \/>\n<meta name=\"twitter:label1\" content=\"Tiempo de lectura\" \/>\n\t<meta name=\"twitter:data1\" content=\"3 minutos\" \/>\n<script type=\"application\/ld+json\" class=\"yoast-schema-graph\">{\"@context\":\"https:\\\/\\\/schema.org\",\"@graph\":[{\"@type\":\"WebPage\",\"@id\":\"https:\\\/\\\/edicionesalfar.es\\\/es\\\/producto\\\/monchi-mas-que-un-director-deportivo\\\/\",\"url\":\"https:\\\/\\\/edicionesalfar.es\\\/es\\\/producto\\\/monchi-mas-que-un-director-deportivo\\\/\",\"name\":\"Monchi, m\u00e1s que un director deportivo - Ediciones Alfar\",\"isPartOf\":{\"@id\":\"https:\\\/\\\/edicionesalfar.es\\\/es\\\/#website\"},\"primaryImageOfPage\":{\"@id\":\"https:\\\/\\\/edicionesalfar.es\\\/es\\\/producto\\\/monchi-mas-que-un-director-deportivo\\\/#primaryimage\"},\"image\":{\"@id\":\"https:\\\/\\\/edicionesalfar.es\\\/es\\\/producto\\\/monchi-mas-que-un-director-deportivo\\\/#primaryimage\"},\"thumbnailUrl\":\"https:\\\/\\\/edicionesalfar.es\\\/es\\\/wp-content\\\/uploads\\\/2021\\\/10\\\/9788478989102_mokupsencillo_monch-WEBi.jpg\",\"datePublished\":\"2021-10-26T14:27:01+00:00\",\"dateModified\":\"2023-02-08T09:26:02+00:00\",\"breadcrumb\":{\"@id\":\"https:\\\/\\\/edicionesalfar.es\\\/es\\\/producto\\\/monchi-mas-que-un-director-deportivo\\\/#breadcrumb\"},\"inLanguage\":\"es\",\"potentialAction\":[{\"@type\":\"ReadAction\",\"target\":[\"https:\\\/\\\/edicionesalfar.es\\\/es\\\/producto\\\/monchi-mas-que-un-director-deportivo\\\/\"]}]},{\"@type\":\"ImageObject\",\"inLanguage\":\"es\",\"@id\":\"https:\\\/\\\/edicionesalfar.es\\\/es\\\/producto\\\/monchi-mas-que-un-director-deportivo\\\/#primaryimage\",\"url\":\"https:\\\/\\\/edicionesalfar.es\\\/es\\\/wp-content\\\/uploads\\\/2021\\\/10\\\/9788478989102_mokupsencillo_monch-WEBi.jpg\",\"contentUrl\":\"https:\\\/\\\/edicionesalfar.es\\\/es\\\/wp-content\\\/uploads\\\/2021\\\/10\\\/9788478989102_mokupsencillo_monch-WEBi.jpg\",\"width\":1660,\"height\":2445},{\"@type\":\"BreadcrumbList\",\"@id\":\"https:\\\/\\\/edicionesalfar.es\\\/es\\\/producto\\\/monchi-mas-que-un-director-deportivo\\\/#breadcrumb\",\"itemListElement\":[{\"@type\":\"ListItem\",\"position\":1,\"name\":\"Portada\",\"item\":\"https:\\\/\\\/edicionesalfar.es\\\/es\\\/\"},{\"@type\":\"ListItem\",\"position\":2,\"name\":\"Cat\u00e1logo\",\"item\":\"https:\\\/\\\/edicionesalfar.es\\\/es\\\/catalogo\\\/\"},{\"@type\":\"ListItem\",\"position\":3,\"name\":\"Monchi, m\u00e1s que un director deportivo\"}]},{\"@type\":\"WebSite\",\"@id\":\"https:\\\/\\\/edicionesalfar.es\\\/es\\\/#website\",\"url\":\"https:\\\/\\\/edicionesalfar.es\\\/es\\\/\",\"name\":\"Ediciones Alfar\",\"description\":\"\",\"potentialAction\":[{\"@type\":\"SearchAction\",\"target\":{\"@type\":\"EntryPoint\",\"urlTemplate\":\"https:\\\/\\\/edicionesalfar.es\\\/es\\\/?s={search_term_string}\"},\"query-input\":{\"@type\":\"PropertyValueSpecification\",\"valueRequired\":true,\"valueName\":\"search_term_string\"}}],\"inLanguage\":\"es\"}]}<\/script>\n<!-- \/ Yoast SEO plugin. -->","yoast_head_json":{"title":"Monchi, m\u00e1s que un director deportivo - Ediciones Alfar","robots":{"index":"index","follow":"follow","max-snippet":"max-snippet:-1","max-image-preview":"max-image-preview:large","max-video-preview":"max-video-preview:-1"},"canonical":"https:\/\/edicionesalfar.es\/es\/producto\/monchi-mas-que-un-director-deportivo\/","og_locale":"es_ES","og_type":"article","og_title":"Monchi, m\u00e1s que un director deportivo - Ediciones Alfar","og_description":"Este libro nos muestra el desarrollo y crecimiento del mejor director deportivo de los \u00faltimos tiempos, \"Monchi\". Su trayectoria, an\u00e9cdotas, curiosidades, entrevistas... un manual esencial para conocer a Ram\u00f3n Verdejo \"Monchi\".  Con este t\u00edtulo estrenamos la nueva imagen visual de nuestra colecci\u00f3n \"Deportes\", dirigida por Roberto Arrocha.","og_url":"https:\/\/edicionesalfar.es\/es\/producto\/monchi-mas-que-un-director-deportivo\/","og_site_name":"Ediciones Alfar","article_modified_time":"2023-02-08T09:26:02+00:00","og_image":[{"width":1660,"height":2445,"url":"https:\/\/edicionesalfar.es\/es\/wp-content\/uploads\/2021\/10\/9788478989102_mokupsencillo_monch-WEBi.jpg","type":"image\/jpeg"}],"twitter_card":"summary_large_image","twitter_misc":{"Tiempo de lectura":"3 minutos"},"schema":{"@context":"https:\/\/schema.org","@graph":[{"@type":"WebPage","@id":"https:\/\/edicionesalfar.es\/es\/producto\/monchi-mas-que-un-director-deportivo\/","url":"https:\/\/edicionesalfar.es\/es\/producto\/monchi-mas-que-un-director-deportivo\/","name":"Monchi, m\u00e1s que un director deportivo - Ediciones Alfar","isPartOf":{"@id":"https:\/\/edicionesalfar.es\/es\/#website"},"primaryImageOfPage":{"@id":"https:\/\/edicionesalfar.es\/es\/producto\/monchi-mas-que-un-director-deportivo\/#primaryimage"},"image":{"@id":"https:\/\/edicionesalfar.es\/es\/producto\/monchi-mas-que-un-director-deportivo\/#primaryimage"},"thumbnailUrl":"https:\/\/edicionesalfar.es\/es\/wp-content\/uploads\/2021\/10\/9788478989102_mokupsencillo_monch-WEBi.jpg","datePublished":"2021-10-26T14:27:01+00:00","dateModified":"2023-02-08T09:26:02+00:00","breadcrumb":{"@id":"https:\/\/edicionesalfar.es\/es\/producto\/monchi-mas-que-un-director-deportivo\/#breadcrumb"},"inLanguage":"es","potentialAction":[{"@type":"ReadAction","target":["https:\/\/edicionesalfar.es\/es\/producto\/monchi-mas-que-un-director-deportivo\/"]}]},{"@type":"ImageObject","inLanguage":"es","@id":"https:\/\/edicionesalfar.es\/es\/producto\/monchi-mas-que-un-director-deportivo\/#primaryimage","url":"https:\/\/edicionesalfar.es\/es\/wp-content\/uploads\/2021\/10\/9788478989102_mokupsencillo_monch-WEBi.jpg","contentUrl":"https:\/\/edicionesalfar.es\/es\/wp-content\/uploads\/2021\/10\/9788478989102_mokupsencillo_monch-WEBi.jpg","width":1660,"height":2445},{"@type":"BreadcrumbList","@id":"https:\/\/edicionesalfar.es\/es\/producto\/monchi-mas-que-un-director-deportivo\/#breadcrumb","itemListElement":[{"@type":"ListItem","position":1,"name":"Portada","item":"https:\/\/edicionesalfar.es\/es\/"},{"@type":"ListItem","position":2,"name":"Cat\u00e1logo","item":"https:\/\/edicionesalfar.es\/es\/catalogo\/"},{"@type":"ListItem","position":3,"name":"Monchi, m\u00e1s que un director deportivo"}]},{"@type":"WebSite","@id":"https:\/\/edicionesalfar.es\/es\/#website","url":"https:\/\/edicionesalfar.es\/es\/","name":"Ediciones Alfar","description":"","potentialAction":[{"@type":"SearchAction","target":{"@type":"EntryPoint","urlTemplate":"https:\/\/edicionesalfar.es\/es\/?s={search_term_string}"},"query-input":{"@type":"PropertyValueSpecification","valueRequired":true,"valueName":"search_term_string"}}],"inLanguage":"es"}]}},"_links":{"self":[{"href":"https:\/\/edicionesalfar.es\/es\/wp-json\/wp\/v2\/product\/17476","targetHints":{"allow":["GET"]}}],"collection":[{"href":"https:\/\/edicionesalfar.es\/es\/wp-json\/wp\/v2\/product"}],"about":[{"href":"https:\/\/edicionesalfar.es\/es\/wp-json\/wp\/v2\/types\/product"}],"replies":[{"embeddable":true,"href":"https:\/\/edicionesalfar.es\/es\/wp-json\/wp\/v2\/comments?post=17476"}],"wp:featuredmedia":[{"embeddable":true,"href":"https:\/\/edicionesalfar.es\/es\/wp-json\/wp\/v2\/media\/17479"}],"wp:attachment":[{"href":"https:\/\/edicionesalfar.es\/es\/wp-json\/wp\/v2\/media?parent=17476"}],"wp:term":[{"taxonomy":"product_brand","embeddable":true,"href":"https:\/\/edicionesalfar.es\/es\/wp-json\/wp\/v2\/product_brand?post=17476"},{"taxonomy":"product_cat","embeddable":true,"href":"https:\/\/edicionesalfar.es\/es\/wp-json\/wp\/v2\/product_cat?post=17476"},{"taxonomy":"product_tag","embeddable":true,"href":"https:\/\/edicionesalfar.es\/es\/wp-json\/wp\/v2\/product_tag?post=17476"}],"curies":[{"name":"wp","href":"https:\/\/api.w.org\/{rel}","templated":true}]}}

Monchi, más que un director deportivo

<p><span style="color: #000000;">Los éxitos conseguidos por el Sevilla Fútbol Club en este siglo xxi no son fruto de la casualidad. Trabajo, ambición, exigencia y, por supuesto, la capacidad de levantarse después de cada caída han sido las claves de un equipo que consiguió ascender a Primera división en el año 2001 y que, a partir de ahí, ha crecido de forma exponencial hasta convertirse en uno de los grandes de Europa.</span></p>
<p><span style="color: #000000;">Ramón Rodríguez Verdejo ‘Monchi’ ha sido el gran artífice de estos hechos, desde que llegase a la secretaría técnica del club en el año 2000 —puesto que le ofreció Roberto Alés—, cuando entonces la entidad estaba sumida en una profunda crisis económica. El trabajo y el talento del otrora guardameta sevillista no tardaron en dar sus frutos y, más de veinte años después, es considerado uno de los mejores directores deportivos del panorama futbolístico.</span><br />
<span style="color: #000000;">Habiendo desarrollado la totalidad de su carrera en Nervión, a excepción de los casi dos años que estuvo en Roma, Monchi ha pasado momentos de todo tipo en el que es el club de su corazón. Lágrimas de alegría y de tristeza. Momentos de zozobra. Dudas. Pero, sobre todo, triunfos, éxitos, registros históricos y el cariño incondicional de una afición que lo lleva en volandas, al igual que a su equipo.</span><br />
<span style="color: #000000;">Además, con diez títulos a sus espaldas, no resta mucho por decir sobre la influencia positiva de Monchi en la época dorada del Sevilla. Pocos directores deportivos tienen un significado tan potente como el que tiene el isleño en Nervión. Y para conocer y rememorar toda su trayectoria y la historia de superación y crecimiento experimentada por el club, merece la pena leer esta obra que narra de primera mano la mejor época de la historia en clave sevillista —apoyada con declaraciones de varios personajes relevantes— en la que club y director deportivo han ido siempre de la mano.</span></p>
<p><img decoding="async" class="wp-image-17477 alignleft" src="https://edicionesalfar.es/es/wp-content/uploads/2021/10/Fotografia-scaled.jpg" alt="" width="133" height="169" /></p>
<p><span style="color: #000000;">Álvaro Galván Cárdenas nació el 8 de diciembre de 1996 en Sevilla. Este trianero está graduado en periodismo por la Universidad de Sevilla, donde se encuentra realizando un Doctorado en Comunicación. En su cuarto año de carrera asomó la cabeza en el mundo de los medios gracias a unas prácticas en el diario ABC de Sevilla, dándole la oportunidad de trabajar como interino varios veranos. También participa como redactor en el medio Triana Digital, el cual fue galardonado con el Premio Blogosur al Mejor Blog de Actualidad 2018.</span><br />
<span style="color: #000000;">Esta obra supone la primera en el historial de este autor, que actualmente se encuentra colaborando en la sección de deportes de ABC de Sevilla, además de trabajar como periodista freelance.</span></p>

<p>Este libro nos muestra el desarrollo y crecimiento del mejor director deportivo de los últimos tiempos, «Monchi». Su trayectoria, anécdotas, curiosidades, entrevistas&#8230; un manual esencial para conocer a Ramón Verdejo «Monchi».</p>
<p>Con este título estrenamos la nueva imagen visual de nuestra colección «Deportes», dirigida por Roberto Arrocha.</p>

<!-- This site is optimized with the Yoast SEO plugin v27.4 - https://yoast.com/product/yoast-seo-wordpress/ -->
<title>Monchi, más que un director deportivo - Ediciones Alfar</title>
<meta name="robots" content="index, follow, max-snippet:-1, max-image-preview:large, max-video-preview:-1" />
<link rel="canonical" href="https://edicionesalfar.es/es/producto/monchi-mas-que-un-director-deportivo/" />
<meta property="og:locale" content="es_ES" />
<meta property="og:type" content="article" />
<meta property="og:title" content="Monchi, más que un director deportivo - Ediciones Alfar" />
<meta property="og:description" content="Este libro nos muestra el desarrollo y crecimiento del mejor director deportivo de los últimos tiempos, &quot;Monchi&quot;. Su trayectoria, anécdotas, curiosidades, entrevistas... un manual esencial para conocer a Ramón Verdejo &quot;Monchi&quot;.  Con este título estrenamos la nueva imagen visual de nuestra colección &quot;Deportes&quot;, dirigida por Roberto Arrocha." />
<meta property="og:url" content="https://edicionesalfar.es/es/producto/monchi-mas-que-un-director-deportivo/" />
<meta property="og:site_name" content="Ediciones Alfar" />
<meta property="article:modified_time" content="2023-02-08T09:26:02+00:00" />
<meta property="og:image" content="https://edicionesalfar.es/es/wp-content/uploads/2021/10/9788478989102_mokupsencillo_monch-WEBi.jpg" />
	<meta property="og:image:width" content="1660" />
	<meta property="og:image:height" content="2445" />
	<meta property="og:image:type" content="image/jpeg" />
<meta name="twitter:card" content="summary_large_image" />
<meta name="twitter:label1" content="Tiempo de lectura" />
	<meta name="twitter:data1" content="3 minutos" />
<script type="application/ld+json" class="yoast-schema-graph">{"@context":"https:\/\/schema.org","@graph":[{"@type":"WebPage","@id":"https:\/\/edicionesalfar.es\/es\/producto\/monchi-mas-que-un-director-deportivo\/","url":"https:\/\/edicionesalfar.es\/es\/producto\/monchi-mas-que-un-director-deportivo\/","name":"Monchi, más que un director deportivo - Ediciones Alfar","isPartOf":{"@id":"https:\/\/edicionesalfar.es\/es\/#website"},"primaryImageOfPage":{"@id":"https:\/\/edicionesalfar.es\/es\/producto\/monchi-mas-que-un-director-deportivo\/#primaryimage"},"image":{"@id":"https:\/\/edicionesalfar.es\/es\/producto\/monchi-mas-que-un-director-deportivo\/#primaryimage"},"thumbnailUrl":"https:\/\/edicionesalfar.es\/es\/wp-content\/uploads\/2021\/10\/9788478989102_mokupsencillo_monch-WEBi.jpg","datePublished":"2021-10-26T14:27:01+00:00","dateModified":"2023-02-08T09:26:02+00:00","breadcrumb":{"@id":"https:\/\/edicionesalfar.es\/es\/producto\/monchi-mas-que-un-director-deportivo\/#breadcrumb"},"inLanguage":"es","potentialAction":[{"@type":"ReadAction","target":["https:\/\/edicionesalfar.es\/es\/producto\/monchi-mas-que-un-director-deportivo\/"]}]},{"@type":"ImageObject","inLanguage":"es","@id":"https:\/\/edicionesalfar.es\/es\/producto\/monchi-mas-que-un-director-deportivo\/#primaryimage","url":"https:\/\/edicionesalfar.es\/es\/wp-content\/uploads\/2021\/10\/9788478989102_mokupsencillo_monch-WEBi.jpg","contentUrl":"https:\/\/edicionesalfar.es\/es\/wp-content\/uploads\/2021\/10\/9788478989102_mokupsencillo_monch-WEBi.jpg","width":1660,"height":2445},{"@type":"BreadcrumbList","@id":"https:\/\/edicionesalfar.es\/es\/producto\/monchi-mas-que-un-director-deportivo\/#breadcrumb","itemListElement":[{"@type":"ListItem","position":1,"name":"Portada","item":"https:\/\/edicionesalfar.es\/es\/"},{"@type":"ListItem","position":2,"name":"Catálogo","item":"https:\/\/edicionesalfar.es\/es\/catalogo\/"},{"@type":"ListItem","position":3,"name":"Monchi, más que un director deportivo"}]},{"@type":"WebSite","@id":"https:\/\/edicionesalfar.es\/es\/#website","url":"https:\/\/edicionesalfar.es\/es\/","name":"Ediciones Alfar","description":"","potentialAction":[{"@type":"SearchAction","target":{"@type":"EntryPoint","urlTemplate":"https:\/\/edicionesalfar.es\/es\/?s={search_term_string}"},"query-input":{"@type":"PropertyValueSpecification","valueRequired":true,"valueName":"search_term_string"}}],"inLanguage":"es"}]}</script>
<!-- / Yoast SEO plugin. -->

Monchi, más que un director deportivo - Ediciones Alfar

Este libro nos muestra el desarrollo y crecimiento del mejor director deportivo de los últimos tiempos, "Monchi". Su trayectoria, anécdotas, curiosidades, entrevistas... un manual esencial para conocer a Ramón Verdejo "Monchi".  Con este título estrenamos la nueva imagen visual de nuestra colección "Deportes", dirigida por Roberto Arrocha.

Catálogo
