{"id":16623,"date":"2021-01-19T13:44:59","date_gmt":"2021-01-19T12:44:59","guid":{"rendered":"https:\/\/www.edicionesalfar.es\/es\/?post_type=product&#038;p=16623"},"modified":"2021-02-01T10:07:50","modified_gmt":"2021-02-01T09:07:50","slug":"comenzar-de-nuevo-pedagogia-de-un-exilio-americano","status":"publish","type":"product","link":"https:\/\/edicionesalfar.es\/es\/producto\/comenzar-de-nuevo-pedagogia-de-un-exilio-americano\/","title":{"rendered":"Comenzar de cero. Pedagog\u00eda de un exilio americano"},"content":{"rendered":"<p><span style=\"color: #000000;\">Texto semificcional, ubicado formal y conceptualmente entre la novela y la reconstrucci\u00f3n hist\u00f3rica, relatado <\/span><span style=\"color: #000000;\">por un yo parcialmente autobiogr\u00e1fico en torno al reto que signific\u00f3 vivir y ser educado en la Espa\u00f1a <\/span><span style=\"color: #000000;\">de mediados del siglo XX bajo un modelo cultural y educativo sin horizontes. La impactante trayectoria del <\/span><span style=\"color: #000000;\">narrador se interrelaciona con la de otros compa\u00f1eros suyos de generaci\u00f3n y pone al descubierto las estrategias <\/span><span style=\"color: #000000;\">de resistencia seguidas por el narrador para enfrentarse a un medio asfixiante y s\u00f3rdido. La narraci\u00f3n se <\/span><span style=\"color: #000000;\">concentra inicialmente en la adolescencia de la figura central, en su enfrentamiento con un medio cultural y <\/span><span style=\"color: #000000;\">humano traumatizante con el que no puede identificarse y transcurre fundamentalmente en Barcelona y sus <\/span><span style=\"color: #000000;\">inmediaciones. Luego sigue el movimiento incesante de ese personaje tras su marcha a los Estados Unidos <\/span><span style=\"color: #000000;\">para seguir su carrera universitaria en ese pa\u00eds. California, el sur de Estados Unidos y Nueva York son el foco <\/span><span style=\"color: #000000;\">central de referencia de su camino de ruptura y reconfiguraci\u00f3n personales.<\/span><\/p>\n<p><span style=\"color: #000000;\"><img decoding=\"async\" class=\" wp-image-16626 alignleft\" src=\"https:\/\/edicionesalfar.es\/es\/wp-content\/uploads\/2021\/01\/Comenzardecero.BookCover.1.-245x300.jpg\" alt=\"\" width=\"144\" height=\"153\" \/>Gonzalo Navajas es escritor y profesor distinguido en la Universidad de California, Irvine. <\/span><span style=\"color: #000000;\">Su especialidad es la literatura y la historia intelectual y est\u00e9tica modernas. En esos campos, <\/span><span style=\"color: #000000;\">ha publicado numerosos libros entre los que destacan El intelectual p\u00fablico y las ideolog\u00edas <\/span><span style=\"color: #000000;\">modernas, Literatura y naci\u00f3n en el siglo XXI, La modernidad como crisis y La utop\u00eda en las <\/span><span style=\"color: #000000;\">narrativas contempor\u00e1neas. Es tambi\u00e9n autor de cinco obras de ficci\u00f3n en las que trata los <\/span><span style=\"color: #000000;\">temas de la expatriaci\u00f3n, la reescritura del pasado hist\u00f3rico y la naturaleza huidiza de las <\/span><span style=\"color: #000000;\">afinidades electivas en el fluido e inestable marco humano y cultural contempor\u00e1neo. Sus <\/span><span style=\"color: #000000;\">novelas m\u00e1s recientes son <em>El manuscrito Durruti<\/em> y <em>En blanco y negro<\/em>. Gonzalo Navajas es <\/span><span style=\"color: #000000;\">un viajero internacional asiduo, participa en grupos de trabajo de investigaci\u00f3n y creaci\u00f3n literaria en varios <\/span><span style=\"color: #000000;\">pa\u00edses y ha sido conferenciante y profesor visitante en numerosas universidades e instituciones culturales de <\/span><span style=\"color: #000000;\">Europa y Am\u00e9rica.<\/span><\/p>\n","protected":false},"excerpt":{"rendered":"<p><span style=\"color: #000000;\">Obra documental, testimonial y cr\u00edtica, que se mueve alternativamente entre ambos lados del Atl\u00e1ntico; la Barcelona gris de los a\u00f1os cincuenta y sesenta; y el exilio y la deslocalizcai\u00f3n del sur de los Estados Unidos. El personaje, el libro, se afirma como una apuesta renovadora por la vieja y persistente utop\u00eda de una humanidad emp\u00e1tica y sin fronteras.<\/span><\/p>\n","protected":false},"featured_media":16643,"comment_status":"closed","ping_status":"closed","template":"","meta":{"_acf_changed":false,"_et_pb_use_builder":"","_et_pb_old_content":"","_et_gb_content_width":""},"product_brand":[],"product_cat":[47],"product_tag":[299,300,301],"class_list":{"0":"post-16623","1":"product","2":"type-product","3":"status-publish","4":"has-post-thumbnail","6":"product_cat-otras-narrativas","7":"product_tag-busqueda","8":"product_tag-exilio","9":"product_tag-inmigracion","11":"first","12":"instock","13":"taxable","14":"shipping-taxable","15":"purchasable","16":"product-type-simple"},"acf":[],"yoast_head":"<!-- This site is optimized with the Yoast SEO plugin v27.5 - https:\/\/yoast.com\/product\/yoast-seo-wordpress\/ -->\n<title>Comenzar de cero. Pedagog\u00eda de un exilio americano - Ediciones Alfar<\/title>\n<meta name=\"robots\" content=\"index, follow, max-snippet:-1, max-image-preview:large, max-video-preview:-1\" \/>\n<link rel=\"canonical\" href=\"https:\/\/edicionesalfar.es\/es\/producto\/comenzar-de-nuevo-pedagogia-de-un-exilio-americano\/\" \/>\n<meta property=\"og:locale\" content=\"es_ES\" \/>\n<meta property=\"og:type\" content=\"article\" \/>\n<meta property=\"og:title\" content=\"Comenzar de cero. Pedagog\u00eda de un exilio americano - Ediciones Alfar\" \/>\n<meta property=\"og:description\" content=\"Obra documental, testimonial y cr\u00edtica, que se mueve alternativamente entre ambos lados del Atl\u00e1ntico; la Barcelona gris de los a\u00f1os cincuenta y sesenta; y el exilio y la deslocalizcai\u00f3n del sur de los Estados Unidos. El personaje, el libro, se afirma como una apuesta renovadora por la vieja y persistente utop\u00eda de una humanidad emp\u00e1tica y sin fronteras.\" \/>\n<meta property=\"og:url\" content=\"https:\/\/edicionesalfar.es\/es\/producto\/comenzar-de-nuevo-pedagogia-de-un-exilio-americano\/\" \/>\n<meta property=\"og:site_name\" content=\"Ediciones Alfar\" \/>\n<meta property=\"article:modified_time\" content=\"2021-02-01T09:07:50+00:00\" \/>\n<meta property=\"og:image\" content=\"https:\/\/edicionesalfar.es\/es\/wp-content\/uploads\/2021\/01\/Comenzar-de-cero-mokup-previa-1.jpg\" \/>\n\t<meta property=\"og:image:width\" content=\"1540\" \/>\n\t<meta property=\"og:image:height\" content=\"2409\" \/>\n\t<meta property=\"og:image:type\" content=\"image\/jpeg\" \/>\n<meta name=\"twitter:card\" content=\"summary_large_image\" \/>\n<meta name=\"twitter:label1\" content=\"Tiempo de lectura\" \/>\n\t<meta name=\"twitter:data1\" content=\"2 minutos\" \/>\n<script type=\"application\/ld+json\" class=\"yoast-schema-graph\">{\"@context\":\"https:\\\/\\\/schema.org\",\"@graph\":[{\"@type\":\"WebPage\",\"@id\":\"https:\\\/\\\/edicionesalfar.es\\\/es\\\/producto\\\/comenzar-de-nuevo-pedagogia-de-un-exilio-americano\\\/\",\"url\":\"https:\\\/\\\/edicionesalfar.es\\\/es\\\/producto\\\/comenzar-de-nuevo-pedagogia-de-un-exilio-americano\\\/\",\"name\":\"Comenzar de cero. Pedagog\u00eda de un exilio americano - Ediciones Alfar\",\"isPartOf\":{\"@id\":\"https:\\\/\\\/edicionesalfar.es\\\/es\\\/#website\"},\"primaryImageOfPage\":{\"@id\":\"https:\\\/\\\/edicionesalfar.es\\\/es\\\/producto\\\/comenzar-de-nuevo-pedagogia-de-un-exilio-americano\\\/#primaryimage\"},\"image\":{\"@id\":\"https:\\\/\\\/edicionesalfar.es\\\/es\\\/producto\\\/comenzar-de-nuevo-pedagogia-de-un-exilio-americano\\\/#primaryimage\"},\"thumbnailUrl\":\"https:\\\/\\\/edicionesalfar.es\\\/es\\\/wp-content\\\/uploads\\\/2021\\\/01\\\/Comenzar-de-cero-mokup-previa-1.jpg\",\"datePublished\":\"2021-01-19T12:44:59+00:00\",\"dateModified\":\"2021-02-01T09:07:50+00:00\",\"breadcrumb\":{\"@id\":\"https:\\\/\\\/edicionesalfar.es\\\/es\\\/producto\\\/comenzar-de-nuevo-pedagogia-de-un-exilio-americano\\\/#breadcrumb\"},\"inLanguage\":\"es\",\"potentialAction\":[{\"@type\":\"ReadAction\",\"target\":[\"https:\\\/\\\/edicionesalfar.es\\\/es\\\/producto\\\/comenzar-de-nuevo-pedagogia-de-un-exilio-americano\\\/\"]}]},{\"@type\":\"ImageObject\",\"inLanguage\":\"es\",\"@id\":\"https:\\\/\\\/edicionesalfar.es\\\/es\\\/producto\\\/comenzar-de-nuevo-pedagogia-de-un-exilio-americano\\\/#primaryimage\",\"url\":\"https:\\\/\\\/edicionesalfar.es\\\/es\\\/wp-content\\\/uploads\\\/2021\\\/01\\\/Comenzar-de-cero-mokup-previa-1.jpg\",\"contentUrl\":\"https:\\\/\\\/edicionesalfar.es\\\/es\\\/wp-content\\\/uploads\\\/2021\\\/01\\\/Comenzar-de-cero-mokup-previa-1.jpg\",\"width\":1540,\"height\":2409},{\"@type\":\"BreadcrumbList\",\"@id\":\"https:\\\/\\\/edicionesalfar.es\\\/es\\\/producto\\\/comenzar-de-nuevo-pedagogia-de-un-exilio-americano\\\/#breadcrumb\",\"itemListElement\":[{\"@type\":\"ListItem\",\"position\":1,\"name\":\"Portada\",\"item\":\"https:\\\/\\\/edicionesalfar.es\\\/es\\\/\"},{\"@type\":\"ListItem\",\"position\":2,\"name\":\"Cat\u00e1logo\",\"item\":\"https:\\\/\\\/edicionesalfar.es\\\/es\\\/catalogo\\\/\"},{\"@type\":\"ListItem\",\"position\":3,\"name\":\"Comenzar de cero. Pedagog\u00eda de un exilio americano\"}]},{\"@type\":\"WebSite\",\"@id\":\"https:\\\/\\\/edicionesalfar.es\\\/es\\\/#website\",\"url\":\"https:\\\/\\\/edicionesalfar.es\\\/es\\\/\",\"name\":\"Ediciones Alfar\",\"description\":\"\",\"potentialAction\":[{\"@type\":\"SearchAction\",\"target\":{\"@type\":\"EntryPoint\",\"urlTemplate\":\"https:\\\/\\\/edicionesalfar.es\\\/es\\\/?s={search_term_string}\"},\"query-input\":{\"@type\":\"PropertyValueSpecification\",\"valueRequired\":true,\"valueName\":\"search_term_string\"}}],\"inLanguage\":\"es\"}]}<\/script>\n<!-- \/ Yoast SEO plugin. -->","yoast_head_json":{"title":"Comenzar de cero. Pedagog\u00eda de un exilio americano - Ediciones Alfar","robots":{"index":"index","follow":"follow","max-snippet":"max-snippet:-1","max-image-preview":"max-image-preview:large","max-video-preview":"max-video-preview:-1"},"canonical":"https:\/\/edicionesalfar.es\/es\/producto\/comenzar-de-nuevo-pedagogia-de-un-exilio-americano\/","og_locale":"es_ES","og_type":"article","og_title":"Comenzar de cero. Pedagog\u00eda de un exilio americano - Ediciones Alfar","og_description":"Obra documental, testimonial y cr\u00edtica, que se mueve alternativamente entre ambos lados del Atl\u00e1ntico; la Barcelona gris de los a\u00f1os cincuenta y sesenta; y el exilio y la deslocalizcai\u00f3n del sur de los Estados Unidos. El personaje, el libro, se afirma como una apuesta renovadora por la vieja y persistente utop\u00eda de una humanidad emp\u00e1tica y sin fronteras.","og_url":"https:\/\/edicionesalfar.es\/es\/producto\/comenzar-de-nuevo-pedagogia-de-un-exilio-americano\/","og_site_name":"Ediciones Alfar","article_modified_time":"2021-02-01T09:07:50+00:00","og_image":[{"width":1540,"height":2409,"url":"https:\/\/edicionesalfar.es\/es\/wp-content\/uploads\/2021\/01\/Comenzar-de-cero-mokup-previa-1.jpg","type":"image\/jpeg"}],"twitter_card":"summary_large_image","twitter_misc":{"Tiempo de lectura":"2 minutos"},"schema":{"@context":"https:\/\/schema.org","@graph":[{"@type":"WebPage","@id":"https:\/\/edicionesalfar.es\/es\/producto\/comenzar-de-nuevo-pedagogia-de-un-exilio-americano\/","url":"https:\/\/edicionesalfar.es\/es\/producto\/comenzar-de-nuevo-pedagogia-de-un-exilio-americano\/","name":"Comenzar de cero. Pedagog\u00eda de un exilio americano - Ediciones Alfar","isPartOf":{"@id":"https:\/\/edicionesalfar.es\/es\/#website"},"primaryImageOfPage":{"@id":"https:\/\/edicionesalfar.es\/es\/producto\/comenzar-de-nuevo-pedagogia-de-un-exilio-americano\/#primaryimage"},"image":{"@id":"https:\/\/edicionesalfar.es\/es\/producto\/comenzar-de-nuevo-pedagogia-de-un-exilio-americano\/#primaryimage"},"thumbnailUrl":"https:\/\/edicionesalfar.es\/es\/wp-content\/uploads\/2021\/01\/Comenzar-de-cero-mokup-previa-1.jpg","datePublished":"2021-01-19T12:44:59+00:00","dateModified":"2021-02-01T09:07:50+00:00","breadcrumb":{"@id":"https:\/\/edicionesalfar.es\/es\/producto\/comenzar-de-nuevo-pedagogia-de-un-exilio-americano\/#breadcrumb"},"inLanguage":"es","potentialAction":[{"@type":"ReadAction","target":["https:\/\/edicionesalfar.es\/es\/producto\/comenzar-de-nuevo-pedagogia-de-un-exilio-americano\/"]}]},{"@type":"ImageObject","inLanguage":"es","@id":"https:\/\/edicionesalfar.es\/es\/producto\/comenzar-de-nuevo-pedagogia-de-un-exilio-americano\/#primaryimage","url":"https:\/\/edicionesalfar.es\/es\/wp-content\/uploads\/2021\/01\/Comenzar-de-cero-mokup-previa-1.jpg","contentUrl":"https:\/\/edicionesalfar.es\/es\/wp-content\/uploads\/2021\/01\/Comenzar-de-cero-mokup-previa-1.jpg","width":1540,"height":2409},{"@type":"BreadcrumbList","@id":"https:\/\/edicionesalfar.es\/es\/producto\/comenzar-de-nuevo-pedagogia-de-un-exilio-americano\/#breadcrumb","itemListElement":[{"@type":"ListItem","position":1,"name":"Portada","item":"https:\/\/edicionesalfar.es\/es\/"},{"@type":"ListItem","position":2,"name":"Cat\u00e1logo","item":"https:\/\/edicionesalfar.es\/es\/catalogo\/"},{"@type":"ListItem","position":3,"name":"Comenzar de cero. Pedagog\u00eda de un exilio americano"}]},{"@type":"WebSite","@id":"https:\/\/edicionesalfar.es\/es\/#website","url":"https:\/\/edicionesalfar.es\/es\/","name":"Ediciones Alfar","description":"","potentialAction":[{"@type":"SearchAction","target":{"@type":"EntryPoint","urlTemplate":"https:\/\/edicionesalfar.es\/es\/?s={search_term_string}"},"query-input":{"@type":"PropertyValueSpecification","valueRequired":true,"valueName":"search_term_string"}}],"inLanguage":"es"}]}},"_links":{"self":[{"href":"https:\/\/edicionesalfar.es\/es\/wp-json\/wp\/v2\/product\/16623","targetHints":{"allow":["GET"]}}],"collection":[{"href":"https:\/\/edicionesalfar.es\/es\/wp-json\/wp\/v2\/product"}],"about":[{"href":"https:\/\/edicionesalfar.es\/es\/wp-json\/wp\/v2\/types\/product"}],"replies":[{"embeddable":true,"href":"https:\/\/edicionesalfar.es\/es\/wp-json\/wp\/v2\/comments?post=16623"}],"wp:featuredmedia":[{"embeddable":true,"href":"https:\/\/edicionesalfar.es\/es\/wp-json\/wp\/v2\/media\/16643"}],"wp:attachment":[{"href":"https:\/\/edicionesalfar.es\/es\/wp-json\/wp\/v2\/media?parent=16623"}],"wp:term":[{"taxonomy":"product_brand","embeddable":true,"href":"https:\/\/edicionesalfar.es\/es\/wp-json\/wp\/v2\/product_brand?post=16623"},{"taxonomy":"product_cat","embeddable":true,"href":"https:\/\/edicionesalfar.es\/es\/wp-json\/wp\/v2\/product_cat?post=16623"},{"taxonomy":"product_tag","embeddable":true,"href":"https:\/\/edicionesalfar.es\/es\/wp-json\/wp\/v2\/product_tag?post=16623"}],"curies":[{"name":"wp","href":"https:\/\/api.w.org\/{rel}","templated":true}]}}

Comenzar de cero. Pedagogía de un exilio americano

<p><span style="color: #000000;">Texto semificcional, ubicado formal y conceptualmente entre la novela y la reconstrucción histórica, relatado </span><span style="color: #000000;">por un yo parcialmente autobiográfico en torno al reto que significó vivir y ser educado en la España </span><span style="color: #000000;">de mediados del siglo XX bajo un modelo cultural y educativo sin horizontes. La impactante trayectoria del </span><span style="color: #000000;">narrador se interrelaciona con la de otros compañeros suyos de generación y pone al descubierto las estrategias </span><span style="color: #000000;">de resistencia seguidas por el narrador para enfrentarse a un medio asfixiante y sórdido. La narración se </span><span style="color: #000000;">concentra inicialmente en la adolescencia de la figura central, en su enfrentamiento con un medio cultural y </span><span style="color: #000000;">humano traumatizante con el que no puede identificarse y transcurre fundamentalmente en Barcelona y sus </span><span style="color: #000000;">inmediaciones. Luego sigue el movimiento incesante de ese personaje tras su marcha a los Estados Unidos </span><span style="color: #000000;">para seguir su carrera universitaria en ese país. California, el sur de Estados Unidos y Nueva York son el foco </span><span style="color: #000000;">central de referencia de su camino de ruptura y reconfiguración personales.</span></p>
<p><span style="color: #000000;"><img decoding="async" class=" wp-image-16626 alignleft" src="https://edicionesalfar.es/es/wp-content/uploads/2021/01/Comenzardecero.BookCover.1.-245x300.jpg" alt="" width="144" height="153" />Gonzalo Navajas es escritor y profesor distinguido en la Universidad de California, Irvine. </span><span style="color: #000000;">Su especialidad es la literatura y la historia intelectual y estética modernas. En esos campos, </span><span style="color: #000000;">ha publicado numerosos libros entre los que destacan El intelectual público y las ideologías </span><span style="color: #000000;">modernas, Literatura y nación en el siglo XXI, La modernidad como crisis y La utopía en las </span><span style="color: #000000;">narrativas contemporáneas. Es también autor de cinco obras de ficción en las que trata los </span><span style="color: #000000;">temas de la expatriación, la reescritura del pasado histórico y la naturaleza huidiza de las </span><span style="color: #000000;">afinidades electivas en el fluido e inestable marco humano y cultural contemporáneo. Sus </span><span style="color: #000000;">novelas más recientes son <em>El manuscrito Durruti</em> y <em>En blanco y negro</em>. Gonzalo Navajas es </span><span style="color: #000000;">un viajero internacional asiduo, participa en grupos de trabajo de investigación y creación literaria en varios </span><span style="color: #000000;">países y ha sido conferenciante y profesor visitante en numerosas universidades e instituciones culturales de </span><span style="color: #000000;">Europa y América.</span></p>

<p><span style="color: #000000;">Obra documental, testimonial y crítica, que se mueve alternativamente entre ambos lados del Atlántico; la Barcelona gris de los años cincuenta y sesenta; y el exilio y la deslocalizcaión del sur de los Estados Unidos. El personaje, el libro, se afirma como una apuesta renovadora por la vieja y persistente utopía de una humanidad empática y sin fronteras.</span></p>

<!-- This site is optimized with the Yoast SEO plugin v27.5 - https://yoast.com/product/yoast-seo-wordpress/ -->
<title>Comenzar de cero. Pedagogía de un exilio americano - Ediciones Alfar</title>
<meta name="robots" content="index, follow, max-snippet:-1, max-image-preview:large, max-video-preview:-1" />
<link rel="canonical" href="https://edicionesalfar.es/es/producto/comenzar-de-nuevo-pedagogia-de-un-exilio-americano/" />
<meta property="og:locale" content="es_ES" />
<meta property="og:type" content="article" />
<meta property="og:title" content="Comenzar de cero. Pedagogía de un exilio americano - Ediciones Alfar" />
<meta property="og:description" content="Obra documental, testimonial y crítica, que se mueve alternativamente entre ambos lados del Atlántico; la Barcelona gris de los años cincuenta y sesenta; y el exilio y la deslocalizcaión del sur de los Estados Unidos. El personaje, el libro, se afirma como una apuesta renovadora por la vieja y persistente utopía de una humanidad empática y sin fronteras." />
<meta property="og:url" content="https://edicionesalfar.es/es/producto/comenzar-de-nuevo-pedagogia-de-un-exilio-americano/" />
<meta property="og:site_name" content="Ediciones Alfar" />
<meta property="article:modified_time" content="2021-02-01T09:07:50+00:00" />
<meta property="og:image" content="https://edicionesalfar.es/es/wp-content/uploads/2021/01/Comenzar-de-cero-mokup-previa-1.jpg" />
	<meta property="og:image:width" content="1540" />
	<meta property="og:image:height" content="2409" />
	<meta property="og:image:type" content="image/jpeg" />
<meta name="twitter:card" content="summary_large_image" />
<meta name="twitter:label1" content="Tiempo de lectura" />
	<meta name="twitter:data1" content="2 minutos" />
<script type="application/ld+json" class="yoast-schema-graph">{"@context":"https:\/\/schema.org","@graph":[{"@type":"WebPage","@id":"https:\/\/edicionesalfar.es\/es\/producto\/comenzar-de-nuevo-pedagogia-de-un-exilio-americano\/","url":"https:\/\/edicionesalfar.es\/es\/producto\/comenzar-de-nuevo-pedagogia-de-un-exilio-americano\/","name":"Comenzar de cero. Pedagogía de un exilio americano - Ediciones Alfar","isPartOf":{"@id":"https:\/\/edicionesalfar.es\/es\/#website"},"primaryImageOfPage":{"@id":"https:\/\/edicionesalfar.es\/es\/producto\/comenzar-de-nuevo-pedagogia-de-un-exilio-americano\/#primaryimage"},"image":{"@id":"https:\/\/edicionesalfar.es\/es\/producto\/comenzar-de-nuevo-pedagogia-de-un-exilio-americano\/#primaryimage"},"thumbnailUrl":"https:\/\/edicionesalfar.es\/es\/wp-content\/uploads\/2021\/01\/Comenzar-de-cero-mokup-previa-1.jpg","datePublished":"2021-01-19T12:44:59+00:00","dateModified":"2021-02-01T09:07:50+00:00","breadcrumb":{"@id":"https:\/\/edicionesalfar.es\/es\/producto\/comenzar-de-nuevo-pedagogia-de-un-exilio-americano\/#breadcrumb"},"inLanguage":"es","potentialAction":[{"@type":"ReadAction","target":["https:\/\/edicionesalfar.es\/es\/producto\/comenzar-de-nuevo-pedagogia-de-un-exilio-americano\/"]}]},{"@type":"ImageObject","inLanguage":"es","@id":"https:\/\/edicionesalfar.es\/es\/producto\/comenzar-de-nuevo-pedagogia-de-un-exilio-americano\/#primaryimage","url":"https:\/\/edicionesalfar.es\/es\/wp-content\/uploads\/2021\/01\/Comenzar-de-cero-mokup-previa-1.jpg","contentUrl":"https:\/\/edicionesalfar.es\/es\/wp-content\/uploads\/2021\/01\/Comenzar-de-cero-mokup-previa-1.jpg","width":1540,"height":2409},{"@type":"BreadcrumbList","@id":"https:\/\/edicionesalfar.es\/es\/producto\/comenzar-de-nuevo-pedagogia-de-un-exilio-americano\/#breadcrumb","itemListElement":[{"@type":"ListItem","position":1,"name":"Portada","item":"https:\/\/edicionesalfar.es\/es\/"},{"@type":"ListItem","position":2,"name":"Catálogo","item":"https:\/\/edicionesalfar.es\/es\/catalogo\/"},{"@type":"ListItem","position":3,"name":"Comenzar de cero. Pedagogía de un exilio americano"}]},{"@type":"WebSite","@id":"https:\/\/edicionesalfar.es\/es\/#website","url":"https:\/\/edicionesalfar.es\/es\/","name":"Ediciones Alfar","description":"","potentialAction":[{"@type":"SearchAction","target":{"@type":"EntryPoint","urlTemplate":"https:\/\/edicionesalfar.es\/es\/?s={search_term_string}"},"query-input":{"@type":"PropertyValueSpecification","valueRequired":true,"valueName":"search_term_string"}}],"inLanguage":"es"}]}</script>
<!-- / Yoast SEO plugin. -->

Comenzar de cero. Pedagogía de un exilio americano - Ediciones Alfar

Obra documental, testimonial y crítica, que se mueve alternativamente entre ambos lados del Atlántico; la Barcelona gris de los años cincuenta y sesenta; y el exilio y la deslocalizcaión del sur de los Estados Unidos. El personaje, el libro, se afirma como una apuesta renovadora por la vieja y persistente utopía de una humanidad empática y sin fronteras.

Catálogo
