{"id":16475,"date":"2020-12-15T15:07:08","date_gmt":"2020-12-15T14:07:08","guid":{"rendered":"https:\/\/www.edicionesalfar.es\/es\/?post_type=product&#038;p=16475"},"modified":"2021-12-23T13:46:27","modified_gmt":"2021-12-23T12:46:27","slug":"arroparte-o-el-arte-de-caminar-sin-ropa","status":"publish","type":"product","link":"https:\/\/edicionesalfar.es\/es\/producto\/arroparte-o-el-arte-de-caminar-sin-ropa\/","title":{"rendered":"Arroparte o el arte de caminar sin ropa"},"content":{"rendered":"<p><span style=\"color: #000000;\">Alejandro es de esas personas que dejan huella. Lo mismo ocurre con sus escritos. Es un mordisco que te <\/span><span style=\"color: #000000;\">atrapa. Es imposible adentrarse en sus textos y que pasen indiferentes por tu persona. Su generosidad, su <\/span><span style=\"color: #000000;\">simpat\u00eda, su entrega y su sensibilidad como ser humano traspasan los muros sociales del silencio emocional. <\/span><span style=\"color: #000000;\">Alejandro abre ventanas para dejar fluir las emociones que todos sentimos. Leer sus p\u00e1ginas es atravesar la <\/span><span style=\"color: #000000;\">piel y sentir los latidos desnudos del alma. Bajo las ra\u00edces de sus palabras encontrar\u00e1s el calor de una vida, <\/span><span style=\"color: #000000;\">un mundo tan real como la existencia, un amor capaz de tejer las costuras descosidas y un sentimiento tan <\/span><span style=\"color: #000000;\">aut\u00e9ntico que nos lleva a so\u00f1ar entre suspiros con su lectura. Una escritura que invita a darle cuerpo a la esperanza, <\/span><span style=\"color: #000000;\">una prosa po\u00e9tica que nos reconcilia con nuestras propias sombras hasta amanecer con ese aroma <\/span><span style=\"color: #000000;\">de pan reci\u00e9n hecho. Todo un viaje al interior de uno mismo, todo un arte de caminar sin ropa.<\/span><\/p>\n<p><span style=\"color: #000000;\"><img decoding=\"async\" class=\"wp-image-16477 alignleft\" src=\"https:\/\/edicionesalfar.es\/es\/wp-content\/uploads\/2020\/12\/IMG-20201116-WA0007-254x300.jpg\" alt=\"\" width=\"151\" height=\"139\" \/>Alejandro P\u00e9rez Guill\u00e9n (Benalup-Casas Viejas, 1973) es Licenciado en Filolog\u00eda Hisp\u00e1nica por la Universidad <\/span><span style=\"color: #000000;\">de C\u00e1diz. En la actualidad trabaja como responsable de la Biblioteca P\u00fablica Municipal y como <\/span><span style=\"color: #000000;\">animador cultural de su localidad. Ha publicado los siguientes poemarios:<em> Entrevista con la palabra<\/em> (Ayto. <\/span><span style=\"color: #000000;\">Benalup-CV, 1997), <em>Sue\u00f1os de hadas sin hada madrina<\/em> (Alhulia, 2003), <em>Monedas de papel<\/em> (Diputaci\u00f3n de <\/span><span style=\"color: #000000;\">C\u00e1diz, 2006), <em>Matar a Narciso<\/em> (Alfar, 2012), <em>En manos de Orfeo<\/em> (Renacimiento, 2014) y <em>Sol de invierno contra <\/em><\/span><span style=\"color: #000000;\"><em>la borrasca<\/em> (Vitruvio, 2018). Tambi\u00e9n es autor de los cuadernillos <em>El cad\u00e1ver dormido de la historia<\/em> y <em>Tardes <\/em><\/span><span style=\"color: #000000;\"><em>en fuga<\/em>, del libro de relatos <em>La otra realidad<\/em> (Aladena, 2009) y del libro de prosa po\u00e9tica titulado <em>Re-flexiones: <\/em><\/span><span style=\"color: #000000;\"><em>ejercicios para el coraz\u00f3n<\/em> (Alfar, 2016). Ha sido incluido en las antolog\u00edas <em>Recital Chilango andaluz 2006. <\/em><\/span><span style=\"color: #000000;\"><em>Antolog\u00eda<\/em>. Y <em>Diez voces de la poes\u00eda actual 2017<\/em>. Ejerce como cr\u00edtico literario y ha sido columnista de medios <\/span><span style=\"color: #000000;\">de comunicaci\u00f3n como el <em>Diario de C\u00e1diz<\/em>. En la actualidad es el director de las colecciones Biblioteca de <\/span><span style=\"color: #000000;\">Autores Contempor\u00e1neos (Serie Poes\u00eda) y Otras Poes\u00edas de Ediciones Alfar. Puedes visitar su web en: alejandroperezguillen.<\/span><span style=\"color: #000000;\">es<\/span><\/p>\n","protected":false},"excerpt":{"rendered":"<p><span style=\"color: #000000;\">Nueva joya literaria de Alejandro P\u00e9rez Guill\u00e9n, quien vuelve a adentrarse en la prosa po\u00e9tica m\u00e1s profunda, la que nace desde su coraz\u00f3n, desde sus manos, desde sus propios sentimientos, desde la existencia del ser humano, desde el origen del mismo, desde el arte de caminar sin ropa.<\/span><\/p>\n","protected":false},"featured_media":16598,"comment_status":"closed","ping_status":"closed","template":"","meta":{"_acf_changed":false,"_et_pb_use_builder":"","_et_pb_old_content":"","_et_gb_content_width":""},"product_brand":[],"product_cat":[47],"product_tag":[294],"class_list":{"0":"post-16475","1":"product","2":"type-product","3":"status-publish","4":"has-post-thumbnail","6":"product_cat-otras-narrativas","7":"product_tag-prosa-poetica-amor-vida","9":"first","10":"instock","11":"taxable","12":"shipping-taxable","13":"purchasable","14":"product-type-simple"},"acf":[],"yoast_head":"<!-- This site is optimized with the Yoast SEO plugin v27.5 - https:\/\/yoast.com\/product\/yoast-seo-wordpress\/ -->\n<title>Arroparte o el arte de caminar sin ropa - Ediciones Alfar<\/title>\n<meta name=\"robots\" content=\"index, follow, max-snippet:-1, max-image-preview:large, max-video-preview:-1\" \/>\n<link rel=\"canonical\" href=\"https:\/\/edicionesalfar.es\/es\/producto\/arroparte-o-el-arte-de-caminar-sin-ropa\/\" \/>\n<meta property=\"og:locale\" content=\"es_ES\" \/>\n<meta property=\"og:type\" content=\"article\" \/>\n<meta property=\"og:title\" content=\"Arroparte o el arte de caminar sin ropa - Ediciones Alfar\" \/>\n<meta property=\"og:description\" content=\"Nueva joya literaria de Alejandro P\u00e9rez Guill\u00e9n, quien vuelve a adentrarse en la prosa po\u00e9tica m\u00e1s profunda, la que nace desde su coraz\u00f3n, desde sus manos, desde sus propios sentimientos, desde la existencia del ser humano, desde el origen del mismo, desde el arte de caminar sin ropa.\" \/>\n<meta property=\"og:url\" content=\"https:\/\/edicionesalfar.es\/es\/producto\/arroparte-o-el-arte-de-caminar-sin-ropa\/\" \/>\n<meta property=\"og:site_name\" content=\"Ediciones Alfar\" \/>\n<meta property=\"article:modified_time\" content=\"2021-12-23T12:46:27+00:00\" \/>\n<meta property=\"og:image\" content=\"https:\/\/edicionesalfar.es\/es\/wp-content\/uploads\/2020\/12\/mockup_arroparte-www.jpg\" \/>\n\t<meta property=\"og:image:width\" content=\"1162\" \/>\n\t<meta property=\"og:image:height\" content=\"1302\" \/>\n\t<meta property=\"og:image:type\" content=\"image\/jpeg\" \/>\n<meta name=\"twitter:card\" content=\"summary_large_image\" \/>\n<meta name=\"twitter:label1\" content=\"Tiempo de lectura\" \/>\n\t<meta name=\"twitter:data1\" content=\"2 minutos\" \/>\n<script type=\"application\/ld+json\" class=\"yoast-schema-graph\">{\"@context\":\"https:\\\/\\\/schema.org\",\"@graph\":[{\"@type\":\"WebPage\",\"@id\":\"https:\\\/\\\/edicionesalfar.es\\\/es\\\/producto\\\/arroparte-o-el-arte-de-caminar-sin-ropa\\\/\",\"url\":\"https:\\\/\\\/edicionesalfar.es\\\/es\\\/producto\\\/arroparte-o-el-arte-de-caminar-sin-ropa\\\/\",\"name\":\"Arroparte o el arte de caminar sin ropa - Ediciones Alfar\",\"isPartOf\":{\"@id\":\"https:\\\/\\\/edicionesalfar.es\\\/es\\\/#website\"},\"primaryImageOfPage\":{\"@id\":\"https:\\\/\\\/edicionesalfar.es\\\/es\\\/producto\\\/arroparte-o-el-arte-de-caminar-sin-ropa\\\/#primaryimage\"},\"image\":{\"@id\":\"https:\\\/\\\/edicionesalfar.es\\\/es\\\/producto\\\/arroparte-o-el-arte-de-caminar-sin-ropa\\\/#primaryimage\"},\"thumbnailUrl\":\"https:\\\/\\\/edicionesalfar.es\\\/es\\\/wp-content\\\/uploads\\\/2020\\\/12\\\/mockup_arroparte-www.jpg\",\"datePublished\":\"2020-12-15T14:07:08+00:00\",\"dateModified\":\"2021-12-23T12:46:27+00:00\",\"breadcrumb\":{\"@id\":\"https:\\\/\\\/edicionesalfar.es\\\/es\\\/producto\\\/arroparte-o-el-arte-de-caminar-sin-ropa\\\/#breadcrumb\"},\"inLanguage\":\"es\",\"potentialAction\":[{\"@type\":\"ReadAction\",\"target\":[\"https:\\\/\\\/edicionesalfar.es\\\/es\\\/producto\\\/arroparte-o-el-arte-de-caminar-sin-ropa\\\/\"]}]},{\"@type\":\"ImageObject\",\"inLanguage\":\"es\",\"@id\":\"https:\\\/\\\/edicionesalfar.es\\\/es\\\/producto\\\/arroparte-o-el-arte-de-caminar-sin-ropa\\\/#primaryimage\",\"url\":\"https:\\\/\\\/edicionesalfar.es\\\/es\\\/wp-content\\\/uploads\\\/2020\\\/12\\\/mockup_arroparte-www.jpg\",\"contentUrl\":\"https:\\\/\\\/edicionesalfar.es\\\/es\\\/wp-content\\\/uploads\\\/2020\\\/12\\\/mockup_arroparte-www.jpg\",\"width\":1162,\"height\":1302},{\"@type\":\"BreadcrumbList\",\"@id\":\"https:\\\/\\\/edicionesalfar.es\\\/es\\\/producto\\\/arroparte-o-el-arte-de-caminar-sin-ropa\\\/#breadcrumb\",\"itemListElement\":[{\"@type\":\"ListItem\",\"position\":1,\"name\":\"Portada\",\"item\":\"https:\\\/\\\/edicionesalfar.es\\\/es\\\/\"},{\"@type\":\"ListItem\",\"position\":2,\"name\":\"Cat\u00e1logo\",\"item\":\"https:\\\/\\\/edicionesalfar.es\\\/es\\\/catalogo\\\/\"},{\"@type\":\"ListItem\",\"position\":3,\"name\":\"Arroparte o el arte de caminar sin ropa\"}]},{\"@type\":\"WebSite\",\"@id\":\"https:\\\/\\\/edicionesalfar.es\\\/es\\\/#website\",\"url\":\"https:\\\/\\\/edicionesalfar.es\\\/es\\\/\",\"name\":\"Ediciones Alfar\",\"description\":\"\",\"potentialAction\":[{\"@type\":\"SearchAction\",\"target\":{\"@type\":\"EntryPoint\",\"urlTemplate\":\"https:\\\/\\\/edicionesalfar.es\\\/es\\\/?s={search_term_string}\"},\"query-input\":{\"@type\":\"PropertyValueSpecification\",\"valueRequired\":true,\"valueName\":\"search_term_string\"}}],\"inLanguage\":\"es\"}]}<\/script>\n<!-- \/ Yoast SEO plugin. -->","yoast_head_json":{"title":"Arroparte o el arte de caminar sin ropa - Ediciones Alfar","robots":{"index":"index","follow":"follow","max-snippet":"max-snippet:-1","max-image-preview":"max-image-preview:large","max-video-preview":"max-video-preview:-1"},"canonical":"https:\/\/edicionesalfar.es\/es\/producto\/arroparte-o-el-arte-de-caminar-sin-ropa\/","og_locale":"es_ES","og_type":"article","og_title":"Arroparte o el arte de caminar sin ropa - Ediciones Alfar","og_description":"Nueva joya literaria de Alejandro P\u00e9rez Guill\u00e9n, quien vuelve a adentrarse en la prosa po\u00e9tica m\u00e1s profunda, la que nace desde su coraz\u00f3n, desde sus manos, desde sus propios sentimientos, desde la existencia del ser humano, desde el origen del mismo, desde el arte de caminar sin ropa.","og_url":"https:\/\/edicionesalfar.es\/es\/producto\/arroparte-o-el-arte-de-caminar-sin-ropa\/","og_site_name":"Ediciones Alfar","article_modified_time":"2021-12-23T12:46:27+00:00","og_image":[{"width":1162,"height":1302,"url":"https:\/\/edicionesalfar.es\/es\/wp-content\/uploads\/2020\/12\/mockup_arroparte-www.jpg","type":"image\/jpeg"}],"twitter_card":"summary_large_image","twitter_misc":{"Tiempo de lectura":"2 minutos"},"schema":{"@context":"https:\/\/schema.org","@graph":[{"@type":"WebPage","@id":"https:\/\/edicionesalfar.es\/es\/producto\/arroparte-o-el-arte-de-caminar-sin-ropa\/","url":"https:\/\/edicionesalfar.es\/es\/producto\/arroparte-o-el-arte-de-caminar-sin-ropa\/","name":"Arroparte o el arte de caminar sin ropa - Ediciones Alfar","isPartOf":{"@id":"https:\/\/edicionesalfar.es\/es\/#website"},"primaryImageOfPage":{"@id":"https:\/\/edicionesalfar.es\/es\/producto\/arroparte-o-el-arte-de-caminar-sin-ropa\/#primaryimage"},"image":{"@id":"https:\/\/edicionesalfar.es\/es\/producto\/arroparte-o-el-arte-de-caminar-sin-ropa\/#primaryimage"},"thumbnailUrl":"https:\/\/edicionesalfar.es\/es\/wp-content\/uploads\/2020\/12\/mockup_arroparte-www.jpg","datePublished":"2020-12-15T14:07:08+00:00","dateModified":"2021-12-23T12:46:27+00:00","breadcrumb":{"@id":"https:\/\/edicionesalfar.es\/es\/producto\/arroparte-o-el-arte-de-caminar-sin-ropa\/#breadcrumb"},"inLanguage":"es","potentialAction":[{"@type":"ReadAction","target":["https:\/\/edicionesalfar.es\/es\/producto\/arroparte-o-el-arte-de-caminar-sin-ropa\/"]}]},{"@type":"ImageObject","inLanguage":"es","@id":"https:\/\/edicionesalfar.es\/es\/producto\/arroparte-o-el-arte-de-caminar-sin-ropa\/#primaryimage","url":"https:\/\/edicionesalfar.es\/es\/wp-content\/uploads\/2020\/12\/mockup_arroparte-www.jpg","contentUrl":"https:\/\/edicionesalfar.es\/es\/wp-content\/uploads\/2020\/12\/mockup_arroparte-www.jpg","width":1162,"height":1302},{"@type":"BreadcrumbList","@id":"https:\/\/edicionesalfar.es\/es\/producto\/arroparte-o-el-arte-de-caminar-sin-ropa\/#breadcrumb","itemListElement":[{"@type":"ListItem","position":1,"name":"Portada","item":"https:\/\/edicionesalfar.es\/es\/"},{"@type":"ListItem","position":2,"name":"Cat\u00e1logo","item":"https:\/\/edicionesalfar.es\/es\/catalogo\/"},{"@type":"ListItem","position":3,"name":"Arroparte o el arte de caminar sin ropa"}]},{"@type":"WebSite","@id":"https:\/\/edicionesalfar.es\/es\/#website","url":"https:\/\/edicionesalfar.es\/es\/","name":"Ediciones Alfar","description":"","potentialAction":[{"@type":"SearchAction","target":{"@type":"EntryPoint","urlTemplate":"https:\/\/edicionesalfar.es\/es\/?s={search_term_string}"},"query-input":{"@type":"PropertyValueSpecification","valueRequired":true,"valueName":"search_term_string"}}],"inLanguage":"es"}]}},"_links":{"self":[{"href":"https:\/\/edicionesalfar.es\/es\/wp-json\/wp\/v2\/product\/16475","targetHints":{"allow":["GET"]}}],"collection":[{"href":"https:\/\/edicionesalfar.es\/es\/wp-json\/wp\/v2\/product"}],"about":[{"href":"https:\/\/edicionesalfar.es\/es\/wp-json\/wp\/v2\/types\/product"}],"replies":[{"embeddable":true,"href":"https:\/\/edicionesalfar.es\/es\/wp-json\/wp\/v2\/comments?post=16475"}],"wp:featuredmedia":[{"embeddable":true,"href":"https:\/\/edicionesalfar.es\/es\/wp-json\/wp\/v2\/media\/16598"}],"wp:attachment":[{"href":"https:\/\/edicionesalfar.es\/es\/wp-json\/wp\/v2\/media?parent=16475"}],"wp:term":[{"taxonomy":"product_brand","embeddable":true,"href":"https:\/\/edicionesalfar.es\/es\/wp-json\/wp\/v2\/product_brand?post=16475"},{"taxonomy":"product_cat","embeddable":true,"href":"https:\/\/edicionesalfar.es\/es\/wp-json\/wp\/v2\/product_cat?post=16475"},{"taxonomy":"product_tag","embeddable":true,"href":"https:\/\/edicionesalfar.es\/es\/wp-json\/wp\/v2\/product_tag?post=16475"}],"curies":[{"name":"wp","href":"https:\/\/api.w.org\/{rel}","templated":true}]}}

<p><span style="color: #000000;">Alejandro es de esas personas que dejan huella. Lo mismo ocurre con sus escritos. Es un mordisco que te </span><span style="color: #000000;">atrapa. Es imposible adentrarse en sus textos y que pasen indiferentes por tu persona. Su generosidad, su </span><span style="color: #000000;">simpatía, su entrega y su sensibilidad como ser humano traspasan los muros sociales del silencio emocional. </span><span style="color: #000000;">Alejandro abre ventanas para dejar fluir las emociones que todos sentimos. Leer sus páginas es atravesar la </span><span style="color: #000000;">piel y sentir los latidos desnudos del alma. Bajo las raíces de sus palabras encontrarás el calor de una vida, </span><span style="color: #000000;">un mundo tan real como la existencia, un amor capaz de tejer las costuras descosidas y un sentimiento tan </span><span style="color: #000000;">auténtico que nos lleva a soñar entre suspiros con su lectura. Una escritura que invita a darle cuerpo a la esperanza, </span><span style="color: #000000;">una prosa poética que nos reconcilia con nuestras propias sombras hasta amanecer con ese aroma </span><span style="color: #000000;">de pan recién hecho. Todo un viaje al interior de uno mismo, todo un arte de caminar sin ropa.</span></p>
<p><span style="color: #000000;"><img decoding="async" class="wp-image-16477 alignleft" src="https://edicionesalfar.es/es/wp-content/uploads/2020/12/IMG-20201116-WA0007-254x300.jpg" alt="" width="151" height="139" />Alejandro Pérez Guillén (Benalup-Casas Viejas, 1973) es Licenciado en Filología Hispánica por la Universidad </span><span style="color: #000000;">de Cádiz. En la actualidad trabaja como responsable de la Biblioteca Pública Municipal y como </span><span style="color: #000000;">animador cultural de su localidad. Ha publicado los siguientes poemarios:<em> Entrevista con la palabra</em> (Ayto. </span><span style="color: #000000;">Benalup-CV, 1997), <em>Sueños de hadas sin hada madrina</em> (Alhulia, 2003), <em>Monedas de papel</em> (Diputación de </span><span style="color: #000000;">Cádiz, 2006), <em>Matar a Narciso</em> (Alfar, 2012), <em>En manos de Orfeo</em> (Renacimiento, 2014) y <em>Sol de invierno contra </em></span><span style="color: #000000;"><em>la borrasca</em> (Vitruvio, 2018). También es autor de los cuadernillos <em>El cadáver dormido de la historia</em> y <em>Tardes </em></span><span style="color: #000000;"><em>en fuga</em>, del libro de relatos <em>La otra realidad</em> (Aladena, 2009) y del libro de prosa poética titulado <em>Re-flexiones: </em></span><span style="color: #000000;"><em>ejercicios para el corazón</em> (Alfar, 2016). Ha sido incluido en las antologías <em>Recital Chilango andaluz 2006. </em></span><span style="color: #000000;"><em>Antología</em>. Y <em>Diez voces de la poesía actual 2017</em>. Ejerce como crítico literario y ha sido columnista de medios </span><span style="color: #000000;">de comunicación como el <em>Diario de Cádiz</em>. En la actualidad es el director de las colecciones Biblioteca de </span><span style="color: #000000;">Autores Contemporáneos (Serie Poesía) y Otras Poesías de Ediciones Alfar. Puedes visitar su web en: alejandroperezguillen.</span><span style="color: #000000;">es</span></p>

<p><span style="color: #000000;">Nueva joya literaria de Alejandro Pérez Guillén, quien vuelve a adentrarse en la prosa poética más profunda, la que nace desde su corazón, desde sus manos, desde sus propios sentimientos, desde la existencia del ser humano, desde el origen del mismo, desde el arte de caminar sin ropa.</span></p>

<!-- This site is optimized with the Yoast SEO plugin v27.5 - https://yoast.com/product/yoast-seo-wordpress/ -->
<title>Arroparte o el arte de caminar sin ropa - Ediciones Alfar</title>
<meta name="robots" content="index, follow, max-snippet:-1, max-image-preview:large, max-video-preview:-1" />
<link rel="canonical" href="https://edicionesalfar.es/es/producto/arroparte-o-el-arte-de-caminar-sin-ropa/" />
<meta property="og:locale" content="es_ES" />
<meta property="og:type" content="article" />
<meta property="og:title" content="Arroparte o el arte de caminar sin ropa - Ediciones Alfar" />
<meta property="og:description" content="Nueva joya literaria de Alejandro Pérez Guillén, quien vuelve a adentrarse en la prosa poética más profunda, la que nace desde su corazón, desde sus manos, desde sus propios sentimientos, desde la existencia del ser humano, desde el origen del mismo, desde el arte de caminar sin ropa." />
<meta property="og:url" content="https://edicionesalfar.es/es/producto/arroparte-o-el-arte-de-caminar-sin-ropa/" />
<meta property="og:site_name" content="Ediciones Alfar" />
<meta property="article:modified_time" content="2021-12-23T12:46:27+00:00" />
<meta property="og:image" content="https://edicionesalfar.es/es/wp-content/uploads/2020/12/mockup_arroparte-www.jpg" />
	<meta property="og:image:width" content="1162" />
	<meta property="og:image:height" content="1302" />
	<meta property="og:image:type" content="image/jpeg" />
<meta name="twitter:card" content="summary_large_image" />
<meta name="twitter:label1" content="Tiempo de lectura" />
	<meta name="twitter:data1" content="2 minutos" />
<script type="application/ld+json" class="yoast-schema-graph">{"@context":"https:\/\/schema.org","@graph":[{"@type":"WebPage","@id":"https:\/\/edicionesalfar.es\/es\/producto\/arroparte-o-el-arte-de-caminar-sin-ropa\/","url":"https:\/\/edicionesalfar.es\/es\/producto\/arroparte-o-el-arte-de-caminar-sin-ropa\/","name":"Arroparte o el arte de caminar sin ropa - Ediciones Alfar","isPartOf":{"@id":"https:\/\/edicionesalfar.es\/es\/#website"},"primaryImageOfPage":{"@id":"https:\/\/edicionesalfar.es\/es\/producto\/arroparte-o-el-arte-de-caminar-sin-ropa\/#primaryimage"},"image":{"@id":"https:\/\/edicionesalfar.es\/es\/producto\/arroparte-o-el-arte-de-caminar-sin-ropa\/#primaryimage"},"thumbnailUrl":"https:\/\/edicionesalfar.es\/es\/wp-content\/uploads\/2020\/12\/mockup_arroparte-www.jpg","datePublished":"2020-12-15T14:07:08+00:00","dateModified":"2021-12-23T12:46:27+00:00","breadcrumb":{"@id":"https:\/\/edicionesalfar.es\/es\/producto\/arroparte-o-el-arte-de-caminar-sin-ropa\/#breadcrumb"},"inLanguage":"es","potentialAction":[{"@type":"ReadAction","target":["https:\/\/edicionesalfar.es\/es\/producto\/arroparte-o-el-arte-de-caminar-sin-ropa\/"]}]},{"@type":"ImageObject","inLanguage":"es","@id":"https:\/\/edicionesalfar.es\/es\/producto\/arroparte-o-el-arte-de-caminar-sin-ropa\/#primaryimage","url":"https:\/\/edicionesalfar.es\/es\/wp-content\/uploads\/2020\/12\/mockup_arroparte-www.jpg","contentUrl":"https:\/\/edicionesalfar.es\/es\/wp-content\/uploads\/2020\/12\/mockup_arroparte-www.jpg","width":1162,"height":1302},{"@type":"BreadcrumbList","@id":"https:\/\/edicionesalfar.es\/es\/producto\/arroparte-o-el-arte-de-caminar-sin-ropa\/#breadcrumb","itemListElement":[{"@type":"ListItem","position":1,"name":"Portada","item":"https:\/\/edicionesalfar.es\/es\/"},{"@type":"ListItem","position":2,"name":"Catálogo","item":"https:\/\/edicionesalfar.es\/es\/catalogo\/"},{"@type":"ListItem","position":3,"name":"Arroparte o el arte de caminar sin ropa"}]},{"@type":"WebSite","@id":"https:\/\/edicionesalfar.es\/es\/#website","url":"https:\/\/edicionesalfar.es\/es\/","name":"Ediciones Alfar","description":"","potentialAction":[{"@type":"SearchAction","target":{"@type":"EntryPoint","urlTemplate":"https:\/\/edicionesalfar.es\/es\/?s={search_term_string}"},"query-input":{"@type":"PropertyValueSpecification","valueRequired":true,"valueName":"search_term_string"}}],"inLanguage":"es"}]}</script>
<!-- / Yoast SEO plugin. -->

Nueva joya literaria de Alejandro Pérez Guillén, quien vuelve a adentrarse en la prosa poética más profunda, la que nace desde su corazón, desde sus manos, desde sus propios sentimientos, desde la existencia del ser humano, desde el origen del mismo, desde el arte de caminar sin ropa.

Catálogo
