{"id":16052,"date":"2020-06-30T14:59:36","date_gmt":"2020-06-30T12:59:36","guid":{"rendered":"https:\/\/www.edicionesalfar.es\/es\/?post_type=product&#038;p=16052"},"modified":"2020-07-08T13:47:22","modified_gmt":"2020-07-08T11:47:22","slug":"xx-certamen-literario-villa-de-marchena","status":"publish","type":"product","link":"https:\/\/edicionesalfar.es\/es\/producto\/xx-certamen-literario-villa-de-marchena\/","title":{"rendered":"XX Certamen Literario Villa de Marchena"},"content":{"rendered":"<p><span style=\"color: #000000;\">Obra que recopila las obras ganadoras del reconocido Certamen Literario Villa de Marchena. Memorial <\/span><span style=\"color: #000000;\">Rosario Mart\u00edn en su vig\u00e9sima edici\u00f3n.<\/span><\/p>\n<p><span style=\"color: #000000;\">Obras ganadoras:<\/span><br \/>\n<span style=\"color: #000000;\">Poes\u00eda: El verdadero amor (Laura Ruiz Guerrero); Me siento preso de tus murallas (Alberto Pulido Morej\u00f3n); <\/span><span style=\"color: #000000;\">Yo, luna (Macarena Fuentes G\u00f3mez); Soledad (Pilar Ojeda L\u00f3pez); Es de la noche (Ra\u00fal Romera Morilla); <\/span><span style=\"color: #000000;\">Por si no te acuerdas (Manuel S\u00e1nchez G\u00f3mez) y Hablemos (Leopoldo Esp\u00ednola Guzm\u00e1n).<\/span><br \/>\n<span style=\"color: #000000;\">Relatos: El cuaderno gastado (Javier Seoane \u00c1lvarez); Una vida dolorosa (Pablo L\u00f3pez M\u00e1rmol); Un tonto <\/span><span style=\"color: #000000;\">inconformista (Mar\u00eda Isabel Carmona Bono); Mercenario (Francisco Zamora D\u00edaz); Supervivencia (Miguel <\/span><span style=\"color: #000000;\">Trigueros Zamudio); La ni\u00f1a que se cre\u00eda Segismundo (Jos\u00e9 Domingo Mora Mora); Las brujas van en bicicleta <\/span><span style=\"color: #000000;\">(Miguel \u00c1ngel Gayo S\u00e1nchez) y Hombres sucios (Rafael Trujillo Navas).<\/span><br \/>\n<span style=\"color: #000000;\">Ensayo: El agua en al-Andalus. Hip\u00f3tesis sobre la Marchena andalus\u00ed (Jos\u00e9 Manuel Dur\u00e1n Moreno); La <\/span><span style=\"color: #000000;\">primera circunnavegaci\u00f3n: \u00bfun proyecto ib\u00e9rico? (Jos\u00e9 Mu\u00f1oz Cabrera); Or\u00edgenes y constituciones de la <\/span><span style=\"color: #000000;\">primera Congregaci\u00f3n de la Divina Pastora de Marchena (Sevilla) (Joaqu\u00edn M\u00e1rquez Rodr\u00edguez).<\/span><\/p>\n","protected":false},"excerpt":{"rendered":"<p><span style=\"color: #000000;\">Obra que recopila las obras ganadoras del reconocido Certamen Literario Villa de Marchena. Memorial Rosario Mart\u00edn en su vig\u00e9sima edici\u00f3n.<\/span><\/p>\n","protected":false},"featured_media":16095,"comment_status":"closed","ping_status":"closed","template":"","meta":{"_acf_changed":false,"_et_pb_use_builder":"","_et_pb_old_content":"","_et_gb_content_width":""},"product_brand":[],"product_cat":[42],"product_tag":[222],"class_list":{"0":"post-16052","1":"product","2":"type-product","3":"status-publish","4":"has-post-thumbnail","6":"product_cat-fuera-coleccion","7":"product_tag-certamen-literario-marchena","9":"first","10":"instock","11":"taxable","12":"shipping-taxable","13":"purchasable","14":"product-type-simple"},"acf":[],"yoast_head":"<!-- This site is optimized with the Yoast SEO plugin v27.4 - https:\/\/yoast.com\/product\/yoast-seo-wordpress\/ -->\n<title>XX Certamen Literario Villa de Marchena - Ediciones Alfar<\/title>\n<meta name=\"robots\" content=\"index, follow, max-snippet:-1, max-image-preview:large, max-video-preview:-1\" \/>\n<link rel=\"canonical\" href=\"https:\/\/edicionesalfar.es\/es\/producto\/xx-certamen-literario-villa-de-marchena\/\" \/>\n<meta property=\"og:locale\" content=\"es_ES\" \/>\n<meta property=\"og:type\" content=\"article\" \/>\n<meta property=\"og:title\" content=\"XX Certamen Literario Villa de Marchena - Ediciones Alfar\" \/>\n<meta property=\"og:description\" content=\"Obra que recopila las obras ganadoras del reconocido Certamen Literario Villa de Marchena. Memorial Rosario Mart\u00edn en su vig\u00e9sima edici\u00f3n.\" \/>\n<meta property=\"og:url\" content=\"https:\/\/edicionesalfar.es\/es\/producto\/xx-certamen-literario-villa-de-marchena\/\" \/>\n<meta property=\"og:site_name\" content=\"Ediciones Alfar\" \/>\n<meta property=\"article:modified_time\" content=\"2020-07-08T11:47:22+00:00\" \/>\n<meta property=\"og:image\" content=\"https:\/\/edicionesalfar.es\/es\/wp-content\/uploads\/2020\/06\/XX-Certamen-Literario-mokup-sencillo-pre-1-scaled.jpg\" \/>\n\t<meta property=\"og:image:width\" content=\"1934\" \/>\n\t<meta property=\"og:image:height\" content=\"2560\" \/>\n\t<meta property=\"og:image:type\" content=\"image\/jpeg\" \/>\n<meta name=\"twitter:card\" content=\"summary_large_image\" \/>\n<meta name=\"twitter:label1\" content=\"Tiempo de lectura\" \/>\n\t<meta name=\"twitter:data1\" content=\"1 minuto\" \/>\n<script type=\"application\/ld+json\" class=\"yoast-schema-graph\">{\"@context\":\"https:\\\/\\\/schema.org\",\"@graph\":[{\"@type\":\"WebPage\",\"@id\":\"https:\\\/\\\/edicionesalfar.es\\\/es\\\/producto\\\/xx-certamen-literario-villa-de-marchena\\\/\",\"url\":\"https:\\\/\\\/edicionesalfar.es\\\/es\\\/producto\\\/xx-certamen-literario-villa-de-marchena\\\/\",\"name\":\"XX Certamen Literario Villa de Marchena - Ediciones Alfar\",\"isPartOf\":{\"@id\":\"https:\\\/\\\/edicionesalfar.es\\\/es\\\/#website\"},\"primaryImageOfPage\":{\"@id\":\"https:\\\/\\\/edicionesalfar.es\\\/es\\\/producto\\\/xx-certamen-literario-villa-de-marchena\\\/#primaryimage\"},\"image\":{\"@id\":\"https:\\\/\\\/edicionesalfar.es\\\/es\\\/producto\\\/xx-certamen-literario-villa-de-marchena\\\/#primaryimage\"},\"thumbnailUrl\":\"https:\\\/\\\/edicionesalfar.es\\\/es\\\/wp-content\\\/uploads\\\/2020\\\/06\\\/XX-Certamen-Literario-mokup-sencillo-pre-1-scaled.jpg\",\"datePublished\":\"2020-06-30T12:59:36+00:00\",\"dateModified\":\"2020-07-08T11:47:22+00:00\",\"breadcrumb\":{\"@id\":\"https:\\\/\\\/edicionesalfar.es\\\/es\\\/producto\\\/xx-certamen-literario-villa-de-marchena\\\/#breadcrumb\"},\"inLanguage\":\"es\",\"potentialAction\":[{\"@type\":\"ReadAction\",\"target\":[\"https:\\\/\\\/edicionesalfar.es\\\/es\\\/producto\\\/xx-certamen-literario-villa-de-marchena\\\/\"]}]},{\"@type\":\"ImageObject\",\"inLanguage\":\"es\",\"@id\":\"https:\\\/\\\/edicionesalfar.es\\\/es\\\/producto\\\/xx-certamen-literario-villa-de-marchena\\\/#primaryimage\",\"url\":\"https:\\\/\\\/edicionesalfar.es\\\/es\\\/wp-content\\\/uploads\\\/2020\\\/06\\\/XX-Certamen-Literario-mokup-sencillo-pre-1-scaled.jpg\",\"contentUrl\":\"https:\\\/\\\/edicionesalfar.es\\\/es\\\/wp-content\\\/uploads\\\/2020\\\/06\\\/XX-Certamen-Literario-mokup-sencillo-pre-1-scaled.jpg\",\"width\":1934,\"height\":2560},{\"@type\":\"BreadcrumbList\",\"@id\":\"https:\\\/\\\/edicionesalfar.es\\\/es\\\/producto\\\/xx-certamen-literario-villa-de-marchena\\\/#breadcrumb\",\"itemListElement\":[{\"@type\":\"ListItem\",\"position\":1,\"name\":\"Portada\",\"item\":\"https:\\\/\\\/edicionesalfar.es\\\/es\\\/\"},{\"@type\":\"ListItem\",\"position\":2,\"name\":\"Cat\u00e1logo\",\"item\":\"https:\\\/\\\/edicionesalfar.es\\\/es\\\/catalogo\\\/\"},{\"@type\":\"ListItem\",\"position\":3,\"name\":\"XX Certamen Literario Villa de Marchena\"}]},{\"@type\":\"WebSite\",\"@id\":\"https:\\\/\\\/edicionesalfar.es\\\/es\\\/#website\",\"url\":\"https:\\\/\\\/edicionesalfar.es\\\/es\\\/\",\"name\":\"Ediciones Alfar\",\"description\":\"\",\"potentialAction\":[{\"@type\":\"SearchAction\",\"target\":{\"@type\":\"EntryPoint\",\"urlTemplate\":\"https:\\\/\\\/edicionesalfar.es\\\/es\\\/?s={search_term_string}\"},\"query-input\":{\"@type\":\"PropertyValueSpecification\",\"valueRequired\":true,\"valueName\":\"search_term_string\"}}],\"inLanguage\":\"es\"}]}<\/script>\n<!-- \/ Yoast SEO plugin. -->","yoast_head_json":{"title":"XX Certamen Literario Villa de Marchena - Ediciones Alfar","robots":{"index":"index","follow":"follow","max-snippet":"max-snippet:-1","max-image-preview":"max-image-preview:large","max-video-preview":"max-video-preview:-1"},"canonical":"https:\/\/edicionesalfar.es\/es\/producto\/xx-certamen-literario-villa-de-marchena\/","og_locale":"es_ES","og_type":"article","og_title":"XX Certamen Literario Villa de Marchena - Ediciones Alfar","og_description":"Obra que recopila las obras ganadoras del reconocido Certamen Literario Villa de Marchena. Memorial Rosario Mart\u00edn en su vig\u00e9sima edici\u00f3n.","og_url":"https:\/\/edicionesalfar.es\/es\/producto\/xx-certamen-literario-villa-de-marchena\/","og_site_name":"Ediciones Alfar","article_modified_time":"2020-07-08T11:47:22+00:00","og_image":[{"width":1934,"height":2560,"url":"https:\/\/edicionesalfar.es\/es\/wp-content\/uploads\/2020\/06\/XX-Certamen-Literario-mokup-sencillo-pre-1-scaled.jpg","type":"image\/jpeg"}],"twitter_card":"summary_large_image","twitter_misc":{"Tiempo de lectura":"1 minuto"},"schema":{"@context":"https:\/\/schema.org","@graph":[{"@type":"WebPage","@id":"https:\/\/edicionesalfar.es\/es\/producto\/xx-certamen-literario-villa-de-marchena\/","url":"https:\/\/edicionesalfar.es\/es\/producto\/xx-certamen-literario-villa-de-marchena\/","name":"XX Certamen Literario Villa de Marchena - Ediciones Alfar","isPartOf":{"@id":"https:\/\/edicionesalfar.es\/es\/#website"},"primaryImageOfPage":{"@id":"https:\/\/edicionesalfar.es\/es\/producto\/xx-certamen-literario-villa-de-marchena\/#primaryimage"},"image":{"@id":"https:\/\/edicionesalfar.es\/es\/producto\/xx-certamen-literario-villa-de-marchena\/#primaryimage"},"thumbnailUrl":"https:\/\/edicionesalfar.es\/es\/wp-content\/uploads\/2020\/06\/XX-Certamen-Literario-mokup-sencillo-pre-1-scaled.jpg","datePublished":"2020-06-30T12:59:36+00:00","dateModified":"2020-07-08T11:47:22+00:00","breadcrumb":{"@id":"https:\/\/edicionesalfar.es\/es\/producto\/xx-certamen-literario-villa-de-marchena\/#breadcrumb"},"inLanguage":"es","potentialAction":[{"@type":"ReadAction","target":["https:\/\/edicionesalfar.es\/es\/producto\/xx-certamen-literario-villa-de-marchena\/"]}]},{"@type":"ImageObject","inLanguage":"es","@id":"https:\/\/edicionesalfar.es\/es\/producto\/xx-certamen-literario-villa-de-marchena\/#primaryimage","url":"https:\/\/edicionesalfar.es\/es\/wp-content\/uploads\/2020\/06\/XX-Certamen-Literario-mokup-sencillo-pre-1-scaled.jpg","contentUrl":"https:\/\/edicionesalfar.es\/es\/wp-content\/uploads\/2020\/06\/XX-Certamen-Literario-mokup-sencillo-pre-1-scaled.jpg","width":1934,"height":2560},{"@type":"BreadcrumbList","@id":"https:\/\/edicionesalfar.es\/es\/producto\/xx-certamen-literario-villa-de-marchena\/#breadcrumb","itemListElement":[{"@type":"ListItem","position":1,"name":"Portada","item":"https:\/\/edicionesalfar.es\/es\/"},{"@type":"ListItem","position":2,"name":"Cat\u00e1logo","item":"https:\/\/edicionesalfar.es\/es\/catalogo\/"},{"@type":"ListItem","position":3,"name":"XX Certamen Literario Villa de Marchena"}]},{"@type":"WebSite","@id":"https:\/\/edicionesalfar.es\/es\/#website","url":"https:\/\/edicionesalfar.es\/es\/","name":"Ediciones Alfar","description":"","potentialAction":[{"@type":"SearchAction","target":{"@type":"EntryPoint","urlTemplate":"https:\/\/edicionesalfar.es\/es\/?s={search_term_string}"},"query-input":{"@type":"PropertyValueSpecification","valueRequired":true,"valueName":"search_term_string"}}],"inLanguage":"es"}]}},"_links":{"self":[{"href":"https:\/\/edicionesalfar.es\/es\/wp-json\/wp\/v2\/product\/16052","targetHints":{"allow":["GET"]}}],"collection":[{"href":"https:\/\/edicionesalfar.es\/es\/wp-json\/wp\/v2\/product"}],"about":[{"href":"https:\/\/edicionesalfar.es\/es\/wp-json\/wp\/v2\/types\/product"}],"replies":[{"embeddable":true,"href":"https:\/\/edicionesalfar.es\/es\/wp-json\/wp\/v2\/comments?post=16052"}],"wp:featuredmedia":[{"embeddable":true,"href":"https:\/\/edicionesalfar.es\/es\/wp-json\/wp\/v2\/media\/16095"}],"wp:attachment":[{"href":"https:\/\/edicionesalfar.es\/es\/wp-json\/wp\/v2\/media?parent=16052"}],"wp:term":[{"taxonomy":"product_brand","embeddable":true,"href":"https:\/\/edicionesalfar.es\/es\/wp-json\/wp\/v2\/product_brand?post=16052"},{"taxonomy":"product_cat","embeddable":true,"href":"https:\/\/edicionesalfar.es\/es\/wp-json\/wp\/v2\/product_cat?post=16052"},{"taxonomy":"product_tag","embeddable":true,"href":"https:\/\/edicionesalfar.es\/es\/wp-json\/wp\/v2\/product_tag?post=16052"}],"curies":[{"name":"wp","href":"https:\/\/api.w.org\/{rel}","templated":true}]}}

<p><span style="color: #000000;">Obra que recopila las obras ganadoras del reconocido Certamen Literario Villa de Marchena. Memorial </span><span style="color: #000000;">Rosario Martín en su vigésima edición.</span></p>
<p><span style="color: #000000;">Obras ganadoras:</span><br />
<span style="color: #000000;">Poesía: El verdadero amor (Laura Ruiz Guerrero); Me siento preso de tus murallas (Alberto Pulido Morejón); </span><span style="color: #000000;">Yo, luna (Macarena Fuentes Gómez); Soledad (Pilar Ojeda López); Es de la noche (Raúl Romera Morilla); </span><span style="color: #000000;">Por si no te acuerdas (Manuel Sánchez Gómez) y Hablemos (Leopoldo Espínola Guzmán).</span><br />
<span style="color: #000000;">Relatos: El cuaderno gastado (Javier Seoane Álvarez); Una vida dolorosa (Pablo López Mármol); Un tonto </span><span style="color: #000000;">inconformista (María Isabel Carmona Bono); Mercenario (Francisco Zamora Díaz); Supervivencia (Miguel </span><span style="color: #000000;">Trigueros Zamudio); La niña que se creía Segismundo (José Domingo Mora Mora); Las brujas van en bicicleta </span><span style="color: #000000;">(Miguel Ángel Gayo Sánchez) y Hombres sucios (Rafael Trujillo Navas).</span><br />
<span style="color: #000000;">Ensayo: El agua en al-Andalus. Hipótesis sobre la Marchena andalusí (José Manuel Durán Moreno); La </span><span style="color: #000000;">primera circunnavegación: ¿un proyecto ibérico? (José Muñoz Cabrera); Orígenes y constituciones de la </span><span style="color: #000000;">primera Congregación de la Divina Pastora de Marchena (Sevilla) (Joaquín Márquez Rodríguez).</span></p>

<p><span style="color: #000000;">Obra que recopila las obras ganadoras del reconocido Certamen Literario Villa de Marchena. Memorial Rosario Martín en su vigésima edición.</span></p>

<!-- This site is optimized with the Yoast SEO plugin v27.4 - https://yoast.com/product/yoast-seo-wordpress/ -->
<title>XX Certamen Literario Villa de Marchena - Ediciones Alfar</title>
<meta name="robots" content="index, follow, max-snippet:-1, max-image-preview:large, max-video-preview:-1" />
<link rel="canonical" href="https://edicionesalfar.es/es/producto/xx-certamen-literario-villa-de-marchena/" />
<meta property="og:locale" content="es_ES" />
<meta property="og:type" content="article" />
<meta property="og:title" content="XX Certamen Literario Villa de Marchena - Ediciones Alfar" />
<meta property="og:description" content="Obra que recopila las obras ganadoras del reconocido Certamen Literario Villa de Marchena. Memorial Rosario Martín en su vigésima edición." />
<meta property="og:url" content="https://edicionesalfar.es/es/producto/xx-certamen-literario-villa-de-marchena/" />
<meta property="og:site_name" content="Ediciones Alfar" />
<meta property="article:modified_time" content="2020-07-08T11:47:22+00:00" />
<meta property="og:image" content="https://edicionesalfar.es/es/wp-content/uploads/2020/06/XX-Certamen-Literario-mokup-sencillo-pre-1-scaled.jpg" />
	<meta property="og:image:width" content="1934" />
	<meta property="og:image:height" content="2560" />
	<meta property="og:image:type" content="image/jpeg" />
<meta name="twitter:card" content="summary_large_image" />
<meta name="twitter:label1" content="Tiempo de lectura" />
	<meta name="twitter:data1" content="1 minuto" />
<script type="application/ld+json" class="yoast-schema-graph">{"@context":"https:\/\/schema.org","@graph":[{"@type":"WebPage","@id":"https:\/\/edicionesalfar.es\/es\/producto\/xx-certamen-literario-villa-de-marchena\/","url":"https:\/\/edicionesalfar.es\/es\/producto\/xx-certamen-literario-villa-de-marchena\/","name":"XX Certamen Literario Villa de Marchena - Ediciones Alfar","isPartOf":{"@id":"https:\/\/edicionesalfar.es\/es\/#website"},"primaryImageOfPage":{"@id":"https:\/\/edicionesalfar.es\/es\/producto\/xx-certamen-literario-villa-de-marchena\/#primaryimage"},"image":{"@id":"https:\/\/edicionesalfar.es\/es\/producto\/xx-certamen-literario-villa-de-marchena\/#primaryimage"},"thumbnailUrl":"https:\/\/edicionesalfar.es\/es\/wp-content\/uploads\/2020\/06\/XX-Certamen-Literario-mokup-sencillo-pre-1-scaled.jpg","datePublished":"2020-06-30T12:59:36+00:00","dateModified":"2020-07-08T11:47:22+00:00","breadcrumb":{"@id":"https:\/\/edicionesalfar.es\/es\/producto\/xx-certamen-literario-villa-de-marchena\/#breadcrumb"},"inLanguage":"es","potentialAction":[{"@type":"ReadAction","target":["https:\/\/edicionesalfar.es\/es\/producto\/xx-certamen-literario-villa-de-marchena\/"]}]},{"@type":"ImageObject","inLanguage":"es","@id":"https:\/\/edicionesalfar.es\/es\/producto\/xx-certamen-literario-villa-de-marchena\/#primaryimage","url":"https:\/\/edicionesalfar.es\/es\/wp-content\/uploads\/2020\/06\/XX-Certamen-Literario-mokup-sencillo-pre-1-scaled.jpg","contentUrl":"https:\/\/edicionesalfar.es\/es\/wp-content\/uploads\/2020\/06\/XX-Certamen-Literario-mokup-sencillo-pre-1-scaled.jpg","width":1934,"height":2560},{"@type":"BreadcrumbList","@id":"https:\/\/edicionesalfar.es\/es\/producto\/xx-certamen-literario-villa-de-marchena\/#breadcrumb","itemListElement":[{"@type":"ListItem","position":1,"name":"Portada","item":"https:\/\/edicionesalfar.es\/es\/"},{"@type":"ListItem","position":2,"name":"Catálogo","item":"https:\/\/edicionesalfar.es\/es\/catalogo\/"},{"@type":"ListItem","position":3,"name":"XX Certamen Literario Villa de Marchena"}]},{"@type":"WebSite","@id":"https:\/\/edicionesalfar.es\/es\/#website","url":"https:\/\/edicionesalfar.es\/es\/","name":"Ediciones Alfar","description":"","potentialAction":[{"@type":"SearchAction","target":{"@type":"EntryPoint","urlTemplate":"https:\/\/edicionesalfar.es\/es\/?s={search_term_string}"},"query-input":{"@type":"PropertyValueSpecification","valueRequired":true,"valueName":"search_term_string"}}],"inLanguage":"es"}]}</script>
<!-- / Yoast SEO plugin. -->

Obra que recopila las obras ganadoras del reconocido Certamen Literario Villa de Marchena. Memorial Rosario Martín en su vigésima edición.

Catálogo
