{"id":15352,"date":"2019-10-30T15:57:38","date_gmt":"2019-10-30T14:57:38","guid":{"rendered":"https:\/\/www.edicionesalfar.es\/es\/?post_type=product&#038;p=15352"},"modified":"2020-05-12T10:04:24","modified_gmt":"2020-05-12T08:04:24","slug":"la-cuaresma-segun-sevilla","status":"publish","type":"product","link":"https:\/\/edicionesalfar.es\/es\/producto\/la-cuaresma-segun-sevilla\/","title":{"rendered":"La Cuaresma seg\u00fan Sevilla"},"content":{"rendered":"<p><span style=\"color: #000000;\">Para la ciudad de Sevilla estas fechas cuaresmales son, adem\u00e1s de lo rese\u00f1ado anteriormente, una <\/span><span style=\"color: #000000;\">especia de cuenta atr\u00e1s en la que se van palpando, d\u00eda a d\u00eda, las disposiciones previas a la celebraci\u00f3n <\/span><span style=\"color: #000000;\">de la Semana Santa.<\/span><\/p>\n<p><span style=\"color: #000000;\">La Cuaresma ha motivado la raz\u00f3n de ser de este libro con el deseo de aportar un aglutinado an\u00e1lisis <\/span><span style=\"color: #000000;\">enriquecedor de la actividad cofrade durante estos d\u00edas preliminares a la Semana Mayor hispalense, <\/span><span style=\"color: #000000;\">propiciando una descripci\u00f3n cronol\u00f3gica de actos y cultos y potenciando, mediante la puesta en <\/span><span style=\"color: #000000;\">valor de la fren\u00e9tica actividad cofrade, un momento del a\u00f1o en la ciudad desconocido por muchos <\/span><span style=\"color: #000000;\">en su m\u00e1xima expresi\u00f3n.<\/span><\/p>\n<p><span style=\"color: #000000;\">V\u00eda Crucis, traslados, pregones y exaltaciones, besamanos, altares, conciertos, o subidas de las im\u00e1genes <\/span><span style=\"color: #000000;\">a los pasos procesionales, vienen a ser algunos momentos especiales de cita anual con los sentimientos <\/span><span style=\"color: #000000;\">y con la historia de la propia ciudad, en unas jornadas en las que Sevilla muestra lo mejor <\/span><span style=\"color: #000000;\">de s\u00ed misma en su patrimonio hist\u00f3rico, art\u00edstico, cultural, gastron\u00f3mico, tradicional y devocional <\/span><span style=\"color: #000000;\">a lo largo de cuarenta d\u00edas, ante los cuales revelamos los hitos m\u00e1s destacados para completar la <\/span><span style=\"color: #000000;\">agenda y vivir estas fechas.<\/span><\/p>\n<p><span style=\"color: #000000;\">Enrique Guevara P\u00e9rez y Jes\u00fas Romero Dorado son dos madrile\u00f1os apasionados por la Semana Santa <\/span><span style=\"color: #000000;\">de Sevilla. Ambos tiene un gran bagaje y recorrido en investigaciones, publicaciones, colaboraciones, <\/span><span style=\"color: #000000;\">participaci\u00f3n activa en Hermandades&#8230; en nuestra ciudad. Son un referente en la investigaci\u00f3n <\/span><span style=\"color: #000000;\">y publicaci\u00f3n de contenidos y en la colaboraci\u00f3n en medios sobre temas relacionados con nuestra <\/span><span style=\"color: #000000;\">Semana Santa.<\/span><\/p>\n","protected":false},"excerpt":{"rendered":"<p>Magn\u00edfico libro que nos muestra la esencia de la Cuaresma en la Semana Santa de Sevilla. Magn\u00edficos textos y fotograf\u00edas que har\u00e1n que el lector disfrute de estos cuarenta d\u00edas, que los viva y los sienta plasmados en el papel.<\/p>\n","protected":false},"featured_media":15408,"comment_status":"closed","ping_status":"closed","template":"","meta":{"_acf_changed":false,"_et_pb_use_builder":"","_et_pb_old_content":"","_et_gb_content_width":""},"product_brand":[],"product_cat":[52],"product_tag":[120],"class_list":{"0":"post-15352","1":"product","2":"type-product","3":"status-publish","4":"has-post-thumbnail","6":"product_cat-semana-santa","7":"product_tag-sevilla-semana-santa-cuaresma","9":"first","10":"instock","11":"taxable","12":"shipping-taxable","13":"purchasable","14":"product-type-simple"},"acf":[],"yoast_head":"<!-- This site is optimized with the Yoast SEO plugin v27.4 - https:\/\/yoast.com\/product\/yoast-seo-wordpress\/ -->\n<title>La Cuaresma seg\u00fan Sevilla - Ediciones Alfar<\/title>\n<meta name=\"robots\" content=\"index, follow, max-snippet:-1, max-image-preview:large, max-video-preview:-1\" \/>\n<link rel=\"canonical\" href=\"https:\/\/edicionesalfar.es\/es\/producto\/la-cuaresma-segun-sevilla\/\" \/>\n<meta property=\"og:locale\" content=\"es_ES\" \/>\n<meta property=\"og:type\" content=\"article\" \/>\n<meta property=\"og:title\" content=\"La Cuaresma seg\u00fan Sevilla - Ediciones Alfar\" \/>\n<meta property=\"og:description\" content=\"Magn\u00edfico libro que nos muestra la esencia de la Cuaresma en la Semana Santa de Sevilla. Magn\u00edficos textos y fotograf\u00edas que har\u00e1n que el lector disfrute de estos cuarenta d\u00edas, que los viva y los sienta plasmados en el papel.\" \/>\n<meta property=\"og:url\" content=\"https:\/\/edicionesalfar.es\/es\/producto\/la-cuaresma-segun-sevilla\/\" \/>\n<meta property=\"og:site_name\" content=\"Ediciones Alfar\" \/>\n<meta property=\"article:modified_time\" content=\"2020-05-12T08:04:24+00:00\" \/>\n<meta property=\"og:image\" content=\"https:\/\/edicionesalfar.es\/es\/wp-content\/uploads\/2019\/10\/La-Cuaresma-portada-web-previa-1.jpg\" \/>\n\t<meta property=\"og:image:width\" content=\"1310\" \/>\n\t<meta property=\"og:image:height\" content=\"1883\" \/>\n\t<meta property=\"og:image:type\" content=\"image\/jpeg\" \/>\n<meta name=\"twitter:card\" content=\"summary_large_image\" \/>\n<meta name=\"twitter:label1\" content=\"Tiempo de lectura\" \/>\n\t<meta name=\"twitter:data1\" content=\"1 minuto\" \/>\n<script type=\"application\/ld+json\" class=\"yoast-schema-graph\">{\"@context\":\"https:\\\/\\\/schema.org\",\"@graph\":[{\"@type\":\"WebPage\",\"@id\":\"https:\\\/\\\/edicionesalfar.es\\\/es\\\/producto\\\/la-cuaresma-segun-sevilla\\\/\",\"url\":\"https:\\\/\\\/edicionesalfar.es\\\/es\\\/producto\\\/la-cuaresma-segun-sevilla\\\/\",\"name\":\"La Cuaresma seg\u00fan Sevilla - Ediciones Alfar\",\"isPartOf\":{\"@id\":\"https:\\\/\\\/edicionesalfar.es\\\/es\\\/#website\"},\"primaryImageOfPage\":{\"@id\":\"https:\\\/\\\/edicionesalfar.es\\\/es\\\/producto\\\/la-cuaresma-segun-sevilla\\\/#primaryimage\"},\"image\":{\"@id\":\"https:\\\/\\\/edicionesalfar.es\\\/es\\\/producto\\\/la-cuaresma-segun-sevilla\\\/#primaryimage\"},\"thumbnailUrl\":\"https:\\\/\\\/edicionesalfar.es\\\/es\\\/wp-content\\\/uploads\\\/2019\\\/10\\\/La-Cuaresma-portada-web-previa-1.jpg\",\"datePublished\":\"2019-10-30T14:57:38+00:00\",\"dateModified\":\"2020-05-12T08:04:24+00:00\",\"breadcrumb\":{\"@id\":\"https:\\\/\\\/edicionesalfar.es\\\/es\\\/producto\\\/la-cuaresma-segun-sevilla\\\/#breadcrumb\"},\"inLanguage\":\"es\",\"potentialAction\":[{\"@type\":\"ReadAction\",\"target\":[\"https:\\\/\\\/edicionesalfar.es\\\/es\\\/producto\\\/la-cuaresma-segun-sevilla\\\/\"]}]},{\"@type\":\"ImageObject\",\"inLanguage\":\"es\",\"@id\":\"https:\\\/\\\/edicionesalfar.es\\\/es\\\/producto\\\/la-cuaresma-segun-sevilla\\\/#primaryimage\",\"url\":\"https:\\\/\\\/edicionesalfar.es\\\/es\\\/wp-content\\\/uploads\\\/2019\\\/10\\\/La-Cuaresma-portada-web-previa-1.jpg\",\"contentUrl\":\"https:\\\/\\\/edicionesalfar.es\\\/es\\\/wp-content\\\/uploads\\\/2019\\\/10\\\/La-Cuaresma-portada-web-previa-1.jpg\",\"width\":1310,\"height\":1883},{\"@type\":\"BreadcrumbList\",\"@id\":\"https:\\\/\\\/edicionesalfar.es\\\/es\\\/producto\\\/la-cuaresma-segun-sevilla\\\/#breadcrumb\",\"itemListElement\":[{\"@type\":\"ListItem\",\"position\":1,\"name\":\"Portada\",\"item\":\"https:\\\/\\\/edicionesalfar.es\\\/es\\\/\"},{\"@type\":\"ListItem\",\"position\":2,\"name\":\"Cat\u00e1logo\",\"item\":\"https:\\\/\\\/edicionesalfar.es\\\/es\\\/catalogo\\\/\"},{\"@type\":\"ListItem\",\"position\":3,\"name\":\"La Cuaresma seg\u00fan Sevilla\"}]},{\"@type\":\"WebSite\",\"@id\":\"https:\\\/\\\/edicionesalfar.es\\\/es\\\/#website\",\"url\":\"https:\\\/\\\/edicionesalfar.es\\\/es\\\/\",\"name\":\"Ediciones Alfar\",\"description\":\"\",\"potentialAction\":[{\"@type\":\"SearchAction\",\"target\":{\"@type\":\"EntryPoint\",\"urlTemplate\":\"https:\\\/\\\/edicionesalfar.es\\\/es\\\/?s={search_term_string}\"},\"query-input\":{\"@type\":\"PropertyValueSpecification\",\"valueRequired\":true,\"valueName\":\"search_term_string\"}}],\"inLanguage\":\"es\"}]}<\/script>\n<!-- \/ Yoast SEO plugin. -->","yoast_head_json":{"title":"La Cuaresma seg\u00fan Sevilla - Ediciones Alfar","robots":{"index":"index","follow":"follow","max-snippet":"max-snippet:-1","max-image-preview":"max-image-preview:large","max-video-preview":"max-video-preview:-1"},"canonical":"https:\/\/edicionesalfar.es\/es\/producto\/la-cuaresma-segun-sevilla\/","og_locale":"es_ES","og_type":"article","og_title":"La Cuaresma seg\u00fan Sevilla - Ediciones Alfar","og_description":"Magn\u00edfico libro que nos muestra la esencia de la Cuaresma en la Semana Santa de Sevilla. Magn\u00edficos textos y fotograf\u00edas que har\u00e1n que el lector disfrute de estos cuarenta d\u00edas, que los viva y los sienta plasmados en el papel.","og_url":"https:\/\/edicionesalfar.es\/es\/producto\/la-cuaresma-segun-sevilla\/","og_site_name":"Ediciones Alfar","article_modified_time":"2020-05-12T08:04:24+00:00","og_image":[{"width":1310,"height":1883,"url":"https:\/\/edicionesalfar.es\/es\/wp-content\/uploads\/2019\/10\/La-Cuaresma-portada-web-previa-1.jpg","type":"image\/jpeg"}],"twitter_card":"summary_large_image","twitter_misc":{"Tiempo de lectura":"1 minuto"},"schema":{"@context":"https:\/\/schema.org","@graph":[{"@type":"WebPage","@id":"https:\/\/edicionesalfar.es\/es\/producto\/la-cuaresma-segun-sevilla\/","url":"https:\/\/edicionesalfar.es\/es\/producto\/la-cuaresma-segun-sevilla\/","name":"La Cuaresma seg\u00fan Sevilla - Ediciones Alfar","isPartOf":{"@id":"https:\/\/edicionesalfar.es\/es\/#website"},"primaryImageOfPage":{"@id":"https:\/\/edicionesalfar.es\/es\/producto\/la-cuaresma-segun-sevilla\/#primaryimage"},"image":{"@id":"https:\/\/edicionesalfar.es\/es\/producto\/la-cuaresma-segun-sevilla\/#primaryimage"},"thumbnailUrl":"https:\/\/edicionesalfar.es\/es\/wp-content\/uploads\/2019\/10\/La-Cuaresma-portada-web-previa-1.jpg","datePublished":"2019-10-30T14:57:38+00:00","dateModified":"2020-05-12T08:04:24+00:00","breadcrumb":{"@id":"https:\/\/edicionesalfar.es\/es\/producto\/la-cuaresma-segun-sevilla\/#breadcrumb"},"inLanguage":"es","potentialAction":[{"@type":"ReadAction","target":["https:\/\/edicionesalfar.es\/es\/producto\/la-cuaresma-segun-sevilla\/"]}]},{"@type":"ImageObject","inLanguage":"es","@id":"https:\/\/edicionesalfar.es\/es\/producto\/la-cuaresma-segun-sevilla\/#primaryimage","url":"https:\/\/edicionesalfar.es\/es\/wp-content\/uploads\/2019\/10\/La-Cuaresma-portada-web-previa-1.jpg","contentUrl":"https:\/\/edicionesalfar.es\/es\/wp-content\/uploads\/2019\/10\/La-Cuaresma-portada-web-previa-1.jpg","width":1310,"height":1883},{"@type":"BreadcrumbList","@id":"https:\/\/edicionesalfar.es\/es\/producto\/la-cuaresma-segun-sevilla\/#breadcrumb","itemListElement":[{"@type":"ListItem","position":1,"name":"Portada","item":"https:\/\/edicionesalfar.es\/es\/"},{"@type":"ListItem","position":2,"name":"Cat\u00e1logo","item":"https:\/\/edicionesalfar.es\/es\/catalogo\/"},{"@type":"ListItem","position":3,"name":"La Cuaresma seg\u00fan Sevilla"}]},{"@type":"WebSite","@id":"https:\/\/edicionesalfar.es\/es\/#website","url":"https:\/\/edicionesalfar.es\/es\/","name":"Ediciones Alfar","description":"","potentialAction":[{"@type":"SearchAction","target":{"@type":"EntryPoint","urlTemplate":"https:\/\/edicionesalfar.es\/es\/?s={search_term_string}"},"query-input":{"@type":"PropertyValueSpecification","valueRequired":true,"valueName":"search_term_string"}}],"inLanguage":"es"}]}},"_links":{"self":[{"href":"https:\/\/edicionesalfar.es\/es\/wp-json\/wp\/v2\/product\/15352","targetHints":{"allow":["GET"]}}],"collection":[{"href":"https:\/\/edicionesalfar.es\/es\/wp-json\/wp\/v2\/product"}],"about":[{"href":"https:\/\/edicionesalfar.es\/es\/wp-json\/wp\/v2\/types\/product"}],"replies":[{"embeddable":true,"href":"https:\/\/edicionesalfar.es\/es\/wp-json\/wp\/v2\/comments?post=15352"}],"wp:featuredmedia":[{"embeddable":true,"href":"https:\/\/edicionesalfar.es\/es\/wp-json\/wp\/v2\/media\/15408"}],"wp:attachment":[{"href":"https:\/\/edicionesalfar.es\/es\/wp-json\/wp\/v2\/media?parent=15352"}],"wp:term":[{"taxonomy":"product_brand","embeddable":true,"href":"https:\/\/edicionesalfar.es\/es\/wp-json\/wp\/v2\/product_brand?post=15352"},{"taxonomy":"product_cat","embeddable":true,"href":"https:\/\/edicionesalfar.es\/es\/wp-json\/wp\/v2\/product_cat?post=15352"},{"taxonomy":"product_tag","embeddable":true,"href":"https:\/\/edicionesalfar.es\/es\/wp-json\/wp\/v2\/product_tag?post=15352"}],"curies":[{"name":"wp","href":"https:\/\/api.w.org\/{rel}","templated":true}]}}

La Cuaresma según Sevilla

<p><span style="color: #000000;">Para la ciudad de Sevilla estas fechas cuaresmales son, además de lo reseñado anteriormente, una </span><span style="color: #000000;">especia de cuenta atrás en la que se van palpando, día a día, las disposiciones previas a la celebración </span><span style="color: #000000;">de la Semana Santa.</span></p>
<p><span style="color: #000000;">La Cuaresma ha motivado la razón de ser de este libro con el deseo de aportar un aglutinado análisis </span><span style="color: #000000;">enriquecedor de la actividad cofrade durante estos días preliminares a la Semana Mayor hispalense, </span><span style="color: #000000;">propiciando una descripción cronológica de actos y cultos y potenciando, mediante la puesta en </span><span style="color: #000000;">valor de la frenética actividad cofrade, un momento del año en la ciudad desconocido por muchos </span><span style="color: #000000;">en su máxima expresión.</span></p>
<p><span style="color: #000000;">Vía Crucis, traslados, pregones y exaltaciones, besamanos, altares, conciertos, o subidas de las imágenes </span><span style="color: #000000;">a los pasos procesionales, vienen a ser algunos momentos especiales de cita anual con los sentimientos </span><span style="color: #000000;">y con la historia de la propia ciudad, en unas jornadas en las que Sevilla muestra lo mejor </span><span style="color: #000000;">de sí misma en su patrimonio histórico, artístico, cultural, gastronómico, tradicional y devocional </span><span style="color: #000000;">a lo largo de cuarenta días, ante los cuales revelamos los hitos más destacados para completar la </span><span style="color: #000000;">agenda y vivir estas fechas.</span></p>
<p><span style="color: #000000;">Enrique Guevara Pérez y Jesús Romero Dorado son dos madrileños apasionados por la Semana Santa </span><span style="color: #000000;">de Sevilla. Ambos tiene un gran bagaje y recorrido en investigaciones, publicaciones, colaboraciones, </span><span style="color: #000000;">participación activa en Hermandades&#8230; en nuestra ciudad. Son un referente en la investigación </span><span style="color: #000000;">y publicación de contenidos y en la colaboración en medios sobre temas relacionados con nuestra </span><span style="color: #000000;">Semana Santa.</span></p>

<p>Magnífico libro que nos muestra la esencia de la Cuaresma en la Semana Santa de Sevilla. Magníficos textos y fotografías que harán que el lector disfrute de estos cuarenta días, que los viva y los sienta plasmados en el papel.</p>

<!-- This site is optimized with the Yoast SEO plugin v27.4 - https://yoast.com/product/yoast-seo-wordpress/ -->
<title>La Cuaresma según Sevilla - Ediciones Alfar</title>
<meta name="robots" content="index, follow, max-snippet:-1, max-image-preview:large, max-video-preview:-1" />
<link rel="canonical" href="https://edicionesalfar.es/es/producto/la-cuaresma-segun-sevilla/" />
<meta property="og:locale" content="es_ES" />
<meta property="og:type" content="article" />
<meta property="og:title" content="La Cuaresma según Sevilla - Ediciones Alfar" />
<meta property="og:description" content="Magnífico libro que nos muestra la esencia de la Cuaresma en la Semana Santa de Sevilla. Magníficos textos y fotografías que harán que el lector disfrute de estos cuarenta días, que los viva y los sienta plasmados en el papel." />
<meta property="og:url" content="https://edicionesalfar.es/es/producto/la-cuaresma-segun-sevilla/" />
<meta property="og:site_name" content="Ediciones Alfar" />
<meta property="article:modified_time" content="2020-05-12T08:04:24+00:00" />
<meta property="og:image" content="https://edicionesalfar.es/es/wp-content/uploads/2019/10/La-Cuaresma-portada-web-previa-1.jpg" />
	<meta property="og:image:width" content="1310" />
	<meta property="og:image:height" content="1883" />
	<meta property="og:image:type" content="image/jpeg" />
<meta name="twitter:card" content="summary_large_image" />
<meta name="twitter:label1" content="Tiempo de lectura" />
	<meta name="twitter:data1" content="1 minuto" />
<script type="application/ld+json" class="yoast-schema-graph">{"@context":"https:\/\/schema.org","@graph":[{"@type":"WebPage","@id":"https:\/\/edicionesalfar.es\/es\/producto\/la-cuaresma-segun-sevilla\/","url":"https:\/\/edicionesalfar.es\/es\/producto\/la-cuaresma-segun-sevilla\/","name":"La Cuaresma según Sevilla - Ediciones Alfar","isPartOf":{"@id":"https:\/\/edicionesalfar.es\/es\/#website"},"primaryImageOfPage":{"@id":"https:\/\/edicionesalfar.es\/es\/producto\/la-cuaresma-segun-sevilla\/#primaryimage"},"image":{"@id":"https:\/\/edicionesalfar.es\/es\/producto\/la-cuaresma-segun-sevilla\/#primaryimage"},"thumbnailUrl":"https:\/\/edicionesalfar.es\/es\/wp-content\/uploads\/2019\/10\/La-Cuaresma-portada-web-previa-1.jpg","datePublished":"2019-10-30T14:57:38+00:00","dateModified":"2020-05-12T08:04:24+00:00","breadcrumb":{"@id":"https:\/\/edicionesalfar.es\/es\/producto\/la-cuaresma-segun-sevilla\/#breadcrumb"},"inLanguage":"es","potentialAction":[{"@type":"ReadAction","target":["https:\/\/edicionesalfar.es\/es\/producto\/la-cuaresma-segun-sevilla\/"]}]},{"@type":"ImageObject","inLanguage":"es","@id":"https:\/\/edicionesalfar.es\/es\/producto\/la-cuaresma-segun-sevilla\/#primaryimage","url":"https:\/\/edicionesalfar.es\/es\/wp-content\/uploads\/2019\/10\/La-Cuaresma-portada-web-previa-1.jpg","contentUrl":"https:\/\/edicionesalfar.es\/es\/wp-content\/uploads\/2019\/10\/La-Cuaresma-portada-web-previa-1.jpg","width":1310,"height":1883},{"@type":"BreadcrumbList","@id":"https:\/\/edicionesalfar.es\/es\/producto\/la-cuaresma-segun-sevilla\/#breadcrumb","itemListElement":[{"@type":"ListItem","position":1,"name":"Portada","item":"https:\/\/edicionesalfar.es\/es\/"},{"@type":"ListItem","position":2,"name":"Catálogo","item":"https:\/\/edicionesalfar.es\/es\/catalogo\/"},{"@type":"ListItem","position":3,"name":"La Cuaresma según Sevilla"}]},{"@type":"WebSite","@id":"https:\/\/edicionesalfar.es\/es\/#website","url":"https:\/\/edicionesalfar.es\/es\/","name":"Ediciones Alfar","description":"","potentialAction":[{"@type":"SearchAction","target":{"@type":"EntryPoint","urlTemplate":"https:\/\/edicionesalfar.es\/es\/?s={search_term_string}"},"query-input":{"@type":"PropertyValueSpecification","valueRequired":true,"valueName":"search_term_string"}}],"inLanguage":"es"}]}</script>
<!-- / Yoast SEO plugin. -->

La Cuaresma según Sevilla - Ediciones Alfar

Magnífico libro que nos muestra la esencia de la Cuaresma en la Semana Santa de Sevilla. Magníficos textos y fotografías que harán que el lector disfrute de estos cuarenta días, que los viva y los sienta plasmados en el papel.

Catálogo
