{"id":14836,"date":"2019-07-11T05:58:55","date_gmt":"2019-07-11T05:58:55","guid":{"rendered":"http:\/\/www.edicionesalfar.es\/web-wordpress\/?post_type=product&#038;#021;p="},"modified":"2024-03-23T12:49:29","modified_gmt":"2024-03-23T11:49:29","slug":"el-balcon-de-las-golondrinas-el-hallazgo-de-la-casa-que-fue-escenario-de-las-rimas-de-becquer","status":"publish","type":"product","link":"https:\/\/edicionesalfar.es\/es\/producto\/el-balcon-de-las-golondrinas-el-hallazgo-de-la-casa-que-fue-escenario-de-las-rimas-de-becquer\/","title":{"rendered":"El balc\u00f3n de las golondrinas. El hallazgo de la casa que fue escenario de las Rimas de B\u00e9cquer"},"content":{"rendered":"","protected":false},"excerpt":{"rendered":"<p><span style=\"color: #656565; font-family: sans-serif; font-size: 16px;\">Obra que localiza la casa que fue escenario de los versos m\u00e1s c\u00e9lebres de la poes\u00eda espa\u00f1ola, vivienda que a\u00fan existe y balc\u00f3n del domicilio de Julia Esp\u00edn.<\/span><\/p>\n","protected":false},"featured_media":14837,"comment_status":"open","ping_status":"closed","template":"","meta":{"_acf_changed":false,"_et_pb_use_builder":"","_et_pb_old_content":"","_et_gb_content_width":""},"product_brand":[],"product_cat":[376,522,21],"product_tag":[],"class_list":{"0":"post-14836","1":"product","2":"type-product","3":"status-publish","4":"has-post-thumbnail","6":"product_cat-autores","7":"product_cat-de-lara-juan-carlos","8":"product_cat-estudios-literarios","10":"first","11":"instock","12":"taxable","13":"shipping-taxable","14":"purchasable","15":"product-type-simple"},"acf":[],"yoast_head":"<!-- This site is optimized with the Yoast SEO plugin v27.4 - https:\/\/yoast.com\/product\/yoast-seo-wordpress\/ -->\n<title>El balc\u00f3n de las golondrinas. El hallazgo de la casa que fue escenario de las Rimas de B\u00e9cquer - Ediciones Alfar<\/title>\n<meta name=\"robots\" content=\"index, follow, max-snippet:-1, max-image-preview:large, max-video-preview:-1\" \/>\n<link rel=\"canonical\" href=\"https:\/\/edicionesalfar.es\/es\/producto\/el-balcon-de-las-golondrinas-el-hallazgo-de-la-casa-que-fue-escenario-de-las-rimas-de-becquer\/\" \/>\n<meta property=\"og:locale\" content=\"es_ES\" \/>\n<meta property=\"og:type\" content=\"article\" \/>\n<meta property=\"og:title\" content=\"El balc\u00f3n de las golondrinas. El hallazgo de la casa que fue escenario de las Rimas de B\u00e9cquer - Ediciones Alfar\" \/>\n<meta property=\"og:description\" content=\"Obra que localiza la casa que fue escenario de los versos m\u00e1s c\u00e9lebres de la poes\u00eda espa\u00f1ola, vivienda que a\u00fan existe y balc\u00f3n del domicilio de Julia Esp\u00edn.\" \/>\n<meta property=\"og:url\" content=\"https:\/\/edicionesalfar.es\/es\/producto\/el-balcon-de-las-golondrinas-el-hallazgo-de-la-casa-que-fue-escenario-de-las-rimas-de-becquer\/\" \/>\n<meta property=\"og:site_name\" content=\"Ediciones Alfar\" \/>\n<meta property=\"article:modified_time\" content=\"2024-03-23T11:49:29+00:00\" \/>\n<meta property=\"og:image\" content=\"https:\/\/edicionesalfar.es\/es\/wp-content\/uploads\/2019\/05\/9788478988013_elbalcondelasgolondrinas.jpg\" \/>\n\t<meta property=\"og:image:width\" content=\"1\" \/>\n\t<meta property=\"og:image:height\" content=\"1\" \/>\n\t<meta property=\"og:image:type\" content=\"image\/jpeg\" \/>\n<meta name=\"twitter:card\" content=\"summary_large_image\" \/>\n<script type=\"application\/ld+json\" class=\"yoast-schema-graph\">{\"@context\":\"https:\\\/\\\/schema.org\",\"@graph\":[{\"@type\":\"WebPage\",\"@id\":\"https:\\\/\\\/edicionesalfar.es\\\/es\\\/producto\\\/el-balcon-de-las-golondrinas-el-hallazgo-de-la-casa-que-fue-escenario-de-las-rimas-de-becquer\\\/\",\"url\":\"https:\\\/\\\/edicionesalfar.es\\\/es\\\/producto\\\/el-balcon-de-las-golondrinas-el-hallazgo-de-la-casa-que-fue-escenario-de-las-rimas-de-becquer\\\/\",\"name\":\"El balc\u00f3n de las golondrinas. El hallazgo de la casa que fue escenario de las Rimas de B\u00e9cquer - Ediciones Alfar\",\"isPartOf\":{\"@id\":\"https:\\\/\\\/edicionesalfar.es\\\/es\\\/#website\"},\"primaryImageOfPage\":{\"@id\":\"https:\\\/\\\/edicionesalfar.es\\\/es\\\/producto\\\/el-balcon-de-las-golondrinas-el-hallazgo-de-la-casa-que-fue-escenario-de-las-rimas-de-becquer\\\/#primaryimage\"},\"image\":{\"@id\":\"https:\\\/\\\/edicionesalfar.es\\\/es\\\/producto\\\/el-balcon-de-las-golondrinas-el-hallazgo-de-la-casa-que-fue-escenario-de-las-rimas-de-becquer\\\/#primaryimage\"},\"thumbnailUrl\":\"https:\\\/\\\/edicionesalfar.es\\\/es\\\/wp-content\\\/uploads\\\/2019\\\/05\\\/9788478988013_elbalcondelasgolondrinas.jpg\",\"datePublished\":\"2019-07-11T05:58:55+00:00\",\"dateModified\":\"2024-03-23T11:49:29+00:00\",\"breadcrumb\":{\"@id\":\"https:\\\/\\\/edicionesalfar.es\\\/es\\\/producto\\\/el-balcon-de-las-golondrinas-el-hallazgo-de-la-casa-que-fue-escenario-de-las-rimas-de-becquer\\\/#breadcrumb\"},\"inLanguage\":\"es\",\"potentialAction\":[{\"@type\":\"ReadAction\",\"target\":[\"https:\\\/\\\/edicionesalfar.es\\\/es\\\/producto\\\/el-balcon-de-las-golondrinas-el-hallazgo-de-la-casa-que-fue-escenario-de-las-rimas-de-becquer\\\/\"]}]},{\"@type\":\"ImageObject\",\"inLanguage\":\"es\",\"@id\":\"https:\\\/\\\/edicionesalfar.es\\\/es\\\/producto\\\/el-balcon-de-las-golondrinas-el-hallazgo-de-la-casa-que-fue-escenario-de-las-rimas-de-becquer\\\/#primaryimage\",\"url\":\"https:\\\/\\\/edicionesalfar.es\\\/es\\\/wp-content\\\/uploads\\\/2019\\\/05\\\/9788478988013_elbalcondelasgolondrinas.jpg\",\"contentUrl\":\"https:\\\/\\\/edicionesalfar.es\\\/es\\\/wp-content\\\/uploads\\\/2019\\\/05\\\/9788478988013_elbalcondelasgolondrinas.jpg\"},{\"@type\":\"BreadcrumbList\",\"@id\":\"https:\\\/\\\/edicionesalfar.es\\\/es\\\/producto\\\/el-balcon-de-las-golondrinas-el-hallazgo-de-la-casa-que-fue-escenario-de-las-rimas-de-becquer\\\/#breadcrumb\",\"itemListElement\":[{\"@type\":\"ListItem\",\"position\":1,\"name\":\"Portada\",\"item\":\"https:\\\/\\\/edicionesalfar.es\\\/es\\\/\"},{\"@type\":\"ListItem\",\"position\":2,\"name\":\"Cat\u00e1logo\",\"item\":\"https:\\\/\\\/edicionesalfar.es\\\/es\\\/catalogo\\\/\"},{\"@type\":\"ListItem\",\"position\":3,\"name\":\"El balc\u00f3n de las golondrinas. El hallazgo de la casa que fue escenario de las Rimas de B\u00e9cquer\"}]},{\"@type\":\"WebSite\",\"@id\":\"https:\\\/\\\/edicionesalfar.es\\\/es\\\/#website\",\"url\":\"https:\\\/\\\/edicionesalfar.es\\\/es\\\/\",\"name\":\"Ediciones Alfar\",\"description\":\"\",\"potentialAction\":[{\"@type\":\"SearchAction\",\"target\":{\"@type\":\"EntryPoint\",\"urlTemplate\":\"https:\\\/\\\/edicionesalfar.es\\\/es\\\/?s={search_term_string}\"},\"query-input\":{\"@type\":\"PropertyValueSpecification\",\"valueRequired\":true,\"valueName\":\"search_term_string\"}}],\"inLanguage\":\"es\"}]}<\/script>\n<!-- \/ Yoast SEO plugin. -->","yoast_head_json":{"title":"El balc\u00f3n de las golondrinas. El hallazgo de la casa que fue escenario de las Rimas de B\u00e9cquer - Ediciones Alfar","robots":{"index":"index","follow":"follow","max-snippet":"max-snippet:-1","max-image-preview":"max-image-preview:large","max-video-preview":"max-video-preview:-1"},"canonical":"https:\/\/edicionesalfar.es\/es\/producto\/el-balcon-de-las-golondrinas-el-hallazgo-de-la-casa-que-fue-escenario-de-las-rimas-de-becquer\/","og_locale":"es_ES","og_type":"article","og_title":"El balc\u00f3n de las golondrinas. El hallazgo de la casa que fue escenario de las Rimas de B\u00e9cquer - Ediciones Alfar","og_description":"Obra que localiza la casa que fue escenario de los versos m\u00e1s c\u00e9lebres de la poes\u00eda espa\u00f1ola, vivienda que a\u00fan existe y balc\u00f3n del domicilio de Julia Esp\u00edn.","og_url":"https:\/\/edicionesalfar.es\/es\/producto\/el-balcon-de-las-golondrinas-el-hallazgo-de-la-casa-que-fue-escenario-de-las-rimas-de-becquer\/","og_site_name":"Ediciones Alfar","article_modified_time":"2024-03-23T11:49:29+00:00","og_image":[{"url":"https:\/\/edicionesalfar.es\/es\/wp-content\/uploads\/2019\/05\/9788478988013_elbalcondelasgolondrinas.jpg","width":1,"height":1,"type":"image\/jpeg"}],"twitter_card":"summary_large_image","schema":{"@context":"https:\/\/schema.org","@graph":[{"@type":"WebPage","@id":"https:\/\/edicionesalfar.es\/es\/producto\/el-balcon-de-las-golondrinas-el-hallazgo-de-la-casa-que-fue-escenario-de-las-rimas-de-becquer\/","url":"https:\/\/edicionesalfar.es\/es\/producto\/el-balcon-de-las-golondrinas-el-hallazgo-de-la-casa-que-fue-escenario-de-las-rimas-de-becquer\/","name":"El balc\u00f3n de las golondrinas. El hallazgo de la casa que fue escenario de las Rimas de B\u00e9cquer - Ediciones Alfar","isPartOf":{"@id":"https:\/\/edicionesalfar.es\/es\/#website"},"primaryImageOfPage":{"@id":"https:\/\/edicionesalfar.es\/es\/producto\/el-balcon-de-las-golondrinas-el-hallazgo-de-la-casa-que-fue-escenario-de-las-rimas-de-becquer\/#primaryimage"},"image":{"@id":"https:\/\/edicionesalfar.es\/es\/producto\/el-balcon-de-las-golondrinas-el-hallazgo-de-la-casa-que-fue-escenario-de-las-rimas-de-becquer\/#primaryimage"},"thumbnailUrl":"https:\/\/edicionesalfar.es\/es\/wp-content\/uploads\/2019\/05\/9788478988013_elbalcondelasgolondrinas.jpg","datePublished":"2019-07-11T05:58:55+00:00","dateModified":"2024-03-23T11:49:29+00:00","breadcrumb":{"@id":"https:\/\/edicionesalfar.es\/es\/producto\/el-balcon-de-las-golondrinas-el-hallazgo-de-la-casa-que-fue-escenario-de-las-rimas-de-becquer\/#breadcrumb"},"inLanguage":"es","potentialAction":[{"@type":"ReadAction","target":["https:\/\/edicionesalfar.es\/es\/producto\/el-balcon-de-las-golondrinas-el-hallazgo-de-la-casa-que-fue-escenario-de-las-rimas-de-becquer\/"]}]},{"@type":"ImageObject","inLanguage":"es","@id":"https:\/\/edicionesalfar.es\/es\/producto\/el-balcon-de-las-golondrinas-el-hallazgo-de-la-casa-que-fue-escenario-de-las-rimas-de-becquer\/#primaryimage","url":"https:\/\/edicionesalfar.es\/es\/wp-content\/uploads\/2019\/05\/9788478988013_elbalcondelasgolondrinas.jpg","contentUrl":"https:\/\/edicionesalfar.es\/es\/wp-content\/uploads\/2019\/05\/9788478988013_elbalcondelasgolondrinas.jpg"},{"@type":"BreadcrumbList","@id":"https:\/\/edicionesalfar.es\/es\/producto\/el-balcon-de-las-golondrinas-el-hallazgo-de-la-casa-que-fue-escenario-de-las-rimas-de-becquer\/#breadcrumb","itemListElement":[{"@type":"ListItem","position":1,"name":"Portada","item":"https:\/\/edicionesalfar.es\/es\/"},{"@type":"ListItem","position":2,"name":"Cat\u00e1logo","item":"https:\/\/edicionesalfar.es\/es\/catalogo\/"},{"@type":"ListItem","position":3,"name":"El balc\u00f3n de las golondrinas. El hallazgo de la casa que fue escenario de las Rimas de B\u00e9cquer"}]},{"@type":"WebSite","@id":"https:\/\/edicionesalfar.es\/es\/#website","url":"https:\/\/edicionesalfar.es\/es\/","name":"Ediciones Alfar","description":"","potentialAction":[{"@type":"SearchAction","target":{"@type":"EntryPoint","urlTemplate":"https:\/\/edicionesalfar.es\/es\/?s={search_term_string}"},"query-input":{"@type":"PropertyValueSpecification","valueRequired":true,"valueName":"search_term_string"}}],"inLanguage":"es"}]}},"_links":{"self":[{"href":"https:\/\/edicionesalfar.es\/es\/wp-json\/wp\/v2\/product\/14836","targetHints":{"allow":["GET"]}}],"collection":[{"href":"https:\/\/edicionesalfar.es\/es\/wp-json\/wp\/v2\/product"}],"about":[{"href":"https:\/\/edicionesalfar.es\/es\/wp-json\/wp\/v2\/types\/product"}],"replies":[{"embeddable":true,"href":"https:\/\/edicionesalfar.es\/es\/wp-json\/wp\/v2\/comments?post=14836"}],"wp:featuredmedia":[{"embeddable":true,"href":"https:\/\/edicionesalfar.es\/es\/wp-json\/wp\/v2\/media\/14837"}],"wp:attachment":[{"href":"https:\/\/edicionesalfar.es\/es\/wp-json\/wp\/v2\/media?parent=14836"}],"wp:term":[{"taxonomy":"product_brand","embeddable":true,"href":"https:\/\/edicionesalfar.es\/es\/wp-json\/wp\/v2\/product_brand?post=14836"},{"taxonomy":"product_cat","embeddable":true,"href":"https:\/\/edicionesalfar.es\/es\/wp-json\/wp\/v2\/product_cat?post=14836"},{"taxonomy":"product_tag","embeddable":true,"href":"https:\/\/edicionesalfar.es\/es\/wp-json\/wp\/v2\/product_tag?post=14836"}],"curies":[{"name":"wp","href":"https:\/\/api.w.org\/{rel}","templated":true}]}}

El balcón de las golondrinas. El hallazgo de la casa que fue escenario de las Rimas de Bécquer

<p><span style="color: #656565; font-family: sans-serif; font-size: 16px;">Obra que localiza la casa que fue escenario de los versos más célebres de la poesía española, vivienda que aún existe y balcón del domicilio de Julia Espín.</span></p>

<!-- This site is optimized with the Yoast SEO plugin v27.4 - https://yoast.com/product/yoast-seo-wordpress/ -->
<title>El balcón de las golondrinas. El hallazgo de la casa que fue escenario de las Rimas de Bécquer - Ediciones Alfar</title>
<meta name="robots" content="index, follow, max-snippet:-1, max-image-preview:large, max-video-preview:-1" />
<link rel="canonical" href="https://edicionesalfar.es/es/producto/el-balcon-de-las-golondrinas-el-hallazgo-de-la-casa-que-fue-escenario-de-las-rimas-de-becquer/" />
<meta property="og:locale" content="es_ES" />
<meta property="og:type" content="article" />
<meta property="og:title" content="El balcón de las golondrinas. El hallazgo de la casa que fue escenario de las Rimas de Bécquer - Ediciones Alfar" />
<meta property="og:description" content="Obra que localiza la casa que fue escenario de los versos más célebres de la poesía española, vivienda que aún existe y balcón del domicilio de Julia Espín." />
<meta property="og:url" content="https://edicionesalfar.es/es/producto/el-balcon-de-las-golondrinas-el-hallazgo-de-la-casa-que-fue-escenario-de-las-rimas-de-becquer/" />
<meta property="og:site_name" content="Ediciones Alfar" />
<meta property="article:modified_time" content="2024-03-23T11:49:29+00:00" />
<meta property="og:image" content="https://edicionesalfar.es/es/wp-content/uploads/2019/05/9788478988013_elbalcondelasgolondrinas.jpg" />
	<meta property="og:image:width" content="1" />
	<meta property="og:image:height" content="1" />
	<meta property="og:image:type" content="image/jpeg" />
<meta name="twitter:card" content="summary_large_image" />
<script type="application/ld+json" class="yoast-schema-graph">{"@context":"https:\/\/schema.org","@graph":[{"@type":"WebPage","@id":"https:\/\/edicionesalfar.es\/es\/producto\/el-balcon-de-las-golondrinas-el-hallazgo-de-la-casa-que-fue-escenario-de-las-rimas-de-becquer\/","url":"https:\/\/edicionesalfar.es\/es\/producto\/el-balcon-de-las-golondrinas-el-hallazgo-de-la-casa-que-fue-escenario-de-las-rimas-de-becquer\/","name":"El balcón de las golondrinas. El hallazgo de la casa que fue escenario de las Rimas de Bécquer - Ediciones Alfar","isPartOf":{"@id":"https:\/\/edicionesalfar.es\/es\/#website"},"primaryImageOfPage":{"@id":"https:\/\/edicionesalfar.es\/es\/producto\/el-balcon-de-las-golondrinas-el-hallazgo-de-la-casa-que-fue-escenario-de-las-rimas-de-becquer\/#primaryimage"},"image":{"@id":"https:\/\/edicionesalfar.es\/es\/producto\/el-balcon-de-las-golondrinas-el-hallazgo-de-la-casa-que-fue-escenario-de-las-rimas-de-becquer\/#primaryimage"},"thumbnailUrl":"https:\/\/edicionesalfar.es\/es\/wp-content\/uploads\/2019\/05\/9788478988013_elbalcondelasgolondrinas.jpg","datePublished":"2019-07-11T05:58:55+00:00","dateModified":"2024-03-23T11:49:29+00:00","breadcrumb":{"@id":"https:\/\/edicionesalfar.es\/es\/producto\/el-balcon-de-las-golondrinas-el-hallazgo-de-la-casa-que-fue-escenario-de-las-rimas-de-becquer\/#breadcrumb"},"inLanguage":"es","potentialAction":[{"@type":"ReadAction","target":["https:\/\/edicionesalfar.es\/es\/producto\/el-balcon-de-las-golondrinas-el-hallazgo-de-la-casa-que-fue-escenario-de-las-rimas-de-becquer\/"]}]},{"@type":"ImageObject","inLanguage":"es","@id":"https:\/\/edicionesalfar.es\/es\/producto\/el-balcon-de-las-golondrinas-el-hallazgo-de-la-casa-que-fue-escenario-de-las-rimas-de-becquer\/#primaryimage","url":"https:\/\/edicionesalfar.es\/es\/wp-content\/uploads\/2019\/05\/9788478988013_elbalcondelasgolondrinas.jpg","contentUrl":"https:\/\/edicionesalfar.es\/es\/wp-content\/uploads\/2019\/05\/9788478988013_elbalcondelasgolondrinas.jpg"},{"@type":"BreadcrumbList","@id":"https:\/\/edicionesalfar.es\/es\/producto\/el-balcon-de-las-golondrinas-el-hallazgo-de-la-casa-que-fue-escenario-de-las-rimas-de-becquer\/#breadcrumb","itemListElement":[{"@type":"ListItem","position":1,"name":"Portada","item":"https:\/\/edicionesalfar.es\/es\/"},{"@type":"ListItem","position":2,"name":"Catálogo","item":"https:\/\/edicionesalfar.es\/es\/catalogo\/"},{"@type":"ListItem","position":3,"name":"El balcón de las golondrinas. El hallazgo de la casa que fue escenario de las Rimas de Bécquer"}]},{"@type":"WebSite","@id":"https:\/\/edicionesalfar.es\/es\/#website","url":"https:\/\/edicionesalfar.es\/es\/","name":"Ediciones Alfar","description":"","potentialAction":[{"@type":"SearchAction","target":{"@type":"EntryPoint","urlTemplate":"https:\/\/edicionesalfar.es\/es\/?s={search_term_string}"},"query-input":{"@type":"PropertyValueSpecification","valueRequired":true,"valueName":"search_term_string"}}],"inLanguage":"es"}]}</script>
<!-- / Yoast SEO plugin. -->

El balcón de las golondrinas. El hallazgo de la casa que fue escenario de las Rimas de Bécquer - Ediciones Alfar

Obra que localiza la casa que fue escenario de los versos más célebres de la poesía española, vivienda que aún existe y balcón del domicilio de Julia Espín.

Catálogo
