{"id":14784,"date":"2019-07-11T05:58:27","date_gmt":"2019-07-11T05:58:27","guid":{"rendered":"http:\/\/www.edicionesalfar.es\/web-wordpress\/?post_type=product&#052;p="},"modified":"2020-06-30T16:53:07","modified_gmt":"2020-06-30T14:53:07","slug":"el-arte-en-las-manos-jose-antonio-grande-de-leon","status":"publish","type":"product","link":"https:\/\/edicionesalfar.es\/es\/producto\/el-arte-en-las-manos-jose-antonio-grande-de-leon\/","title":{"rendered":"El arte en las manos. Jos\u00e9 Antonio Grande de Le\u00f3n"},"content":{"rendered":"","protected":false},"excerpt":{"rendered":"<p><span style=\"color: #656565; font-family: sans-serif; font-size: 16px;\">Esta obra es un compendio con car\u00e1cter pedag\u00f3gico que estudia con todo lujo de detalles la faceta de este artista que tanto ha dado y dar\u00e1 a la Semana Santa de Sevilla y a la de multitud de lugares de a geograf\u00eda espa\u00f1ola.<\/span><\/p>\n","protected":false},"featured_media":14785,"comment_status":"open","ping_status":"closed","template":"","meta":{"_acf_changed":false,"_et_pb_use_builder":"","_et_pb_old_content":"","_et_gb_content_width":""},"product_brand":[],"product_cat":[52],"product_tag":[],"class_list":{"0":"post-14784","1":"product","2":"type-product","3":"status-publish","4":"has-post-thumbnail","6":"product_cat-semana-santa","8":"first","9":"instock","10":"taxable","11":"shipping-taxable","12":"purchasable","13":"product-type-simple"},"acf":[],"yoast_head":"<!-- This site is optimized with the Yoast SEO plugin v27.5 - https:\/\/yoast.com\/product\/yoast-seo-wordpress\/ -->\n<title>El arte en las manos. Jos\u00e9 Antonio Grande de Le\u00f3n - Ediciones Alfar<\/title>\n<meta name=\"robots\" content=\"index, follow, max-snippet:-1, max-image-preview:large, max-video-preview:-1\" \/>\n<link rel=\"canonical\" href=\"https:\/\/edicionesalfar.es\/es\/producto\/el-arte-en-las-manos-jose-antonio-grande-de-leon\/\" \/>\n<meta property=\"og:locale\" content=\"es_ES\" \/>\n<meta property=\"og:type\" content=\"article\" \/>\n<meta property=\"og:title\" content=\"El arte en las manos. Jos\u00e9 Antonio Grande de Le\u00f3n - Ediciones Alfar\" \/>\n<meta property=\"og:description\" content=\"Esta obra es un compendio con car\u00e1cter pedag\u00f3gico que estudia con todo lujo de detalles la faceta de este artista que tanto ha dado y dar\u00e1 a la Semana Santa de Sevilla y a la de multitud de lugares de a geograf\u00eda espa\u00f1ola.\" \/>\n<meta property=\"og:url\" content=\"https:\/\/edicionesalfar.es\/es\/producto\/el-arte-en-las-manos-jose-antonio-grande-de-leon\/\" \/>\n<meta property=\"og:site_name\" content=\"Ediciones Alfar\" \/>\n<meta property=\"article:modified_time\" content=\"2020-06-30T14:53:07+00:00\" \/>\n<meta property=\"og:image\" content=\"https:\/\/edicionesalfar.es\/es\/wp-content\/uploads\/2019\/05\/978847898761_arte.jpg\" \/>\n\t<meta property=\"og:image:width\" content=\"1\" \/>\n\t<meta property=\"og:image:height\" content=\"1\" \/>\n\t<meta property=\"og:image:type\" content=\"image\/jpeg\" \/>\n<meta name=\"twitter:card\" content=\"summary_large_image\" \/>\n<script type=\"application\/ld+json\" class=\"yoast-schema-graph\">{\"@context\":\"https:\\\/\\\/schema.org\",\"@graph\":[{\"@type\":\"WebPage\",\"@id\":\"https:\\\/\\\/edicionesalfar.es\\\/es\\\/producto\\\/el-arte-en-las-manos-jose-antonio-grande-de-leon\\\/\",\"url\":\"https:\\\/\\\/edicionesalfar.es\\\/es\\\/producto\\\/el-arte-en-las-manos-jose-antonio-grande-de-leon\\\/\",\"name\":\"El arte en las manos. Jos\u00e9 Antonio Grande de Le\u00f3n - Ediciones Alfar\",\"isPartOf\":{\"@id\":\"https:\\\/\\\/edicionesalfar.es\\\/es\\\/#website\"},\"primaryImageOfPage\":{\"@id\":\"https:\\\/\\\/edicionesalfar.es\\\/es\\\/producto\\\/el-arte-en-las-manos-jose-antonio-grande-de-leon\\\/#primaryimage\"},\"image\":{\"@id\":\"https:\\\/\\\/edicionesalfar.es\\\/es\\\/producto\\\/el-arte-en-las-manos-jose-antonio-grande-de-leon\\\/#primaryimage\"},\"thumbnailUrl\":\"https:\\\/\\\/edicionesalfar.es\\\/es\\\/wp-content\\\/uploads\\\/2019\\\/05\\\/978847898761_arte.jpg\",\"datePublished\":\"2019-07-11T05:58:27+00:00\",\"dateModified\":\"2020-06-30T14:53:07+00:00\",\"breadcrumb\":{\"@id\":\"https:\\\/\\\/edicionesalfar.es\\\/es\\\/producto\\\/el-arte-en-las-manos-jose-antonio-grande-de-leon\\\/#breadcrumb\"},\"inLanguage\":\"es\",\"potentialAction\":[{\"@type\":\"ReadAction\",\"target\":[\"https:\\\/\\\/edicionesalfar.es\\\/es\\\/producto\\\/el-arte-en-las-manos-jose-antonio-grande-de-leon\\\/\"]}]},{\"@type\":\"ImageObject\",\"inLanguage\":\"es\",\"@id\":\"https:\\\/\\\/edicionesalfar.es\\\/es\\\/producto\\\/el-arte-en-las-manos-jose-antonio-grande-de-leon\\\/#primaryimage\",\"url\":\"https:\\\/\\\/edicionesalfar.es\\\/es\\\/wp-content\\\/uploads\\\/2019\\\/05\\\/978847898761_arte.jpg\",\"contentUrl\":\"https:\\\/\\\/edicionesalfar.es\\\/es\\\/wp-content\\\/uploads\\\/2019\\\/05\\\/978847898761_arte.jpg\"},{\"@type\":\"BreadcrumbList\",\"@id\":\"https:\\\/\\\/edicionesalfar.es\\\/es\\\/producto\\\/el-arte-en-las-manos-jose-antonio-grande-de-leon\\\/#breadcrumb\",\"itemListElement\":[{\"@type\":\"ListItem\",\"position\":1,\"name\":\"Portada\",\"item\":\"https:\\\/\\\/edicionesalfar.es\\\/es\\\/\"},{\"@type\":\"ListItem\",\"position\":2,\"name\":\"Cat\u00e1logo\",\"item\":\"https:\\\/\\\/edicionesalfar.es\\\/es\\\/catalogo\\\/\"},{\"@type\":\"ListItem\",\"position\":3,\"name\":\"El arte en las manos. Jos\u00e9 Antonio Grande de Le\u00f3n\"}]},{\"@type\":\"WebSite\",\"@id\":\"https:\\\/\\\/edicionesalfar.es\\\/es\\\/#website\",\"url\":\"https:\\\/\\\/edicionesalfar.es\\\/es\\\/\",\"name\":\"Ediciones Alfar\",\"description\":\"\",\"potentialAction\":[{\"@type\":\"SearchAction\",\"target\":{\"@type\":\"EntryPoint\",\"urlTemplate\":\"https:\\\/\\\/edicionesalfar.es\\\/es\\\/?s={search_term_string}\"},\"query-input\":{\"@type\":\"PropertyValueSpecification\",\"valueRequired\":true,\"valueName\":\"search_term_string\"}}],\"inLanguage\":\"es\"}]}<\/script>\n<!-- \/ Yoast SEO plugin. -->","yoast_head_json":{"title":"El arte en las manos. Jos\u00e9 Antonio Grande de Le\u00f3n - Ediciones Alfar","robots":{"index":"index","follow":"follow","max-snippet":"max-snippet:-1","max-image-preview":"max-image-preview:large","max-video-preview":"max-video-preview:-1"},"canonical":"https:\/\/edicionesalfar.es\/es\/producto\/el-arte-en-las-manos-jose-antonio-grande-de-leon\/","og_locale":"es_ES","og_type":"article","og_title":"El arte en las manos. Jos\u00e9 Antonio Grande de Le\u00f3n - Ediciones Alfar","og_description":"Esta obra es un compendio con car\u00e1cter pedag\u00f3gico que estudia con todo lujo de detalles la faceta de este artista que tanto ha dado y dar\u00e1 a la Semana Santa de Sevilla y a la de multitud de lugares de a geograf\u00eda espa\u00f1ola.","og_url":"https:\/\/edicionesalfar.es\/es\/producto\/el-arte-en-las-manos-jose-antonio-grande-de-leon\/","og_site_name":"Ediciones Alfar","article_modified_time":"2020-06-30T14:53:07+00:00","og_image":[{"url":"https:\/\/edicionesalfar.es\/es\/wp-content\/uploads\/2019\/05\/978847898761_arte.jpg","width":1,"height":1,"type":"image\/jpeg"}],"twitter_card":"summary_large_image","schema":{"@context":"https:\/\/schema.org","@graph":[{"@type":"WebPage","@id":"https:\/\/edicionesalfar.es\/es\/producto\/el-arte-en-las-manos-jose-antonio-grande-de-leon\/","url":"https:\/\/edicionesalfar.es\/es\/producto\/el-arte-en-las-manos-jose-antonio-grande-de-leon\/","name":"El arte en las manos. Jos\u00e9 Antonio Grande de Le\u00f3n - Ediciones Alfar","isPartOf":{"@id":"https:\/\/edicionesalfar.es\/es\/#website"},"primaryImageOfPage":{"@id":"https:\/\/edicionesalfar.es\/es\/producto\/el-arte-en-las-manos-jose-antonio-grande-de-leon\/#primaryimage"},"image":{"@id":"https:\/\/edicionesalfar.es\/es\/producto\/el-arte-en-las-manos-jose-antonio-grande-de-leon\/#primaryimage"},"thumbnailUrl":"https:\/\/edicionesalfar.es\/es\/wp-content\/uploads\/2019\/05\/978847898761_arte.jpg","datePublished":"2019-07-11T05:58:27+00:00","dateModified":"2020-06-30T14:53:07+00:00","breadcrumb":{"@id":"https:\/\/edicionesalfar.es\/es\/producto\/el-arte-en-las-manos-jose-antonio-grande-de-leon\/#breadcrumb"},"inLanguage":"es","potentialAction":[{"@type":"ReadAction","target":["https:\/\/edicionesalfar.es\/es\/producto\/el-arte-en-las-manos-jose-antonio-grande-de-leon\/"]}]},{"@type":"ImageObject","inLanguage":"es","@id":"https:\/\/edicionesalfar.es\/es\/producto\/el-arte-en-las-manos-jose-antonio-grande-de-leon\/#primaryimage","url":"https:\/\/edicionesalfar.es\/es\/wp-content\/uploads\/2019\/05\/978847898761_arte.jpg","contentUrl":"https:\/\/edicionesalfar.es\/es\/wp-content\/uploads\/2019\/05\/978847898761_arte.jpg"},{"@type":"BreadcrumbList","@id":"https:\/\/edicionesalfar.es\/es\/producto\/el-arte-en-las-manos-jose-antonio-grande-de-leon\/#breadcrumb","itemListElement":[{"@type":"ListItem","position":1,"name":"Portada","item":"https:\/\/edicionesalfar.es\/es\/"},{"@type":"ListItem","position":2,"name":"Cat\u00e1logo","item":"https:\/\/edicionesalfar.es\/es\/catalogo\/"},{"@type":"ListItem","position":3,"name":"El arte en las manos. Jos\u00e9 Antonio Grande de Le\u00f3n"}]},{"@type":"WebSite","@id":"https:\/\/edicionesalfar.es\/es\/#website","url":"https:\/\/edicionesalfar.es\/es\/","name":"Ediciones Alfar","description":"","potentialAction":[{"@type":"SearchAction","target":{"@type":"EntryPoint","urlTemplate":"https:\/\/edicionesalfar.es\/es\/?s={search_term_string}"},"query-input":{"@type":"PropertyValueSpecification","valueRequired":true,"valueName":"search_term_string"}}],"inLanguage":"es"}]}},"_links":{"self":[{"href":"https:\/\/edicionesalfar.es\/es\/wp-json\/wp\/v2\/product\/14784","targetHints":{"allow":["GET"]}}],"collection":[{"href":"https:\/\/edicionesalfar.es\/es\/wp-json\/wp\/v2\/product"}],"about":[{"href":"https:\/\/edicionesalfar.es\/es\/wp-json\/wp\/v2\/types\/product"}],"replies":[{"embeddable":true,"href":"https:\/\/edicionesalfar.es\/es\/wp-json\/wp\/v2\/comments?post=14784"}],"wp:featuredmedia":[{"embeddable":true,"href":"https:\/\/edicionesalfar.es\/es\/wp-json\/wp\/v2\/media\/14785"}],"wp:attachment":[{"href":"https:\/\/edicionesalfar.es\/es\/wp-json\/wp\/v2\/media?parent=14784"}],"wp:term":[{"taxonomy":"product_brand","embeddable":true,"href":"https:\/\/edicionesalfar.es\/es\/wp-json\/wp\/v2\/product_brand?post=14784"},{"taxonomy":"product_cat","embeddable":true,"href":"https:\/\/edicionesalfar.es\/es\/wp-json\/wp\/v2\/product_cat?post=14784"},{"taxonomy":"product_tag","embeddable":true,"href":"https:\/\/edicionesalfar.es\/es\/wp-json\/wp\/v2\/product_tag?post=14784"}],"curies":[{"name":"wp","href":"https:\/\/api.w.org\/{rel}","templated":true}]}}

El arte en las manos. José Antonio Grande de León

<p><span style="color: #656565; font-family: sans-serif; font-size: 16px;">Esta obra es un compendio con carácter pedagógico que estudia con todo lujo de detalles la faceta de este artista que tanto ha dado y dará a la Semana Santa de Sevilla y a la de multitud de lugares de a geografía española.</span></p>

<!-- This site is optimized with the Yoast SEO plugin v27.5 - https://yoast.com/product/yoast-seo-wordpress/ -->
<title>El arte en las manos. José Antonio Grande de León - Ediciones Alfar</title>
<meta name="robots" content="index, follow, max-snippet:-1, max-image-preview:large, max-video-preview:-1" />
<link rel="canonical" href="https://edicionesalfar.es/es/producto/el-arte-en-las-manos-jose-antonio-grande-de-leon/" />
<meta property="og:locale" content="es_ES" />
<meta property="og:type" content="article" />
<meta property="og:title" content="El arte en las manos. José Antonio Grande de León - Ediciones Alfar" />
<meta property="og:description" content="Esta obra es un compendio con carácter pedagógico que estudia con todo lujo de detalles la faceta de este artista que tanto ha dado y dará a la Semana Santa de Sevilla y a la de multitud de lugares de a geografía española." />
<meta property="og:url" content="https://edicionesalfar.es/es/producto/el-arte-en-las-manos-jose-antonio-grande-de-leon/" />
<meta property="og:site_name" content="Ediciones Alfar" />
<meta property="article:modified_time" content="2020-06-30T14:53:07+00:00" />
<meta property="og:image" content="https://edicionesalfar.es/es/wp-content/uploads/2019/05/978847898761_arte.jpg" />
	<meta property="og:image:width" content="1" />
	<meta property="og:image:height" content="1" />
	<meta property="og:image:type" content="image/jpeg" />
<meta name="twitter:card" content="summary_large_image" />
<script type="application/ld+json" class="yoast-schema-graph">{"@context":"https:\/\/schema.org","@graph":[{"@type":"WebPage","@id":"https:\/\/edicionesalfar.es\/es\/producto\/el-arte-en-las-manos-jose-antonio-grande-de-leon\/","url":"https:\/\/edicionesalfar.es\/es\/producto\/el-arte-en-las-manos-jose-antonio-grande-de-leon\/","name":"El arte en las manos. José Antonio Grande de León - Ediciones Alfar","isPartOf":{"@id":"https:\/\/edicionesalfar.es\/es\/#website"},"primaryImageOfPage":{"@id":"https:\/\/edicionesalfar.es\/es\/producto\/el-arte-en-las-manos-jose-antonio-grande-de-leon\/#primaryimage"},"image":{"@id":"https:\/\/edicionesalfar.es\/es\/producto\/el-arte-en-las-manos-jose-antonio-grande-de-leon\/#primaryimage"},"thumbnailUrl":"https:\/\/edicionesalfar.es\/es\/wp-content\/uploads\/2019\/05\/978847898761_arte.jpg","datePublished":"2019-07-11T05:58:27+00:00","dateModified":"2020-06-30T14:53:07+00:00","breadcrumb":{"@id":"https:\/\/edicionesalfar.es\/es\/producto\/el-arte-en-las-manos-jose-antonio-grande-de-leon\/#breadcrumb"},"inLanguage":"es","potentialAction":[{"@type":"ReadAction","target":["https:\/\/edicionesalfar.es\/es\/producto\/el-arte-en-las-manos-jose-antonio-grande-de-leon\/"]}]},{"@type":"ImageObject","inLanguage":"es","@id":"https:\/\/edicionesalfar.es\/es\/producto\/el-arte-en-las-manos-jose-antonio-grande-de-leon\/#primaryimage","url":"https:\/\/edicionesalfar.es\/es\/wp-content\/uploads\/2019\/05\/978847898761_arte.jpg","contentUrl":"https:\/\/edicionesalfar.es\/es\/wp-content\/uploads\/2019\/05\/978847898761_arte.jpg"},{"@type":"BreadcrumbList","@id":"https:\/\/edicionesalfar.es\/es\/producto\/el-arte-en-las-manos-jose-antonio-grande-de-leon\/#breadcrumb","itemListElement":[{"@type":"ListItem","position":1,"name":"Portada","item":"https:\/\/edicionesalfar.es\/es\/"},{"@type":"ListItem","position":2,"name":"Catálogo","item":"https:\/\/edicionesalfar.es\/es\/catalogo\/"},{"@type":"ListItem","position":3,"name":"El arte en las manos. José Antonio Grande de León"}]},{"@type":"WebSite","@id":"https:\/\/edicionesalfar.es\/es\/#website","url":"https:\/\/edicionesalfar.es\/es\/","name":"Ediciones Alfar","description":"","potentialAction":[{"@type":"SearchAction","target":{"@type":"EntryPoint","urlTemplate":"https:\/\/edicionesalfar.es\/es\/?s={search_term_string}"},"query-input":{"@type":"PropertyValueSpecification","valueRequired":true,"valueName":"search_term_string"}}],"inLanguage":"es"}]}</script>
<!-- / Yoast SEO plugin. -->

El arte en las manos. José Antonio Grande de León - Ediciones Alfar

Esta obra es un compendio con carácter pedagógico que estudia con todo lujo de detalles la faceta de este artista que tanto ha dado y dará a la Semana Santa de Sevilla y a la de multitud de lugares de a geografía española.

Catálogo
