{"id":14632,"date":"2019-07-11T05:57:07","date_gmt":"2019-07-11T05:57:07","guid":{"rendered":"http:\/\/www.edicionesalfar.es\/web-wordpress\/?post_type=product\\&#029;p="},"modified":"-0001-11-30T00:00:00","modified_gmt":"-0001-11-29T22:00:00","slug":"las-ruinas","status":"publish","type":"product","link":"https:\/\/edicionesalfar.es\/es\/producto\/las-ruinas\/","title":{"rendered":"Las Ruinas"},"content":{"rendered":"<p style=\"margin: 0px 0px 1.5em; padding-left: 0px; font-size: 12px; line-height: 18px; color: #656565; font-family: sans-serif; font-style: normal; text-align: justify;\">CONTENIDO:\u00a0En la b\u00fasqueda de una mejor vida, Tom\u00e1s Rodrigues ha reescrito su pasado con\u00a0consecuencias desconcertantes para su presente. Se encuentra en un punto de inflexi\u00f3n vital, temeroso de perder los hilos de su historia personal. Sus err\u00e1ticos periplos alrededor de Tokio reflejan sus poco fiables raciocinios cuando empieza a\u00a0rastrear obsesivamente al\u00a0doppelg\u00e4nger\u00a0de su primer amor verdadero, un romance que termin\u00f3 cuando su alma gemela decidi\u00f3 buscar sus ra\u00edces ancestrales en vez de forjar con \u00e9l un futuro en pareja. Encargado por el m\u00e9dico que lo trat\u00f3 despu\u00e9s de un accidente menor, Rodrigues emprende la traducci\u00f3n de un manuscrito portugu\u00e9s del siglo XVI s\u00f3lo para encontrar que encaja con la b\u00fasqueda de su anterior amante.<\/p>\n<p style=\"margin: 0px 0px 1.5em; padding-left: 0px; font-size: 12px; line-height: 18px; color: #656565; font-family: sans-serif; font-style: normal; text-align: justify;\">Santiago Gamboa, ganador en 2009 del premio literario La otra orilla:\u00a0\u201cUna novela apasionante, que se interna con gran sabidur\u00eda y conocimiento por\u00a0escenarios asi\u00e1ticos y que, sobre todo, nos presenta un sorprendente paisaje\u00a0humano. Novela inteligente, bien escrita y documentada, Las Ruinas sella la entrada de Rafael Reyes-Ruiz al mundo de la novela contempor\u00e1nea.\u201d<\/p>\n<p style=\"margin: 0px 0px 1.5em; padding-left: 0px; font-size: 12px; line-height: 18px; color: #656565; font-family: sans-serif; font-style: normal; text-align: justify;\">Peter Kalliney, autor de Commonwealth of Letters: British Literary Culture and the Emergence of Postcolonial Aesthetics:\u00a0\u201cCosmopolita en el mejor sentido de la palabra. Las ruinas es parte b\u00fasqueda geneal\u00f3gica, parte desventurado romance y parte encuentro etnogr\u00e1co, fundido en\u00a0un fascinante misterio que circunnavega el mundo. Reyes-Ruiz combina el ojo entrenado del antrop\u00f3logo con la imaginaci\u00f3n de un veterano novelista, logrando que el texto sea erudito y accesible al mismo tiempo. Muy recomendable\u201d.<\/p>\n<p style=\"margin: 0px 0px 1.5em; padding-left: 0px; font-size: 12px; line-height: 18px; color: #656565; font-family: sans-serif; font-style: normal; text-align: justify;\">John D. Blanco. Profesor Asociado de Literatura de la Universidad de California en San Diego:\u00a0\u201cA trav\u00e9s de la figura de Rodrigues, la original y conmovedora obra de Reyes-Ruiz\u00a0nos obliga a hacer algo m\u00e1s que observar y tomar nota de las cat\u00e1strofes y v\u00edctimas de la historia. Nos obliga a reconocer la deuda acumulada a trav\u00e9s de nuestro individual y colectivo apego a la amnesia hist\u00f3rica\u201d.<\/p>\n<p style=\"margin: 0px 0px 1.5em; padding-left: 0px; font-size: 12px; line-height: 18px; color: #656565; font-family: sans-serif; font-style: normal; text-align: justify;\">AUTOR:\u00a0Rafael Reyes-Ruiz ense\u00f1a en la facultad de Humanidades y Ciencias Sociales de la Universidad Zayed de Dub\u00e1i. Es editor de Encounters, una revista\/serie de libros acad\u00e9micos. Reyes-Ruiz ha publicado varios cuentos en ingl\u00e9s y espa\u00f1ol, as\u00ed como ha coeditado una antolog\u00eda de cuentos sobre los latinoamericanos en Jap\u00f3n. En este momento est\u00e1 trabajando en su segunda novela.<\/p>\n","protected":false},"excerpt":{"rendered":"<p><span style=\"color: #000000;\"><span style=\"margin: 0px; padding: 0px; font-size: 12px; line-height: 18px; font-family: arial, helvetica, sans-serif;\"><span style=\"margin: 0px; padding: 0px; font-size: 19px;\"><span style=\"margin: 0px; padding: 0px; font-size: 14pt;\"><span style=\"margin: 0px; padding: 0px; font-size: 12pt; font-family: Verdana, Arial, Helvetica, sans-serif;\">La obra nos obliga a hacer&nbsp;<\/span><\/span><\/span><\/span><span style=\"margin: 0px; padding: 0px; font-family: sans-serif; line-height: 18px; font-size: 12pt;\">algo m&aacute;s que observar y tomar nota de las cat&aacute;strofes y v&iacute;ctimas&nbsp;<\/span><span style=\"margin: 0px; padding: 0px; font-family: sans-serif; line-height: 18px; font-size: 12pt;\">de la historia. Nos obliga a reconocer la deuda acumulada&nbsp;<\/span><span style=\"margin: 0px; padding: 0px; font-family: sans-serif; line-height: 18px; font-size: 12pt;\">a trav&eacute;s de nuestro individual y colectivo apego a la&nbsp;<\/span><span style=\"margin: 0px; padding: 0px; font-family: sans-serif; line-height: 18px; font-size: 12pt;\">amnesia hist&oacute;rica.<\/span><\/span><\/p>\n","protected":false},"featured_media":14633,"comment_status":"open","ping_status":"open","template":"","meta":{"_acf_changed":false,"_et_pb_use_builder":"","_et_pb_old_content":"","_et_gb_content_width":""},"product_brand":[],"product_cat":[29],"product_tag":[],"class_list":{"0":"post-14632","1":"product","2":"type-product","3":"status-publish","4":"has-post-thumbnail","6":"product_cat-narrativa","8":"first","9":"instock","10":"taxable","11":"shipping-taxable","12":"purchasable","13":"product-type-simple"},"acf":[],"yoast_head":"<!-- This site is optimized with the Yoast SEO plugin v27.5 - https:\/\/yoast.com\/product\/yoast-seo-wordpress\/ -->\n<title>Las Ruinas - Ediciones Alfar<\/title>\n<meta name=\"robots\" content=\"index, follow, max-snippet:-1, max-image-preview:large, max-video-preview:-1\" \/>\n<link rel=\"canonical\" href=\"https:\/\/edicionesalfar.es\/es\/producto\/las-ruinas\/\" \/>\n<meta property=\"og:locale\" content=\"es_ES\" \/>\n<meta property=\"og:type\" content=\"article\" \/>\n<meta property=\"og:title\" content=\"Las Ruinas - Ediciones Alfar\" \/>\n<meta property=\"og:description\" content=\"La obra nos obliga a hacer&nbsp;algo m&aacute;s que observar y tomar nota de las cat&aacute;strofes y v&iacute;ctimas&nbsp;de la historia. Nos obliga a reconocer la deuda acumulada&nbsp;a trav&eacute;s de nuestro individual y colectivo apego a la&nbsp;amnesia hist&oacute;rica.\" \/>\n<meta property=\"og:url\" content=\"https:\/\/edicionesalfar.es\/es\/producto\/las-ruinas\/\" \/>\n<meta property=\"og:site_name\" content=\"Ediciones Alfar\" \/>\n<meta property=\"og:image\" content=\"https:\/\/edicionesalfar.es\/es\/wp-content\/uploads\/2019\/05\/9788478986149_lasruinas.jpg\" \/>\n\t<meta property=\"og:image:width\" content=\"1\" \/>\n\t<meta property=\"og:image:height\" content=\"1\" \/>\n\t<meta property=\"og:image:type\" content=\"image\/jpeg\" \/>\n<meta name=\"twitter:card\" content=\"summary_large_image\" \/>\n<meta name=\"twitter:label1\" content=\"Tiempo de lectura\" \/>\n\t<meta name=\"twitter:data1\" content=\"2 minutos\" \/>\n<script type=\"application\/ld+json\" class=\"yoast-schema-graph\">{\"@context\":\"https:\\\/\\\/schema.org\",\"@graph\":[{\"@type\":\"WebPage\",\"@id\":\"https:\\\/\\\/edicionesalfar.es\\\/es\\\/producto\\\/las-ruinas\\\/\",\"url\":\"https:\\\/\\\/edicionesalfar.es\\\/es\\\/producto\\\/las-ruinas\\\/\",\"name\":\"Las Ruinas - Ediciones Alfar\",\"isPartOf\":{\"@id\":\"https:\\\/\\\/edicionesalfar.es\\\/es\\\/#website\"},\"primaryImageOfPage\":{\"@id\":\"https:\\\/\\\/edicionesalfar.es\\\/es\\\/producto\\\/las-ruinas\\\/#primaryimage\"},\"image\":{\"@id\":\"https:\\\/\\\/edicionesalfar.es\\\/es\\\/producto\\\/las-ruinas\\\/#primaryimage\"},\"thumbnailUrl\":\"https:\\\/\\\/edicionesalfar.es\\\/es\\\/wp-content\\\/uploads\\\/2019\\\/05\\\/9788478986149_lasruinas.jpg\",\"datePublished\":\"2019-07-11T05:57:07+00:00\",\"breadcrumb\":{\"@id\":\"https:\\\/\\\/edicionesalfar.es\\\/es\\\/producto\\\/las-ruinas\\\/#breadcrumb\"},\"inLanguage\":\"es\",\"potentialAction\":[{\"@type\":\"ReadAction\",\"target\":[\"https:\\\/\\\/edicionesalfar.es\\\/es\\\/producto\\\/las-ruinas\\\/\"]}]},{\"@type\":\"ImageObject\",\"inLanguage\":\"es\",\"@id\":\"https:\\\/\\\/edicionesalfar.es\\\/es\\\/producto\\\/las-ruinas\\\/#primaryimage\",\"url\":\"https:\\\/\\\/edicionesalfar.es\\\/es\\\/wp-content\\\/uploads\\\/2019\\\/05\\\/9788478986149_lasruinas.jpg\",\"contentUrl\":\"https:\\\/\\\/edicionesalfar.es\\\/es\\\/wp-content\\\/uploads\\\/2019\\\/05\\\/9788478986149_lasruinas.jpg\"},{\"@type\":\"BreadcrumbList\",\"@id\":\"https:\\\/\\\/edicionesalfar.es\\\/es\\\/producto\\\/las-ruinas\\\/#breadcrumb\",\"itemListElement\":[{\"@type\":\"ListItem\",\"position\":1,\"name\":\"Portada\",\"item\":\"https:\\\/\\\/edicionesalfar.es\\\/es\\\/\"},{\"@type\":\"ListItem\",\"position\":2,\"name\":\"Cat\u00e1logo\",\"item\":\"https:\\\/\\\/edicionesalfar.es\\\/es\\\/catalogo\\\/\"},{\"@type\":\"ListItem\",\"position\":3,\"name\":\"Las Ruinas\"}]},{\"@type\":\"WebSite\",\"@id\":\"https:\\\/\\\/edicionesalfar.es\\\/es\\\/#website\",\"url\":\"https:\\\/\\\/edicionesalfar.es\\\/es\\\/\",\"name\":\"Ediciones Alfar\",\"description\":\"\",\"potentialAction\":[{\"@type\":\"SearchAction\",\"target\":{\"@type\":\"EntryPoint\",\"urlTemplate\":\"https:\\\/\\\/edicionesalfar.es\\\/es\\\/?s={search_term_string}\"},\"query-input\":{\"@type\":\"PropertyValueSpecification\",\"valueRequired\":true,\"valueName\":\"search_term_string\"}}],\"inLanguage\":\"es\"}]}<\/script>\n<!-- \/ Yoast SEO plugin. -->","yoast_head_json":{"title":"Las Ruinas - Ediciones Alfar","robots":{"index":"index","follow":"follow","max-snippet":"max-snippet:-1","max-image-preview":"max-image-preview:large","max-video-preview":"max-video-preview:-1"},"canonical":"https:\/\/edicionesalfar.es\/es\/producto\/las-ruinas\/","og_locale":"es_ES","og_type":"article","og_title":"Las Ruinas - Ediciones Alfar","og_description":"La obra nos obliga a hacer&nbsp;algo m&aacute;s que observar y tomar nota de las cat&aacute;strofes y v&iacute;ctimas&nbsp;de la historia. Nos obliga a reconocer la deuda acumulada&nbsp;a trav&eacute;s de nuestro individual y colectivo apego a la&nbsp;amnesia hist&oacute;rica.","og_url":"https:\/\/edicionesalfar.es\/es\/producto\/las-ruinas\/","og_site_name":"Ediciones Alfar","og_image":[{"url":"https:\/\/edicionesalfar.es\/es\/wp-content\/uploads\/2019\/05\/9788478986149_lasruinas.jpg","width":1,"height":1,"type":"image\/jpeg"}],"twitter_card":"summary_large_image","twitter_misc":{"Tiempo de lectura":"2 minutos"},"schema":{"@context":"https:\/\/schema.org","@graph":[{"@type":"WebPage","@id":"https:\/\/edicionesalfar.es\/es\/producto\/las-ruinas\/","url":"https:\/\/edicionesalfar.es\/es\/producto\/las-ruinas\/","name":"Las Ruinas - Ediciones Alfar","isPartOf":{"@id":"https:\/\/edicionesalfar.es\/es\/#website"},"primaryImageOfPage":{"@id":"https:\/\/edicionesalfar.es\/es\/producto\/las-ruinas\/#primaryimage"},"image":{"@id":"https:\/\/edicionesalfar.es\/es\/producto\/las-ruinas\/#primaryimage"},"thumbnailUrl":"https:\/\/edicionesalfar.es\/es\/wp-content\/uploads\/2019\/05\/9788478986149_lasruinas.jpg","datePublished":"2019-07-11T05:57:07+00:00","breadcrumb":{"@id":"https:\/\/edicionesalfar.es\/es\/producto\/las-ruinas\/#breadcrumb"},"inLanguage":"es","potentialAction":[{"@type":"ReadAction","target":["https:\/\/edicionesalfar.es\/es\/producto\/las-ruinas\/"]}]},{"@type":"ImageObject","inLanguage":"es","@id":"https:\/\/edicionesalfar.es\/es\/producto\/las-ruinas\/#primaryimage","url":"https:\/\/edicionesalfar.es\/es\/wp-content\/uploads\/2019\/05\/9788478986149_lasruinas.jpg","contentUrl":"https:\/\/edicionesalfar.es\/es\/wp-content\/uploads\/2019\/05\/9788478986149_lasruinas.jpg"},{"@type":"BreadcrumbList","@id":"https:\/\/edicionesalfar.es\/es\/producto\/las-ruinas\/#breadcrumb","itemListElement":[{"@type":"ListItem","position":1,"name":"Portada","item":"https:\/\/edicionesalfar.es\/es\/"},{"@type":"ListItem","position":2,"name":"Cat\u00e1logo","item":"https:\/\/edicionesalfar.es\/es\/catalogo\/"},{"@type":"ListItem","position":3,"name":"Las Ruinas"}]},{"@type":"WebSite","@id":"https:\/\/edicionesalfar.es\/es\/#website","url":"https:\/\/edicionesalfar.es\/es\/","name":"Ediciones Alfar","description":"","potentialAction":[{"@type":"SearchAction","target":{"@type":"EntryPoint","urlTemplate":"https:\/\/edicionesalfar.es\/es\/?s={search_term_string}"},"query-input":{"@type":"PropertyValueSpecification","valueRequired":true,"valueName":"search_term_string"}}],"inLanguage":"es"}]}},"_links":{"self":[{"href":"https:\/\/edicionesalfar.es\/es\/wp-json\/wp\/v2\/product\/14632","targetHints":{"allow":["GET"]}}],"collection":[{"href":"https:\/\/edicionesalfar.es\/es\/wp-json\/wp\/v2\/product"}],"about":[{"href":"https:\/\/edicionesalfar.es\/es\/wp-json\/wp\/v2\/types\/product"}],"replies":[{"embeddable":true,"href":"https:\/\/edicionesalfar.es\/es\/wp-json\/wp\/v2\/comments?post=14632"}],"wp:featuredmedia":[{"embeddable":true,"href":"https:\/\/edicionesalfar.es\/es\/wp-json\/wp\/v2\/media\/14633"}],"wp:attachment":[{"href":"https:\/\/edicionesalfar.es\/es\/wp-json\/wp\/v2\/media?parent=14632"}],"wp:term":[{"taxonomy":"product_brand","embeddable":true,"href":"https:\/\/edicionesalfar.es\/es\/wp-json\/wp\/v2\/product_brand?post=14632"},{"taxonomy":"product_cat","embeddable":true,"href":"https:\/\/edicionesalfar.es\/es\/wp-json\/wp\/v2\/product_cat?post=14632"},{"taxonomy":"product_tag","embeddable":true,"href":"https:\/\/edicionesalfar.es\/es\/wp-json\/wp\/v2\/product_tag?post=14632"}],"curies":[{"name":"wp","href":"https:\/\/api.w.org\/{rel}","templated":true}]}}

<p style="margin: 0px 0px 1.5em; padding-left: 0px; font-size: 12px; line-height: 18px; color: #656565; font-family: sans-serif; font-style: normal; text-align: justify;">CONTENIDO: En la búsqueda de una mejor vida, Tomás Rodrigues ha reescrito su pasado con consecuencias desconcertantes para su presente. Se encuentra en un punto de inflexión vital, temeroso de perder los hilos de su historia personal. Sus erráticos periplos alrededor de Tokio reflejan sus poco fiables raciocinios cuando empieza a rastrear obsesivamente al doppelgänger de su primer amor verdadero, un romance que terminó cuando su alma gemela decidió buscar sus raíces ancestrales en vez de forjar con él un futuro en pareja. Encargado por el médico que lo trató después de un accidente menor, Rodrigues emprende la traducción de un manuscrito portugués del siglo XVI sólo para encontrar que encaja con la búsqueda de su anterior amante.</p>
<p style="margin: 0px 0px 1.5em; padding-left: 0px; font-size: 12px; line-height: 18px; color: #656565; font-family: sans-serif; font-style: normal; text-align: justify;">Santiago Gamboa, ganador en 2009 del premio literario La otra orilla: “Una novela apasionante, que se interna con gran sabiduría y conocimiento por escenarios asiáticos y que, sobre todo, nos presenta un sorprendente paisaje humano. Novela inteligente, bien escrita y documentada, Las Ruinas sella la entrada de Rafael Reyes-Ruiz al mundo de la novela contemporánea.”</p>
<p style="margin: 0px 0px 1.5em; padding-left: 0px; font-size: 12px; line-height: 18px; color: #656565; font-family: sans-serif; font-style: normal; text-align: justify;">Peter Kalliney, autor de Commonwealth of Letters: British Literary Culture and the Emergence of Postcolonial Aesthetics: “Cosmopolita en el mejor sentido de la palabra. Las ruinas es parte búsqueda genealógica, parte desventurado romance y parte encuentro etnográco, fundido en un fascinante misterio que circunnavega el mundo. Reyes-Ruiz combina el ojo entrenado del antropólogo con la imaginación de un veterano novelista, logrando que el texto sea erudito y accesible al mismo tiempo. Muy recomendable”.</p>
<p style="margin: 0px 0px 1.5em; padding-left: 0px; font-size: 12px; line-height: 18px; color: #656565; font-family: sans-serif; font-style: normal; text-align: justify;">John D. Blanco. Profesor Asociado de Literatura de la Universidad de California en San Diego: “A través de la figura de Rodrigues, la original y conmovedora obra de Reyes-Ruiz nos obliga a hacer algo más que observar y tomar nota de las catástrofes y víctimas de la historia. Nos obliga a reconocer la deuda acumulada a través de nuestro individual y colectivo apego a la amnesia histórica”.</p>
<p style="margin: 0px 0px 1.5em; padding-left: 0px; font-size: 12px; line-height: 18px; color: #656565; font-family: sans-serif; font-style: normal; text-align: justify;">AUTOR: Rafael Reyes-Ruiz enseña en la facultad de Humanidades y Ciencias Sociales de la Universidad Zayed de Dubái. Es editor de Encounters, una revista/serie de libros académicos. Reyes-Ruiz ha publicado varios cuentos en inglés y español, así como ha coeditado una antología de cuentos sobre los latinoamericanos en Japón. En este momento está trabajando en su segunda novela.</p>

<!-- This site is optimized with the Yoast SEO plugin v27.5 - https://yoast.com/product/yoast-seo-wordpress/ -->
<title>Las Ruinas - Ediciones Alfar</title>
<meta name="robots" content="index, follow, max-snippet:-1, max-image-preview:large, max-video-preview:-1" />
<link rel="canonical" href="https://edicionesalfar.es/es/producto/las-ruinas/" />
<meta property="og:locale" content="es_ES" />
<meta property="og:type" content="article" />
<meta property="og:title" content="Las Ruinas - Ediciones Alfar" />
<meta property="og:description" content="La obra nos obliga a hacer&nbsp;algo m&aacute;s que observar y tomar nota de las cat&aacute;strofes y v&iacute;ctimas&nbsp;de la historia. Nos obliga a reconocer la deuda acumulada&nbsp;a trav&eacute;s de nuestro individual y colectivo apego a la&nbsp;amnesia hist&oacute;rica." />
<meta property="og:url" content="https://edicionesalfar.es/es/producto/las-ruinas/" />
<meta property="og:site_name" content="Ediciones Alfar" />
<meta property="og:image" content="https://edicionesalfar.es/es/wp-content/uploads/2019/05/9788478986149_lasruinas.jpg" />
	<meta property="og:image:width" content="1" />
	<meta property="og:image:height" content="1" />
	<meta property="og:image:type" content="image/jpeg" />
<meta name="twitter:card" content="summary_large_image" />
<meta name="twitter:label1" content="Tiempo de lectura" />
	<meta name="twitter:data1" content="2 minutos" />
<script type="application/ld+json" class="yoast-schema-graph">{"@context":"https:\/\/schema.org","@graph":[{"@type":"WebPage","@id":"https:\/\/edicionesalfar.es\/es\/producto\/las-ruinas\/","url":"https:\/\/edicionesalfar.es\/es\/producto\/las-ruinas\/","name":"Las Ruinas - Ediciones Alfar","isPartOf":{"@id":"https:\/\/edicionesalfar.es\/es\/#website"},"primaryImageOfPage":{"@id":"https:\/\/edicionesalfar.es\/es\/producto\/las-ruinas\/#primaryimage"},"image":{"@id":"https:\/\/edicionesalfar.es\/es\/producto\/las-ruinas\/#primaryimage"},"thumbnailUrl":"https:\/\/edicionesalfar.es\/es\/wp-content\/uploads\/2019\/05\/9788478986149_lasruinas.jpg","datePublished":"2019-07-11T05:57:07+00:00","breadcrumb":{"@id":"https:\/\/edicionesalfar.es\/es\/producto\/las-ruinas\/#breadcrumb"},"inLanguage":"es","potentialAction":[{"@type":"ReadAction","target":["https:\/\/edicionesalfar.es\/es\/producto\/las-ruinas\/"]}]},{"@type":"ImageObject","inLanguage":"es","@id":"https:\/\/edicionesalfar.es\/es\/producto\/las-ruinas\/#primaryimage","url":"https:\/\/edicionesalfar.es\/es\/wp-content\/uploads\/2019\/05\/9788478986149_lasruinas.jpg","contentUrl":"https:\/\/edicionesalfar.es\/es\/wp-content\/uploads\/2019\/05\/9788478986149_lasruinas.jpg"},{"@type":"BreadcrumbList","@id":"https:\/\/edicionesalfar.es\/es\/producto\/las-ruinas\/#breadcrumb","itemListElement":[{"@type":"ListItem","position":1,"name":"Portada","item":"https:\/\/edicionesalfar.es\/es\/"},{"@type":"ListItem","position":2,"name":"Catálogo","item":"https:\/\/edicionesalfar.es\/es\/catalogo\/"},{"@type":"ListItem","position":3,"name":"Las Ruinas"}]},{"@type":"WebSite","@id":"https:\/\/edicionesalfar.es\/es\/#website","url":"https:\/\/edicionesalfar.es\/es\/","name":"Ediciones Alfar","description":"","potentialAction":[{"@type":"SearchAction","target":{"@type":"EntryPoint","urlTemplate":"https:\/\/edicionesalfar.es\/es\/?s={search_term_string}"},"query-input":{"@type":"PropertyValueSpecification","valueRequired":true,"valueName":"search_term_string"}}],"inLanguage":"es"}]}</script>
<!-- / Yoast SEO plugin. -->

Catálogo
