{"id":14592,"date":"2019-07-11T05:56:45","date_gmt":"2019-07-11T05:56:45","guid":{"rendered":"http:\/\/www.edicionesalfar.es\/web-wordpress\/?post_type=product\\&#054;p="},"modified":"-0001-11-30T00:00:00","modified_gmt":"-0001-11-29T22:00:00","slug":"las-flores-de-tu-vida","status":"publish","type":"product","link":"https:\/\/edicionesalfar.es\/es\/producto\/las-flores-de-tu-vida\/","title":{"rendered":"Las flores de tu vida"},"content":{"rendered":"<p style=\"margin: 0px 0px 1.5em; padding-left: 0px; font-size: 12px; line-height: 18px; color: #656565; font-family: sans-serif; font-style: normal; page-break-inside: avoid; widows: 8;\" align=\"JUSTIFY\">CONTENIDO:Libro que nos muestra y nos anima a coleccionar, guardar y disfrutar de las flores de nuestra vida. En formato atractivo, preparado para la conservaci\u00f3n, con instrucciones de conservaci\u00f3n y pegado. Acompa\u00f1a a la obra textos relacionados con las flores, poemas, escritos&#8230;<\/p>\n<p style=\"margin: 0px 0px 1.5em; padding-left: 0px; font-size: 12px; line-height: 18px; color: #656565; font-family: sans-serif; font-style: normal; page-break-inside: avoid; widows: 8;\" align=\"JUSTIFY\">AUTOR:\u00a0Fernando \u00c1ngel Lumbreras Garc\u00eda naci\u00f3 en la ciudad de C\u00e1ceres, Patrimonio de la Humanidad, el 30 de mayo de 1963; a pesar del a\u00f1o de cosecha, sin embargo solo ampara la revoluci\u00f3n individual con una novedosa arma de construcci\u00f3n masiva jam\u00e1s utilizada hasta ahora en guerra alguna: El cari\u00f1o. Es licenciado en Derecho por la Universidad de Extremadura.<\/p>\n<p style=\"margin: 0px 0px 1.5em; padding-left: 0px; font-size: 12px; line-height: 18px; color: #656565; font-family: sans-serif; font-style: normal; page-break-inside: avoid; widows: 8;\" lang=\"es-ES\" align=\"JUSTIFY\">Acepta de buen grado ser \u201cfeo, cat\u00f3lico y sentimental\u201d, mitigando lo primero a base de ducha diaria, colonia y desodorante. Por encima de todo y como principios inalienables defiende la familia y la amistad.<\/p>\n<p style=\"margin: 0px 0px 1.5em; padding-left: 0px; font-size: 12px; line-height: 18px; color: #656565; font-family: sans-serif; font-style: normal; page-break-inside: avoid; widows: 8;\" lang=\"es-ES\" align=\"JUSTIFY\">Vive en Tomares (Sevilla) pero sin romper nunca y bajo ning\u00fan concepto su vinculaci\u00f3n con la tierra que le vio nacer. Desarrolla su carrera profesional en la capital andaluza, ya m\u00e1s de veinte a\u00f1os, y vinculado a entidades en el \u00e1mbito de los impagados, departamentos de recuperaciones y recobro. Ha ejercido en ese campo diferentes responsabilidades.<\/p>\n<p style=\"margin: 0px 0px 1.5em; padding-left: 0px; font-size: 12px; line-height: 18px; color: #656565; font-family: sans-serif; font-style: normal; page-break-inside: avoid; widows: 8;\" lang=\"es-ES\" align=\"JUSTIFY\">La flores de tu vida\u00a0es su cuarto libro.<\/p>\n","protected":false},"excerpt":{"rendered":"<p><span style=\"color: #656565; font-family: arial, helvetica, sans-serif; font-size: 16px; line-height: 18px;\">Libro que nos muestra y nos anima a coleccionar, guardar y disfrutar de las flores de nuestra vida. En formato atractivo, preparado para la conservaci\u00f3n, con instrucciones de conservaci\u00f3n y pegado. Acompa\u00f1a a la obra textos relacionados con las flores, poemas, escritos&#8230;&nbsp;<\/span><\/p>\n","protected":false},"featured_media":14593,"comment_status":"open","ping_status":"open","template":"","meta":{"_acf_changed":false,"_et_pb_use_builder":"","_et_pb_old_content":"","_et_gb_content_width":""},"product_brand":[],"product_cat":[54],"product_tag":[],"class_list":{"0":"post-14592","1":"product","2":"type-product","3":"status-publish","4":"has-post-thumbnail","6":"product_cat-actuales","8":"first","9":"instock","10":"taxable","11":"shipping-taxable","12":"purchasable","13":"product-type-simple"},"acf":[],"yoast_head":"<!-- This site is optimized with the Yoast SEO plugin v27.5 - https:\/\/yoast.com\/product\/yoast-seo-wordpress\/ -->\n<title>Las flores de tu vida - Ediciones Alfar<\/title>\n<meta name=\"robots\" content=\"index, follow, max-snippet:-1, max-image-preview:large, max-video-preview:-1\" \/>\n<link rel=\"canonical\" href=\"https:\/\/edicionesalfar.es\/es\/producto\/las-flores-de-tu-vida\/\" \/>\n<meta property=\"og:locale\" content=\"es_ES\" \/>\n<meta property=\"og:type\" content=\"article\" \/>\n<meta property=\"og:title\" content=\"Las flores de tu vida - Ediciones Alfar\" \/>\n<meta property=\"og:description\" content=\"Libro que nos muestra y nos anima a coleccionar, guardar y disfrutar de las flores de nuestra vida. En formato atractivo, preparado para la conservaci\u00f3n, con instrucciones de conservaci\u00f3n y pegado. Acompa\u00f1a a la obra textos relacionados con las flores, poemas, escritos...&nbsp;\" \/>\n<meta property=\"og:url\" content=\"https:\/\/edicionesalfar.es\/es\/producto\/las-flores-de-tu-vida\/\" \/>\n<meta property=\"og:site_name\" content=\"Ediciones Alfar\" \/>\n<meta property=\"og:image\" content=\"https:\/\/edicionesalfar.es\/es\/wp-content\/uploads\/2019\/05\/9788478985906_lasflores.jpg\" \/>\n\t<meta property=\"og:image:width\" content=\"1\" \/>\n\t<meta property=\"og:image:height\" content=\"1\" \/>\n\t<meta property=\"og:image:type\" content=\"image\/jpeg\" \/>\n<meta name=\"twitter:card\" content=\"summary_large_image\" \/>\n<meta name=\"twitter:label1\" content=\"Tiempo de lectura\" \/>\n\t<meta name=\"twitter:data1\" content=\"1 minuto\" \/>\n<script type=\"application\/ld+json\" class=\"yoast-schema-graph\">{\"@context\":\"https:\\\/\\\/schema.org\",\"@graph\":[{\"@type\":\"WebPage\",\"@id\":\"https:\\\/\\\/edicionesalfar.es\\\/es\\\/producto\\\/las-flores-de-tu-vida\\\/\",\"url\":\"https:\\\/\\\/edicionesalfar.es\\\/es\\\/producto\\\/las-flores-de-tu-vida\\\/\",\"name\":\"Las flores de tu vida - Ediciones Alfar\",\"isPartOf\":{\"@id\":\"https:\\\/\\\/edicionesalfar.es\\\/es\\\/#website\"},\"primaryImageOfPage\":{\"@id\":\"https:\\\/\\\/edicionesalfar.es\\\/es\\\/producto\\\/las-flores-de-tu-vida\\\/#primaryimage\"},\"image\":{\"@id\":\"https:\\\/\\\/edicionesalfar.es\\\/es\\\/producto\\\/las-flores-de-tu-vida\\\/#primaryimage\"},\"thumbnailUrl\":\"https:\\\/\\\/edicionesalfar.es\\\/es\\\/wp-content\\\/uploads\\\/2019\\\/05\\\/9788478985906_lasflores.jpg\",\"datePublished\":\"2019-07-11T05:56:45+00:00\",\"breadcrumb\":{\"@id\":\"https:\\\/\\\/edicionesalfar.es\\\/es\\\/producto\\\/las-flores-de-tu-vida\\\/#breadcrumb\"},\"inLanguage\":\"es\",\"potentialAction\":[{\"@type\":\"ReadAction\",\"target\":[\"https:\\\/\\\/edicionesalfar.es\\\/es\\\/producto\\\/las-flores-de-tu-vida\\\/\"]}]},{\"@type\":\"ImageObject\",\"inLanguage\":\"es\",\"@id\":\"https:\\\/\\\/edicionesalfar.es\\\/es\\\/producto\\\/las-flores-de-tu-vida\\\/#primaryimage\",\"url\":\"https:\\\/\\\/edicionesalfar.es\\\/es\\\/wp-content\\\/uploads\\\/2019\\\/05\\\/9788478985906_lasflores.jpg\",\"contentUrl\":\"https:\\\/\\\/edicionesalfar.es\\\/es\\\/wp-content\\\/uploads\\\/2019\\\/05\\\/9788478985906_lasflores.jpg\"},{\"@type\":\"BreadcrumbList\",\"@id\":\"https:\\\/\\\/edicionesalfar.es\\\/es\\\/producto\\\/las-flores-de-tu-vida\\\/#breadcrumb\",\"itemListElement\":[{\"@type\":\"ListItem\",\"position\":1,\"name\":\"Portada\",\"item\":\"https:\\\/\\\/edicionesalfar.es\\\/es\\\/\"},{\"@type\":\"ListItem\",\"position\":2,\"name\":\"Cat\u00e1logo\",\"item\":\"https:\\\/\\\/edicionesalfar.es\\\/es\\\/catalogo\\\/\"},{\"@type\":\"ListItem\",\"position\":3,\"name\":\"Las flores de tu vida\"}]},{\"@type\":\"WebSite\",\"@id\":\"https:\\\/\\\/edicionesalfar.es\\\/es\\\/#website\",\"url\":\"https:\\\/\\\/edicionesalfar.es\\\/es\\\/\",\"name\":\"Ediciones Alfar\",\"description\":\"\",\"potentialAction\":[{\"@type\":\"SearchAction\",\"target\":{\"@type\":\"EntryPoint\",\"urlTemplate\":\"https:\\\/\\\/edicionesalfar.es\\\/es\\\/?s={search_term_string}\"},\"query-input\":{\"@type\":\"PropertyValueSpecification\",\"valueRequired\":true,\"valueName\":\"search_term_string\"}}],\"inLanguage\":\"es\"}]}<\/script>\n<!-- \/ Yoast SEO plugin. -->","yoast_head_json":{"title":"Las flores de tu vida - Ediciones Alfar","robots":{"index":"index","follow":"follow","max-snippet":"max-snippet:-1","max-image-preview":"max-image-preview:large","max-video-preview":"max-video-preview:-1"},"canonical":"https:\/\/edicionesalfar.es\/es\/producto\/las-flores-de-tu-vida\/","og_locale":"es_ES","og_type":"article","og_title":"Las flores de tu vida - Ediciones Alfar","og_description":"Libro que nos muestra y nos anima a coleccionar, guardar y disfrutar de las flores de nuestra vida. En formato atractivo, preparado para la conservaci\u00f3n, con instrucciones de conservaci\u00f3n y pegado. Acompa\u00f1a a la obra textos relacionados con las flores, poemas, escritos...&nbsp;","og_url":"https:\/\/edicionesalfar.es\/es\/producto\/las-flores-de-tu-vida\/","og_site_name":"Ediciones Alfar","og_image":[{"url":"https:\/\/edicionesalfar.es\/es\/wp-content\/uploads\/2019\/05\/9788478985906_lasflores.jpg","width":1,"height":1,"type":"image\/jpeg"}],"twitter_card":"summary_large_image","twitter_misc":{"Tiempo de lectura":"1 minuto"},"schema":{"@context":"https:\/\/schema.org","@graph":[{"@type":"WebPage","@id":"https:\/\/edicionesalfar.es\/es\/producto\/las-flores-de-tu-vida\/","url":"https:\/\/edicionesalfar.es\/es\/producto\/las-flores-de-tu-vida\/","name":"Las flores de tu vida - Ediciones Alfar","isPartOf":{"@id":"https:\/\/edicionesalfar.es\/es\/#website"},"primaryImageOfPage":{"@id":"https:\/\/edicionesalfar.es\/es\/producto\/las-flores-de-tu-vida\/#primaryimage"},"image":{"@id":"https:\/\/edicionesalfar.es\/es\/producto\/las-flores-de-tu-vida\/#primaryimage"},"thumbnailUrl":"https:\/\/edicionesalfar.es\/es\/wp-content\/uploads\/2019\/05\/9788478985906_lasflores.jpg","datePublished":"2019-07-11T05:56:45+00:00","breadcrumb":{"@id":"https:\/\/edicionesalfar.es\/es\/producto\/las-flores-de-tu-vida\/#breadcrumb"},"inLanguage":"es","potentialAction":[{"@type":"ReadAction","target":["https:\/\/edicionesalfar.es\/es\/producto\/las-flores-de-tu-vida\/"]}]},{"@type":"ImageObject","inLanguage":"es","@id":"https:\/\/edicionesalfar.es\/es\/producto\/las-flores-de-tu-vida\/#primaryimage","url":"https:\/\/edicionesalfar.es\/es\/wp-content\/uploads\/2019\/05\/9788478985906_lasflores.jpg","contentUrl":"https:\/\/edicionesalfar.es\/es\/wp-content\/uploads\/2019\/05\/9788478985906_lasflores.jpg"},{"@type":"BreadcrumbList","@id":"https:\/\/edicionesalfar.es\/es\/producto\/las-flores-de-tu-vida\/#breadcrumb","itemListElement":[{"@type":"ListItem","position":1,"name":"Portada","item":"https:\/\/edicionesalfar.es\/es\/"},{"@type":"ListItem","position":2,"name":"Cat\u00e1logo","item":"https:\/\/edicionesalfar.es\/es\/catalogo\/"},{"@type":"ListItem","position":3,"name":"Las flores de tu vida"}]},{"@type":"WebSite","@id":"https:\/\/edicionesalfar.es\/es\/#website","url":"https:\/\/edicionesalfar.es\/es\/","name":"Ediciones Alfar","description":"","potentialAction":[{"@type":"SearchAction","target":{"@type":"EntryPoint","urlTemplate":"https:\/\/edicionesalfar.es\/es\/?s={search_term_string}"},"query-input":{"@type":"PropertyValueSpecification","valueRequired":true,"valueName":"search_term_string"}}],"inLanguage":"es"}]}},"_links":{"self":[{"href":"https:\/\/edicionesalfar.es\/es\/wp-json\/wp\/v2\/product\/14592","targetHints":{"allow":["GET"]}}],"collection":[{"href":"https:\/\/edicionesalfar.es\/es\/wp-json\/wp\/v2\/product"}],"about":[{"href":"https:\/\/edicionesalfar.es\/es\/wp-json\/wp\/v2\/types\/product"}],"replies":[{"embeddable":true,"href":"https:\/\/edicionesalfar.es\/es\/wp-json\/wp\/v2\/comments?post=14592"}],"wp:featuredmedia":[{"embeddable":true,"href":"https:\/\/edicionesalfar.es\/es\/wp-json\/wp\/v2\/media\/14593"}],"wp:attachment":[{"href":"https:\/\/edicionesalfar.es\/es\/wp-json\/wp\/v2\/media?parent=14592"}],"wp:term":[{"taxonomy":"product_brand","embeddable":true,"href":"https:\/\/edicionesalfar.es\/es\/wp-json\/wp\/v2\/product_brand?post=14592"},{"taxonomy":"product_cat","embeddable":true,"href":"https:\/\/edicionesalfar.es\/es\/wp-json\/wp\/v2\/product_cat?post=14592"},{"taxonomy":"product_tag","embeddable":true,"href":"https:\/\/edicionesalfar.es\/es\/wp-json\/wp\/v2\/product_tag?post=14592"}],"curies":[{"name":"wp","href":"https:\/\/api.w.org\/{rel}","templated":true}]}}

<p style="margin: 0px 0px 1.5em; padding-left: 0px; font-size: 12px; line-height: 18px; color: #656565; font-family: sans-serif; font-style: normal; page-break-inside: avoid; widows: 8;" align="JUSTIFY">CONTENIDO:Libro que nos muestra y nos anima a coleccionar, guardar y disfrutar de las flores de nuestra vida. En formato atractivo, preparado para la conservación, con instrucciones de conservación y pegado. Acompaña a la obra textos relacionados con las flores, poemas, escritos&#8230;</p>
<p style="margin: 0px 0px 1.5em; padding-left: 0px; font-size: 12px; line-height: 18px; color: #656565; font-family: sans-serif; font-style: normal; page-break-inside: avoid; widows: 8;" align="JUSTIFY">AUTOR: Fernando Ángel Lumbreras García nació en la ciudad de Cáceres, Patrimonio de la Humanidad, el 30 de mayo de 1963; a pesar del año de cosecha, sin embargo solo ampara la revolución individual con una novedosa arma de construcción masiva jamás utilizada hasta ahora en guerra alguna: El cariño. Es licenciado en Derecho por la Universidad de Extremadura.</p>
<p style="margin: 0px 0px 1.5em; padding-left: 0px; font-size: 12px; line-height: 18px; color: #656565; font-family: sans-serif; font-style: normal; page-break-inside: avoid; widows: 8;" lang="es-ES" align="JUSTIFY">Acepta de buen grado ser “feo, católico y sentimental”, mitigando lo primero a base de ducha diaria, colonia y desodorante. Por encima de todo y como principios inalienables defiende la familia y la amistad.</p>
<p style="margin: 0px 0px 1.5em; padding-left: 0px; font-size: 12px; line-height: 18px; color: #656565; font-family: sans-serif; font-style: normal; page-break-inside: avoid; widows: 8;" lang="es-ES" align="JUSTIFY">Vive en Tomares (Sevilla) pero sin romper nunca y bajo ningún concepto su vinculación con la tierra que le vio nacer. Desarrolla su carrera profesional en la capital andaluza, ya más de veinte años, y vinculado a entidades en el ámbito de los impagados, departamentos de recuperaciones y recobro. Ha ejercido en ese campo diferentes responsabilidades.</p>
<p style="margin: 0px 0px 1.5em; padding-left: 0px; font-size: 12px; line-height: 18px; color: #656565; font-family: sans-serif; font-style: normal; page-break-inside: avoid; widows: 8;" lang="es-ES" align="JUSTIFY">La flores de tu vida es su cuarto libro.</p>

<p><span style="color: #656565; font-family: arial, helvetica, sans-serif; font-size: 16px; line-height: 18px;">Libro que nos muestra y nos anima a coleccionar, guardar y disfrutar de las flores de nuestra vida. En formato atractivo, preparado para la conservación, con instrucciones de conservación y pegado. Acompaña a la obra textos relacionados con las flores, poemas, escritos&#8230;&nbsp;</span></p>

<!-- This site is optimized with the Yoast SEO plugin v27.5 - https://yoast.com/product/yoast-seo-wordpress/ -->
<title>Las flores de tu vida - Ediciones Alfar</title>
<meta name="robots" content="index, follow, max-snippet:-1, max-image-preview:large, max-video-preview:-1" />
<link rel="canonical" href="https://edicionesalfar.es/es/producto/las-flores-de-tu-vida/" />
<meta property="og:locale" content="es_ES" />
<meta property="og:type" content="article" />
<meta property="og:title" content="Las flores de tu vida - Ediciones Alfar" />
<meta property="og:description" content="Libro que nos muestra y nos anima a coleccionar, guardar y disfrutar de las flores de nuestra vida. En formato atractivo, preparado para la conservación, con instrucciones de conservación y pegado. Acompaña a la obra textos relacionados con las flores, poemas, escritos...&nbsp;" />
<meta property="og:url" content="https://edicionesalfar.es/es/producto/las-flores-de-tu-vida/" />
<meta property="og:site_name" content="Ediciones Alfar" />
<meta property="og:image" content="https://edicionesalfar.es/es/wp-content/uploads/2019/05/9788478985906_lasflores.jpg" />
	<meta property="og:image:width" content="1" />
	<meta property="og:image:height" content="1" />
	<meta property="og:image:type" content="image/jpeg" />
<meta name="twitter:card" content="summary_large_image" />
<meta name="twitter:label1" content="Tiempo de lectura" />
	<meta name="twitter:data1" content="1 minuto" />
<script type="application/ld+json" class="yoast-schema-graph">{"@context":"https:\/\/schema.org","@graph":[{"@type":"WebPage","@id":"https:\/\/edicionesalfar.es\/es\/producto\/las-flores-de-tu-vida\/","url":"https:\/\/edicionesalfar.es\/es\/producto\/las-flores-de-tu-vida\/","name":"Las flores de tu vida - Ediciones Alfar","isPartOf":{"@id":"https:\/\/edicionesalfar.es\/es\/#website"},"primaryImageOfPage":{"@id":"https:\/\/edicionesalfar.es\/es\/producto\/las-flores-de-tu-vida\/#primaryimage"},"image":{"@id":"https:\/\/edicionesalfar.es\/es\/producto\/las-flores-de-tu-vida\/#primaryimage"},"thumbnailUrl":"https:\/\/edicionesalfar.es\/es\/wp-content\/uploads\/2019\/05\/9788478985906_lasflores.jpg","datePublished":"2019-07-11T05:56:45+00:00","breadcrumb":{"@id":"https:\/\/edicionesalfar.es\/es\/producto\/las-flores-de-tu-vida\/#breadcrumb"},"inLanguage":"es","potentialAction":[{"@type":"ReadAction","target":["https:\/\/edicionesalfar.es\/es\/producto\/las-flores-de-tu-vida\/"]}]},{"@type":"ImageObject","inLanguage":"es","@id":"https:\/\/edicionesalfar.es\/es\/producto\/las-flores-de-tu-vida\/#primaryimage","url":"https:\/\/edicionesalfar.es\/es\/wp-content\/uploads\/2019\/05\/9788478985906_lasflores.jpg","contentUrl":"https:\/\/edicionesalfar.es\/es\/wp-content\/uploads\/2019\/05\/9788478985906_lasflores.jpg"},{"@type":"BreadcrumbList","@id":"https:\/\/edicionesalfar.es\/es\/producto\/las-flores-de-tu-vida\/#breadcrumb","itemListElement":[{"@type":"ListItem","position":1,"name":"Portada","item":"https:\/\/edicionesalfar.es\/es\/"},{"@type":"ListItem","position":2,"name":"Catálogo","item":"https:\/\/edicionesalfar.es\/es\/catalogo\/"},{"@type":"ListItem","position":3,"name":"Las flores de tu vida"}]},{"@type":"WebSite","@id":"https:\/\/edicionesalfar.es\/es\/#website","url":"https:\/\/edicionesalfar.es\/es\/","name":"Ediciones Alfar","description":"","potentialAction":[{"@type":"SearchAction","target":{"@type":"EntryPoint","urlTemplate":"https:\/\/edicionesalfar.es\/es\/?s={search_term_string}"},"query-input":{"@type":"PropertyValueSpecification","valueRequired":true,"valueName":"search_term_string"}}],"inLanguage":"es"}]}</script>
<!-- / Yoast SEO plugin. -->

Libro que nos muestra y nos anima a coleccionar, guardar y disfrutar de las flores de nuestra vida. En formato atractivo, preparado para la conservación, con instrucciones de conservación y pegado. Acompaña a la obra textos relacionados con las flores, poemas, escritos...&nbsp;

Catálogo
