{"id":14564,"date":"2019-07-11T05:56:31","date_gmt":"2019-07-11T05:56:31","guid":{"rendered":"http:\/\/www.edicionesalfar.es\/web-wordpress\/?post_type=product\\&#022;p="},"modified":"2024-06-24T14:35:48","modified_gmt":"2024-06-24T12:35:48","slug":"el-videoclip-comunicacion-comercial-en-la-industria-musical","status":"publish","type":"product","link":"https:\/\/edicionesalfar.es\/es\/producto\/el-videoclip-comunicacion-comercial-en-la-industria-musical\/","title":{"rendered":"El videoclip. Comunicaci\u00f3n comercial en la industria musical"},"content":{"rendered":"<p style=\"margin: 0px 0px 1.5em; padding-left: 0px; font-size: 12px; line-height: 18px; color: #656565; font-family: sans-serif; font-style: normal; page-break-inside: avoid; widows: 8;\" align=\"JUSTIFY\">CONTENIDO:\u00a0El videoclip. Comunicaci\u00f3n comercial en la industria musical\u00a0es uno de los escasos libros editados en Espa\u00f1a respecto a este fen\u00f3meno. Se trata de un trabajo acad\u00e9mico serio, exhaustivo y riguroso que emplea m\u00e1s de 400 videoclips nacionales e internacionales como ejemplos. A lo largo de sus p\u00e1ginas, se analizan aspectos como los procesos de producci\u00f3n y difusi\u00f3n del videoclip, su historia, sus aspectos formales y su empleo como herramienta de comunicaci\u00f3n comercial. Se abordan cuestiones conceptuales e hist\u00f3ricas, pero tambi\u00e9n se presta atenci\u00f3n a la nueva vida del videoclip en internet y a los nuevos fen\u00f3menos surgidos en los \u00faltimos a\u00f1os. Se trata, pues, de una amplia panor\u00e1mica respecto a todas las dimensiones del videoclip.<\/p>\n<p style=\"margin: 0px 0px 1.5em; padding-left: 0px; font-size: 12px; line-height: 18px; color: #656565; font-family: sans-serif; font-style: normal; widows: 8;\" align=\"JUSTIFY\">El libro puede resultar especialmente \u00fatil para alumnos y profesores de comunicaci\u00f3n audiovisual y publicidad y relaciones p\u00fablicas. No obstante, pese a ser un trabajo acad\u00e9mico, se considera un libro atractivo y accesible para toda aquella persona interesada en este fen\u00f3meno.<\/p>\n<p style=\"margin: 0px 0px 1.5em; padding-left: 0px; font-size: 12px; line-height: 18px; color: #656565; font-family: sans-serif; font-style: normal; widows: 8;\" align=\"JUSTIFY\">\u00a0AUTOR:\u00a0El autor, David Selva Ruiz, es Doctor en Comunicaci\u00f3n Audiovisual y Publicidad por la Universidad de Sevilla y trabaja actualmente como docente e investigador en el Departamento de Marketing y Comunicaci\u00f3n de la Universidad de C\u00e1diz. En esta Universidad, es Coordinador del Grado en Publicidad y Relaciones P\u00fablicas, en el que imparte asignaturas de Creatividad Publicitaria.<\/p>\n","protected":false},"excerpt":{"rendered":"<p><span style=\"color: #656565; font-family: arial, helvetica, sans-serif; font-size: 16px; line-height: 18px;\">Se analizan aspectos como los procesos de producci\u00f3n y difusi\u00f3n del videoclip, su historia, sus aspectso formales y su empleo como herramiento de comunicaci\u00f3n comercial. Es uno de los escasos libros editados en Espa\u00f1a respecto a este fen\u00f3meno. Se emplean m\u00e1s de 400 videoclips nacionales e internacionales como ejemplos.<\/span><\/p>\n","protected":false},"featured_media":14565,"comment_status":"open","ping_status":"open","template":"","meta":{"_acf_changed":false,"_et_pb_use_builder":"","_et_pb_old_content":"","_et_gb_content_width":""},"product_brand":[],"product_cat":[22],"product_tag":[],"class_list":{"0":"post-14564","1":"product","2":"type-product","3":"status-publish","4":"has-post-thumbnail","6":"product_cat-estudios-comunicacion","8":"first","9":"instock","10":"taxable","11":"shipping-taxable","12":"purchasable","13":"product-type-simple"},"acf":[],"yoast_head":"<!-- This site is optimized with the Yoast SEO plugin v27.5 - https:\/\/yoast.com\/product\/yoast-seo-wordpress\/ -->\n<title>El videoclip. Comunicaci\u00f3n comercial en la industria musical - Ediciones Alfar<\/title>\n<meta name=\"robots\" content=\"index, follow, max-snippet:-1, max-image-preview:large, max-video-preview:-1\" \/>\n<link rel=\"canonical\" href=\"https:\/\/edicionesalfar.es\/es\/producto\/el-videoclip-comunicacion-comercial-en-la-industria-musical\/\" \/>\n<meta property=\"og:locale\" content=\"es_ES\" \/>\n<meta property=\"og:type\" content=\"article\" \/>\n<meta property=\"og:title\" content=\"El videoclip. Comunicaci\u00f3n comercial en la industria musical - Ediciones Alfar\" \/>\n<meta property=\"og:description\" content=\"Se analizan aspectos como los procesos de producci\u00f3n y difusi\u00f3n del videoclip, su historia, sus aspectso formales y su empleo como herramiento de comunicaci\u00f3n comercial. Es uno de los escasos libros editados en Espa\u00f1a respecto a este fen\u00f3meno. Se emplean m\u00e1s de 400 videoclips nacionales e internacionales como ejemplos.\" \/>\n<meta property=\"og:url\" content=\"https:\/\/edicionesalfar.es\/es\/producto\/el-videoclip-comunicacion-comercial-en-la-industria-musical\/\" \/>\n<meta property=\"og:site_name\" content=\"Ediciones Alfar\" \/>\n<meta property=\"article:modified_time\" content=\"2024-06-24T12:35:48+00:00\" \/>\n<meta property=\"og:image\" content=\"https:\/\/edicionesalfar.es\/es\/wp-content\/uploads\/2019\/05\/9788478985746_elvideoclip.jpg\" \/>\n\t<meta property=\"og:image:width\" content=\"1\" \/>\n\t<meta property=\"og:image:height\" content=\"1\" \/>\n\t<meta property=\"og:image:type\" content=\"image\/jpeg\" \/>\n<meta name=\"twitter:card\" content=\"summary_large_image\" \/>\n<meta name=\"twitter:label1\" content=\"Tiempo de lectura\" \/>\n\t<meta name=\"twitter:data1\" content=\"1 minuto\" \/>\n<script type=\"application\/ld+json\" class=\"yoast-schema-graph\">{\"@context\":\"https:\\\/\\\/schema.org\",\"@graph\":[{\"@type\":\"WebPage\",\"@id\":\"https:\\\/\\\/edicionesalfar.es\\\/es\\\/producto\\\/el-videoclip-comunicacion-comercial-en-la-industria-musical\\\/\",\"url\":\"https:\\\/\\\/edicionesalfar.es\\\/es\\\/producto\\\/el-videoclip-comunicacion-comercial-en-la-industria-musical\\\/\",\"name\":\"El videoclip. Comunicaci\u00f3n comercial en la industria musical - Ediciones Alfar\",\"isPartOf\":{\"@id\":\"https:\\\/\\\/edicionesalfar.es\\\/es\\\/#website\"},\"primaryImageOfPage\":{\"@id\":\"https:\\\/\\\/edicionesalfar.es\\\/es\\\/producto\\\/el-videoclip-comunicacion-comercial-en-la-industria-musical\\\/#primaryimage\"},\"image\":{\"@id\":\"https:\\\/\\\/edicionesalfar.es\\\/es\\\/producto\\\/el-videoclip-comunicacion-comercial-en-la-industria-musical\\\/#primaryimage\"},\"thumbnailUrl\":\"https:\\\/\\\/edicionesalfar.es\\\/es\\\/wp-content\\\/uploads\\\/2019\\\/05\\\/9788478985746_elvideoclip.jpg\",\"datePublished\":\"2019-07-11T05:56:31+00:00\",\"dateModified\":\"2024-06-24T12:35:48+00:00\",\"breadcrumb\":{\"@id\":\"https:\\\/\\\/edicionesalfar.es\\\/es\\\/producto\\\/el-videoclip-comunicacion-comercial-en-la-industria-musical\\\/#breadcrumb\"},\"inLanguage\":\"es\",\"potentialAction\":[{\"@type\":\"ReadAction\",\"target\":[\"https:\\\/\\\/edicionesalfar.es\\\/es\\\/producto\\\/el-videoclip-comunicacion-comercial-en-la-industria-musical\\\/\"]}]},{\"@type\":\"ImageObject\",\"inLanguage\":\"es\",\"@id\":\"https:\\\/\\\/edicionesalfar.es\\\/es\\\/producto\\\/el-videoclip-comunicacion-comercial-en-la-industria-musical\\\/#primaryimage\",\"url\":\"https:\\\/\\\/edicionesalfar.es\\\/es\\\/wp-content\\\/uploads\\\/2019\\\/05\\\/9788478985746_elvideoclip.jpg\",\"contentUrl\":\"https:\\\/\\\/edicionesalfar.es\\\/es\\\/wp-content\\\/uploads\\\/2019\\\/05\\\/9788478985746_elvideoclip.jpg\"},{\"@type\":\"BreadcrumbList\",\"@id\":\"https:\\\/\\\/edicionesalfar.es\\\/es\\\/producto\\\/el-videoclip-comunicacion-comercial-en-la-industria-musical\\\/#breadcrumb\",\"itemListElement\":[{\"@type\":\"ListItem\",\"position\":1,\"name\":\"Portada\",\"item\":\"https:\\\/\\\/edicionesalfar.es\\\/es\\\/\"},{\"@type\":\"ListItem\",\"position\":2,\"name\":\"Cat\u00e1logo\",\"item\":\"https:\\\/\\\/edicionesalfar.es\\\/es\\\/catalogo\\\/\"},{\"@type\":\"ListItem\",\"position\":3,\"name\":\"El videoclip. Comunicaci\u00f3n comercial en la industria musical\"}]},{\"@type\":\"WebSite\",\"@id\":\"https:\\\/\\\/edicionesalfar.es\\\/es\\\/#website\",\"url\":\"https:\\\/\\\/edicionesalfar.es\\\/es\\\/\",\"name\":\"Ediciones Alfar\",\"description\":\"\",\"potentialAction\":[{\"@type\":\"SearchAction\",\"target\":{\"@type\":\"EntryPoint\",\"urlTemplate\":\"https:\\\/\\\/edicionesalfar.es\\\/es\\\/?s={search_term_string}\"},\"query-input\":{\"@type\":\"PropertyValueSpecification\",\"valueRequired\":true,\"valueName\":\"search_term_string\"}}],\"inLanguage\":\"es\"}]}<\/script>\n<!-- \/ Yoast SEO plugin. -->","yoast_head_json":{"title":"El videoclip. Comunicaci\u00f3n comercial en la industria musical - Ediciones Alfar","robots":{"index":"index","follow":"follow","max-snippet":"max-snippet:-1","max-image-preview":"max-image-preview:large","max-video-preview":"max-video-preview:-1"},"canonical":"https:\/\/edicionesalfar.es\/es\/producto\/el-videoclip-comunicacion-comercial-en-la-industria-musical\/","og_locale":"es_ES","og_type":"article","og_title":"El videoclip. Comunicaci\u00f3n comercial en la industria musical - Ediciones Alfar","og_description":"Se analizan aspectos como los procesos de producci\u00f3n y difusi\u00f3n del videoclip, su historia, sus aspectso formales y su empleo como herramiento de comunicaci\u00f3n comercial. Es uno de los escasos libros editados en Espa\u00f1a respecto a este fen\u00f3meno. Se emplean m\u00e1s de 400 videoclips nacionales e internacionales como ejemplos.","og_url":"https:\/\/edicionesalfar.es\/es\/producto\/el-videoclip-comunicacion-comercial-en-la-industria-musical\/","og_site_name":"Ediciones Alfar","article_modified_time":"2024-06-24T12:35:48+00:00","og_image":[{"url":"https:\/\/edicionesalfar.es\/es\/wp-content\/uploads\/2019\/05\/9788478985746_elvideoclip.jpg","width":1,"height":1,"type":"image\/jpeg"}],"twitter_card":"summary_large_image","twitter_misc":{"Tiempo de lectura":"1 minuto"},"schema":{"@context":"https:\/\/schema.org","@graph":[{"@type":"WebPage","@id":"https:\/\/edicionesalfar.es\/es\/producto\/el-videoclip-comunicacion-comercial-en-la-industria-musical\/","url":"https:\/\/edicionesalfar.es\/es\/producto\/el-videoclip-comunicacion-comercial-en-la-industria-musical\/","name":"El videoclip. Comunicaci\u00f3n comercial en la industria musical - Ediciones Alfar","isPartOf":{"@id":"https:\/\/edicionesalfar.es\/es\/#website"},"primaryImageOfPage":{"@id":"https:\/\/edicionesalfar.es\/es\/producto\/el-videoclip-comunicacion-comercial-en-la-industria-musical\/#primaryimage"},"image":{"@id":"https:\/\/edicionesalfar.es\/es\/producto\/el-videoclip-comunicacion-comercial-en-la-industria-musical\/#primaryimage"},"thumbnailUrl":"https:\/\/edicionesalfar.es\/es\/wp-content\/uploads\/2019\/05\/9788478985746_elvideoclip.jpg","datePublished":"2019-07-11T05:56:31+00:00","dateModified":"2024-06-24T12:35:48+00:00","breadcrumb":{"@id":"https:\/\/edicionesalfar.es\/es\/producto\/el-videoclip-comunicacion-comercial-en-la-industria-musical\/#breadcrumb"},"inLanguage":"es","potentialAction":[{"@type":"ReadAction","target":["https:\/\/edicionesalfar.es\/es\/producto\/el-videoclip-comunicacion-comercial-en-la-industria-musical\/"]}]},{"@type":"ImageObject","inLanguage":"es","@id":"https:\/\/edicionesalfar.es\/es\/producto\/el-videoclip-comunicacion-comercial-en-la-industria-musical\/#primaryimage","url":"https:\/\/edicionesalfar.es\/es\/wp-content\/uploads\/2019\/05\/9788478985746_elvideoclip.jpg","contentUrl":"https:\/\/edicionesalfar.es\/es\/wp-content\/uploads\/2019\/05\/9788478985746_elvideoclip.jpg"},{"@type":"BreadcrumbList","@id":"https:\/\/edicionesalfar.es\/es\/producto\/el-videoclip-comunicacion-comercial-en-la-industria-musical\/#breadcrumb","itemListElement":[{"@type":"ListItem","position":1,"name":"Portada","item":"https:\/\/edicionesalfar.es\/es\/"},{"@type":"ListItem","position":2,"name":"Cat\u00e1logo","item":"https:\/\/edicionesalfar.es\/es\/catalogo\/"},{"@type":"ListItem","position":3,"name":"El videoclip. Comunicaci\u00f3n comercial en la industria musical"}]},{"@type":"WebSite","@id":"https:\/\/edicionesalfar.es\/es\/#website","url":"https:\/\/edicionesalfar.es\/es\/","name":"Ediciones Alfar","description":"","potentialAction":[{"@type":"SearchAction","target":{"@type":"EntryPoint","urlTemplate":"https:\/\/edicionesalfar.es\/es\/?s={search_term_string}"},"query-input":{"@type":"PropertyValueSpecification","valueRequired":true,"valueName":"search_term_string"}}],"inLanguage":"es"}]}},"_links":{"self":[{"href":"https:\/\/edicionesalfar.es\/es\/wp-json\/wp\/v2\/product\/14564","targetHints":{"allow":["GET"]}}],"collection":[{"href":"https:\/\/edicionesalfar.es\/es\/wp-json\/wp\/v2\/product"}],"about":[{"href":"https:\/\/edicionesalfar.es\/es\/wp-json\/wp\/v2\/types\/product"}],"replies":[{"embeddable":true,"href":"https:\/\/edicionesalfar.es\/es\/wp-json\/wp\/v2\/comments?post=14564"}],"wp:featuredmedia":[{"embeddable":true,"href":"https:\/\/edicionesalfar.es\/es\/wp-json\/wp\/v2\/media\/14565"}],"wp:attachment":[{"href":"https:\/\/edicionesalfar.es\/es\/wp-json\/wp\/v2\/media?parent=14564"}],"wp:term":[{"taxonomy":"product_brand","embeddable":true,"href":"https:\/\/edicionesalfar.es\/es\/wp-json\/wp\/v2\/product_brand?post=14564"},{"taxonomy":"product_cat","embeddable":true,"href":"https:\/\/edicionesalfar.es\/es\/wp-json\/wp\/v2\/product_cat?post=14564"},{"taxonomy":"product_tag","embeddable":true,"href":"https:\/\/edicionesalfar.es\/es\/wp-json\/wp\/v2\/product_tag?post=14564"}],"curies":[{"name":"wp","href":"https:\/\/api.w.org\/{rel}","templated":true}]}}

El videoclip. Comunicación comercial en la industria musical

<p style="margin: 0px 0px 1.5em; padding-left: 0px; font-size: 12px; line-height: 18px; color: #656565; font-family: sans-serif; font-style: normal; page-break-inside: avoid; widows: 8;" align="JUSTIFY">CONTENIDO: El videoclip. Comunicación comercial en la industria musical es uno de los escasos libros editados en España respecto a este fenómeno. Se trata de un trabajo académico serio, exhaustivo y riguroso que emplea más de 400 videoclips nacionales e internacionales como ejemplos. A lo largo de sus páginas, se analizan aspectos como los procesos de producción y difusión del videoclip, su historia, sus aspectos formales y su empleo como herramienta de comunicación comercial. Se abordan cuestiones conceptuales e históricas, pero también se presta atención a la nueva vida del videoclip en internet y a los nuevos fenómenos surgidos en los últimos años. Se trata, pues, de una amplia panorámica respecto a todas las dimensiones del videoclip.</p>
<p style="margin: 0px 0px 1.5em; padding-left: 0px; font-size: 12px; line-height: 18px; color: #656565; font-family: sans-serif; font-style: normal; widows: 8;" align="JUSTIFY">El libro puede resultar especialmente útil para alumnos y profesores de comunicación audiovisual y publicidad y relaciones públicas. No obstante, pese a ser un trabajo académico, se considera un libro atractivo y accesible para toda aquella persona interesada en este fenómeno.</p>
<p style="margin: 0px 0px 1.5em; padding-left: 0px; font-size: 12px; line-height: 18px; color: #656565; font-family: sans-serif; font-style: normal; widows: 8;" align="JUSTIFY"> AUTOR: El autor, David Selva Ruiz, es Doctor en Comunicación Audiovisual y Publicidad por la Universidad de Sevilla y trabaja actualmente como docente e investigador en el Departamento de Marketing y Comunicación de la Universidad de Cádiz. En esta Universidad, es Coordinador del Grado en Publicidad y Relaciones Públicas, en el que imparte asignaturas de Creatividad Publicitaria.</p>

<p><span style="color: #656565; font-family: arial, helvetica, sans-serif; font-size: 16px; line-height: 18px;">Se analizan aspectos como los procesos de producción y difusión del videoclip, su historia, sus aspectso formales y su empleo como herramiento de comunicación comercial. Es uno de los escasos libros editados en España respecto a este fenómeno. Se emplean más de 400 videoclips nacionales e internacionales como ejemplos.</span></p>

<!-- This site is optimized with the Yoast SEO plugin v27.5 - https://yoast.com/product/yoast-seo-wordpress/ -->
<title>El videoclip. Comunicación comercial en la industria musical - Ediciones Alfar</title>
<meta name="robots" content="index, follow, max-snippet:-1, max-image-preview:large, max-video-preview:-1" />
<link rel="canonical" href="https://edicionesalfar.es/es/producto/el-videoclip-comunicacion-comercial-en-la-industria-musical/" />
<meta property="og:locale" content="es_ES" />
<meta property="og:type" content="article" />
<meta property="og:title" content="El videoclip. Comunicación comercial en la industria musical - Ediciones Alfar" />
<meta property="og:description" content="Se analizan aspectos como los procesos de producción y difusión del videoclip, su historia, sus aspectso formales y su empleo como herramiento de comunicación comercial. Es uno de los escasos libros editados en España respecto a este fenómeno. Se emplean más de 400 videoclips nacionales e internacionales como ejemplos." />
<meta property="og:url" content="https://edicionesalfar.es/es/producto/el-videoclip-comunicacion-comercial-en-la-industria-musical/" />
<meta property="og:site_name" content="Ediciones Alfar" />
<meta property="article:modified_time" content="2024-06-24T12:35:48+00:00" />
<meta property="og:image" content="https://edicionesalfar.es/es/wp-content/uploads/2019/05/9788478985746_elvideoclip.jpg" />
	<meta property="og:image:width" content="1" />
	<meta property="og:image:height" content="1" />
	<meta property="og:image:type" content="image/jpeg" />
<meta name="twitter:card" content="summary_large_image" />
<meta name="twitter:label1" content="Tiempo de lectura" />
	<meta name="twitter:data1" content="1 minuto" />
<script type="application/ld+json" class="yoast-schema-graph">{"@context":"https:\/\/schema.org","@graph":[{"@type":"WebPage","@id":"https:\/\/edicionesalfar.es\/es\/producto\/el-videoclip-comunicacion-comercial-en-la-industria-musical\/","url":"https:\/\/edicionesalfar.es\/es\/producto\/el-videoclip-comunicacion-comercial-en-la-industria-musical\/","name":"El videoclip. Comunicación comercial en la industria musical - Ediciones Alfar","isPartOf":{"@id":"https:\/\/edicionesalfar.es\/es\/#website"},"primaryImageOfPage":{"@id":"https:\/\/edicionesalfar.es\/es\/producto\/el-videoclip-comunicacion-comercial-en-la-industria-musical\/#primaryimage"},"image":{"@id":"https:\/\/edicionesalfar.es\/es\/producto\/el-videoclip-comunicacion-comercial-en-la-industria-musical\/#primaryimage"},"thumbnailUrl":"https:\/\/edicionesalfar.es\/es\/wp-content\/uploads\/2019\/05\/9788478985746_elvideoclip.jpg","datePublished":"2019-07-11T05:56:31+00:00","dateModified":"2024-06-24T12:35:48+00:00","breadcrumb":{"@id":"https:\/\/edicionesalfar.es\/es\/producto\/el-videoclip-comunicacion-comercial-en-la-industria-musical\/#breadcrumb"},"inLanguage":"es","potentialAction":[{"@type":"ReadAction","target":["https:\/\/edicionesalfar.es\/es\/producto\/el-videoclip-comunicacion-comercial-en-la-industria-musical\/"]}]},{"@type":"ImageObject","inLanguage":"es","@id":"https:\/\/edicionesalfar.es\/es\/producto\/el-videoclip-comunicacion-comercial-en-la-industria-musical\/#primaryimage","url":"https:\/\/edicionesalfar.es\/es\/wp-content\/uploads\/2019\/05\/9788478985746_elvideoclip.jpg","contentUrl":"https:\/\/edicionesalfar.es\/es\/wp-content\/uploads\/2019\/05\/9788478985746_elvideoclip.jpg"},{"@type":"BreadcrumbList","@id":"https:\/\/edicionesalfar.es\/es\/producto\/el-videoclip-comunicacion-comercial-en-la-industria-musical\/#breadcrumb","itemListElement":[{"@type":"ListItem","position":1,"name":"Portada","item":"https:\/\/edicionesalfar.es\/es\/"},{"@type":"ListItem","position":2,"name":"Catálogo","item":"https:\/\/edicionesalfar.es\/es\/catalogo\/"},{"@type":"ListItem","position":3,"name":"El videoclip. Comunicación comercial en la industria musical"}]},{"@type":"WebSite","@id":"https:\/\/edicionesalfar.es\/es\/#website","url":"https:\/\/edicionesalfar.es\/es\/","name":"Ediciones Alfar","description":"","potentialAction":[{"@type":"SearchAction","target":{"@type":"EntryPoint","urlTemplate":"https:\/\/edicionesalfar.es\/es\/?s={search_term_string}"},"query-input":{"@type":"PropertyValueSpecification","valueRequired":true,"valueName":"search_term_string"}}],"inLanguage":"es"}]}</script>
<!-- / Yoast SEO plugin. -->

El videoclip. Comunicación comercial en la industria musical - Ediciones Alfar

Se analizan aspectos como los procesos de producción y difusión del videoclip, su historia, sus aspectso formales y su empleo como herramiento de comunicación comercial. Es uno de los escasos libros editados en España respecto a este fenómeno. Se emplean más de 400 videoclips nacionales e internacionales como ejemplos.

Catálogo
