{"id":14562,"date":"2019-07-11T05:56:29","date_gmt":"2019-07-11T05:56:29","guid":{"rendered":"http:\/\/www.edicionesalfar.es\/web-wordpress\/?post_type=product\\&#046;p="},"modified":"-0001-11-30T00:00:00","modified_gmt":"-0001-11-29T22:00:00","slug":"cronica-popular-del-doce","status":"publish","type":"product","link":"https:\/\/edicionesalfar.es\/es\/producto\/cronica-popular-del-doce\/","title":{"rendered":"CR\u00d3NICA POPULAR DEL DOCE"},"content":{"rendered":"<p style=\"margin: 0px 0px 1.5em; padding-left: 0px; font-size: 12px; line-height: 18px; color: #656565; font-family: sans-serif; font-style: normal; widows: 8;\" align=\"JUSTIFY\">Indaga en la intrahistoria de Espa\u00f1a en los inicios del siglo XIX, y en particular en los tiempos de la Guerra de la Independencia y de la primera Constituci\u00f3n, La Pepa, proclamada en C\u00e1diz el 19 de marzo de 1812. Este libro pretende ser un fresco de la vida cotidiana de aquel momento, de los usos, ritos, costumbres y pr\u00e1cticas sociales de una ciudadan\u00eda que, a ra\u00edz de la Revoluci\u00f3n Francesa, comenzaba a sentirse pueblo, de una burgues\u00eda que no pudo ser y de una aristocracia que, seducida por el estado de gracia de ese pueblo, intentaba imitar sus maneras desenvueltas. Es tambi\u00e9n un cat\u00e1logo de la memoria m\u00edtica que este pa\u00eds fue amasando desde aquellos a\u00f1os tr\u00e1gicos, convertidos por obra y gracia del tiempo y la ficci\u00f3n en a\u00f1os heroicos. Y es asimismo una mirada melanc\u00f3lica al C\u00e1diz liberal de 1912, aqu\u00e9lla que celebr\u00f3 el centenario de su libertad irreductible con una esperanza que nos interroga desde el pasado.<\/p>\n<p style=\"margin: 0px 0px 1.5em; padding-left: 0px; font-size: 12px; line-height: 18px; color: #656565; font-family: sans-serif; font-style: normal;\">Para tejer tal urdimbre, se ha contado con un grupo heterog\u00e9neo de investigadores que desde la historia, la antropolog\u00eda, la filolog\u00eda o la etnolog\u00eda han buceado m\u00e1s all\u00e1 de la cr\u00f3nica oficial, buscando la cara oculta de un tiempo decisivo. La vida cotidiana y la convivencia, la cocina de ricos y pobres, la indumentaria y las modas, el flamenco, las coplas contra el franc\u00e9s, las historias de vida, las fotograf\u00edas de un centenario\u2026 Desde sus diferentes disciplinas, los autores han partido de un acuerdo com\u00fan: contar el cu\u00e1ndo, el c\u00f3mo y las peripecias de la cultura popular del Doce y mirar antes que nada, para hacerlo, a trav\u00e9s de los ojos de quienes construyeron esa cultura popular.<\/p>\n<p style=\"margin: 0px 0px 1.5em; padding-left: 0px; font-size: 12px; line-height: 18px; color: #656565; font-family: sans-serif; font-style: normal;\">\u00a0<\/p>\n","protected":false},"excerpt":{"rendered":"<p><span style=\"color: #656565; font-family: arial, helvetica, sans-serif; font-size: 16px; line-height: 18px;\">Investigadores de distintas disciplinas han buceado m\u00e1s all\u00e1 de la cr\u00f3nica oficial de una \u00e9poca decisiva: Espa\u00f1a a principios del siglo XIX, en los tiempos de la Guerra de la Independencia y de la primera Constituci\u00f3n. Este libro pretende ser un fresco de la vida cotidiana de aquel momento, de los usos, ritos, costumbres y pr\u00e1cticas sociales de una ciudadan\u00eda que comenzaba a sentirse pueblo. Cuenta el cu\u00e1ndo, el c\u00f3mo y las peripecias de la cultura popular del Doce.<\/span><\/p>\n","protected":false},"featured_media":14563,"comment_status":"open","ping_status":"open","template":"","meta":{"_acf_changed":false,"_et_pb_use_builder":"","_et_pb_old_content":"","_et_gb_content_width":""},"product_brand":[],"product_cat":[46],"product_tag":[],"class_list":{"0":"post-14562","1":"product","2":"type-product","3":"status-publish","4":"has-post-thumbnail","6":"product_cat-mapa-calendario","8":"first","9":"instock","10":"taxable","11":"shipping-taxable","12":"purchasable","13":"product-type-simple"},"acf":[],"yoast_head":"<!-- This site is optimized with the Yoast SEO plugin v27.5 - https:\/\/yoast.com\/product\/yoast-seo-wordpress\/ -->\n<title>CR\u00d3NICA POPULAR DEL DOCE - Ediciones Alfar<\/title>\n<meta name=\"robots\" content=\"index, follow, max-snippet:-1, max-image-preview:large, max-video-preview:-1\" \/>\n<link rel=\"canonical\" href=\"https:\/\/edicionesalfar.es\/es\/producto\/cronica-popular-del-doce\/\" \/>\n<meta property=\"og:locale\" content=\"es_ES\" \/>\n<meta property=\"og:type\" content=\"article\" \/>\n<meta property=\"og:title\" content=\"CR\u00d3NICA POPULAR DEL DOCE - Ediciones Alfar\" \/>\n<meta property=\"og:description\" content=\"Investigadores de distintas disciplinas han buceado m\u00e1s all\u00e1 de la cr\u00f3nica oficial de una \u00e9poca decisiva: Espa\u00f1a a principios del siglo XIX, en los tiempos de la Guerra de la Independencia y de la primera Constituci\u00f3n. Este libro pretende ser un fresco de la vida cotidiana de aquel momento, de los usos, ritos, costumbres y pr\u00e1cticas sociales de una ciudadan\u00eda que comenzaba a sentirse pueblo. Cuenta el cu\u00e1ndo, el c\u00f3mo y las peripecias de la cultura popular del Doce.\" \/>\n<meta property=\"og:url\" content=\"https:\/\/edicionesalfar.es\/es\/producto\/cronica-popular-del-doce\/\" \/>\n<meta property=\"og:site_name\" content=\"Ediciones Alfar\" \/>\n<meta property=\"og:image\" content=\"https:\/\/edicionesalfar.es\/es\/wp-content\/uploads\/2019\/05\/9788478985500_cronica.jpg\" \/>\n\t<meta property=\"og:image:width\" content=\"1\" \/>\n\t<meta property=\"og:image:height\" content=\"1\" \/>\n\t<meta property=\"og:image:type\" content=\"image\/jpeg\" \/>\n<meta name=\"twitter:card\" content=\"summary_large_image\" \/>\n<meta name=\"twitter:label1\" content=\"Tiempo de lectura\" \/>\n\t<meta name=\"twitter:data1\" content=\"2 minutos\" \/>\n<script type=\"application\/ld+json\" class=\"yoast-schema-graph\">{\"@context\":\"https:\\\/\\\/schema.org\",\"@graph\":[{\"@type\":\"WebPage\",\"@id\":\"https:\\\/\\\/edicionesalfar.es\\\/es\\\/producto\\\/cronica-popular-del-doce\\\/\",\"url\":\"https:\\\/\\\/edicionesalfar.es\\\/es\\\/producto\\\/cronica-popular-del-doce\\\/\",\"name\":\"CR\u00d3NICA POPULAR DEL DOCE - Ediciones Alfar\",\"isPartOf\":{\"@id\":\"https:\\\/\\\/edicionesalfar.es\\\/es\\\/#website\"},\"primaryImageOfPage\":{\"@id\":\"https:\\\/\\\/edicionesalfar.es\\\/es\\\/producto\\\/cronica-popular-del-doce\\\/#primaryimage\"},\"image\":{\"@id\":\"https:\\\/\\\/edicionesalfar.es\\\/es\\\/producto\\\/cronica-popular-del-doce\\\/#primaryimage\"},\"thumbnailUrl\":\"https:\\\/\\\/edicionesalfar.es\\\/es\\\/wp-content\\\/uploads\\\/2019\\\/05\\\/9788478985500_cronica.jpg\",\"datePublished\":\"2019-07-11T05:56:29+00:00\",\"breadcrumb\":{\"@id\":\"https:\\\/\\\/edicionesalfar.es\\\/es\\\/producto\\\/cronica-popular-del-doce\\\/#breadcrumb\"},\"inLanguage\":\"es\",\"potentialAction\":[{\"@type\":\"ReadAction\",\"target\":[\"https:\\\/\\\/edicionesalfar.es\\\/es\\\/producto\\\/cronica-popular-del-doce\\\/\"]}]},{\"@type\":\"ImageObject\",\"inLanguage\":\"es\",\"@id\":\"https:\\\/\\\/edicionesalfar.es\\\/es\\\/producto\\\/cronica-popular-del-doce\\\/#primaryimage\",\"url\":\"https:\\\/\\\/edicionesalfar.es\\\/es\\\/wp-content\\\/uploads\\\/2019\\\/05\\\/9788478985500_cronica.jpg\",\"contentUrl\":\"https:\\\/\\\/edicionesalfar.es\\\/es\\\/wp-content\\\/uploads\\\/2019\\\/05\\\/9788478985500_cronica.jpg\"},{\"@type\":\"BreadcrumbList\",\"@id\":\"https:\\\/\\\/edicionesalfar.es\\\/es\\\/producto\\\/cronica-popular-del-doce\\\/#breadcrumb\",\"itemListElement\":[{\"@type\":\"ListItem\",\"position\":1,\"name\":\"Portada\",\"item\":\"https:\\\/\\\/edicionesalfar.es\\\/es\\\/\"},{\"@type\":\"ListItem\",\"position\":2,\"name\":\"Cat\u00e1logo\",\"item\":\"https:\\\/\\\/edicionesalfar.es\\\/es\\\/catalogo\\\/\"},{\"@type\":\"ListItem\",\"position\":3,\"name\":\"CR\u00d3NICA POPULAR DEL DOCE\"}]},{\"@type\":\"WebSite\",\"@id\":\"https:\\\/\\\/edicionesalfar.es\\\/es\\\/#website\",\"url\":\"https:\\\/\\\/edicionesalfar.es\\\/es\\\/\",\"name\":\"Ediciones Alfar\",\"description\":\"\",\"potentialAction\":[{\"@type\":\"SearchAction\",\"target\":{\"@type\":\"EntryPoint\",\"urlTemplate\":\"https:\\\/\\\/edicionesalfar.es\\\/es\\\/?s={search_term_string}\"},\"query-input\":{\"@type\":\"PropertyValueSpecification\",\"valueRequired\":true,\"valueName\":\"search_term_string\"}}],\"inLanguage\":\"es\"}]}<\/script>\n<!-- \/ Yoast SEO plugin. -->","yoast_head_json":{"title":"CR\u00d3NICA POPULAR DEL DOCE - Ediciones Alfar","robots":{"index":"index","follow":"follow","max-snippet":"max-snippet:-1","max-image-preview":"max-image-preview:large","max-video-preview":"max-video-preview:-1"},"canonical":"https:\/\/edicionesalfar.es\/es\/producto\/cronica-popular-del-doce\/","og_locale":"es_ES","og_type":"article","og_title":"CR\u00d3NICA POPULAR DEL DOCE - Ediciones Alfar","og_description":"Investigadores de distintas disciplinas han buceado m\u00e1s all\u00e1 de la cr\u00f3nica oficial de una \u00e9poca decisiva: Espa\u00f1a a principios del siglo XIX, en los tiempos de la Guerra de la Independencia y de la primera Constituci\u00f3n. Este libro pretende ser un fresco de la vida cotidiana de aquel momento, de los usos, ritos, costumbres y pr\u00e1cticas sociales de una ciudadan\u00eda que comenzaba a sentirse pueblo. Cuenta el cu\u00e1ndo, el c\u00f3mo y las peripecias de la cultura popular del Doce.","og_url":"https:\/\/edicionesalfar.es\/es\/producto\/cronica-popular-del-doce\/","og_site_name":"Ediciones Alfar","og_image":[{"url":"https:\/\/edicionesalfar.es\/es\/wp-content\/uploads\/2019\/05\/9788478985500_cronica.jpg","width":1,"height":1,"type":"image\/jpeg"}],"twitter_card":"summary_large_image","twitter_misc":{"Tiempo de lectura":"2 minutos"},"schema":{"@context":"https:\/\/schema.org","@graph":[{"@type":"WebPage","@id":"https:\/\/edicionesalfar.es\/es\/producto\/cronica-popular-del-doce\/","url":"https:\/\/edicionesalfar.es\/es\/producto\/cronica-popular-del-doce\/","name":"CR\u00d3NICA POPULAR DEL DOCE - Ediciones Alfar","isPartOf":{"@id":"https:\/\/edicionesalfar.es\/es\/#website"},"primaryImageOfPage":{"@id":"https:\/\/edicionesalfar.es\/es\/producto\/cronica-popular-del-doce\/#primaryimage"},"image":{"@id":"https:\/\/edicionesalfar.es\/es\/producto\/cronica-popular-del-doce\/#primaryimage"},"thumbnailUrl":"https:\/\/edicionesalfar.es\/es\/wp-content\/uploads\/2019\/05\/9788478985500_cronica.jpg","datePublished":"2019-07-11T05:56:29+00:00","breadcrumb":{"@id":"https:\/\/edicionesalfar.es\/es\/producto\/cronica-popular-del-doce\/#breadcrumb"},"inLanguage":"es","potentialAction":[{"@type":"ReadAction","target":["https:\/\/edicionesalfar.es\/es\/producto\/cronica-popular-del-doce\/"]}]},{"@type":"ImageObject","inLanguage":"es","@id":"https:\/\/edicionesalfar.es\/es\/producto\/cronica-popular-del-doce\/#primaryimage","url":"https:\/\/edicionesalfar.es\/es\/wp-content\/uploads\/2019\/05\/9788478985500_cronica.jpg","contentUrl":"https:\/\/edicionesalfar.es\/es\/wp-content\/uploads\/2019\/05\/9788478985500_cronica.jpg"},{"@type":"BreadcrumbList","@id":"https:\/\/edicionesalfar.es\/es\/producto\/cronica-popular-del-doce\/#breadcrumb","itemListElement":[{"@type":"ListItem","position":1,"name":"Portada","item":"https:\/\/edicionesalfar.es\/es\/"},{"@type":"ListItem","position":2,"name":"Cat\u00e1logo","item":"https:\/\/edicionesalfar.es\/es\/catalogo\/"},{"@type":"ListItem","position":3,"name":"CR\u00d3NICA POPULAR DEL DOCE"}]},{"@type":"WebSite","@id":"https:\/\/edicionesalfar.es\/es\/#website","url":"https:\/\/edicionesalfar.es\/es\/","name":"Ediciones Alfar","description":"","potentialAction":[{"@type":"SearchAction","target":{"@type":"EntryPoint","urlTemplate":"https:\/\/edicionesalfar.es\/es\/?s={search_term_string}"},"query-input":{"@type":"PropertyValueSpecification","valueRequired":true,"valueName":"search_term_string"}}],"inLanguage":"es"}]}},"_links":{"self":[{"href":"https:\/\/edicionesalfar.es\/es\/wp-json\/wp\/v2\/product\/14562","targetHints":{"allow":["GET"]}}],"collection":[{"href":"https:\/\/edicionesalfar.es\/es\/wp-json\/wp\/v2\/product"}],"about":[{"href":"https:\/\/edicionesalfar.es\/es\/wp-json\/wp\/v2\/types\/product"}],"replies":[{"embeddable":true,"href":"https:\/\/edicionesalfar.es\/es\/wp-json\/wp\/v2\/comments?post=14562"}],"wp:featuredmedia":[{"embeddable":true,"href":"https:\/\/edicionesalfar.es\/es\/wp-json\/wp\/v2\/media\/14563"}],"wp:attachment":[{"href":"https:\/\/edicionesalfar.es\/es\/wp-json\/wp\/v2\/media?parent=14562"}],"wp:term":[{"taxonomy":"product_brand","embeddable":true,"href":"https:\/\/edicionesalfar.es\/es\/wp-json\/wp\/v2\/product_brand?post=14562"},{"taxonomy":"product_cat","embeddable":true,"href":"https:\/\/edicionesalfar.es\/es\/wp-json\/wp\/v2\/product_cat?post=14562"},{"taxonomy":"product_tag","embeddable":true,"href":"https:\/\/edicionesalfar.es\/es\/wp-json\/wp\/v2\/product_tag?post=14562"}],"curies":[{"name":"wp","href":"https:\/\/api.w.org\/{rel}","templated":true}]}}

CRÓNICA POPULAR DEL DOCE

<p style="margin: 0px 0px 1.5em; padding-left: 0px; font-size: 12px; line-height: 18px; color: #656565; font-family: sans-serif; font-style: normal; widows: 8;" align="JUSTIFY">Indaga en la intrahistoria de España en los inicios del siglo XIX, y en particular en los tiempos de la Guerra de la Independencia y de la primera Constitución, La Pepa, proclamada en Cádiz el 19 de marzo de 1812. Este libro pretende ser un fresco de la vida cotidiana de aquel momento, de los usos, ritos, costumbres y prácticas sociales de una ciudadanía que, a raíz de la Revolución Francesa, comenzaba a sentirse pueblo, de una burguesía que no pudo ser y de una aristocracia que, seducida por el estado de gracia de ese pueblo, intentaba imitar sus maneras desenvueltas. Es también un catálogo de la memoria mítica que este país fue amasando desde aquellos años trágicos, convertidos por obra y gracia del tiempo y la ficción en años heroicos. Y es asimismo una mirada melancólica al Cádiz liberal de 1912, aquélla que celebró el centenario de su libertad irreductible con una esperanza que nos interroga desde el pasado.</p>
<p style="margin: 0px 0px 1.5em; padding-left: 0px; font-size: 12px; line-height: 18px; color: #656565; font-family: sans-serif; font-style: normal;">Para tejer tal urdimbre, se ha contado con un grupo heterogéneo de investigadores que desde la historia, la antropología, la filología o la etnología han buceado más allá de la crónica oficial, buscando la cara oculta de un tiempo decisivo. La vida cotidiana y la convivencia, la cocina de ricos y pobres, la indumentaria y las modas, el flamenco, las coplas contra el francés, las historias de vida, las fotografías de un centenario… Desde sus diferentes disciplinas, los autores han partido de un acuerdo común: contar el cuándo, el cómo y las peripecias de la cultura popular del Doce y mirar antes que nada, para hacerlo, a través de los ojos de quienes construyeron esa cultura popular.</p>
<p style="margin: 0px 0px 1.5em; padding-left: 0px; font-size: 12px; line-height: 18px; color: #656565; font-family: sans-serif; font-style: normal;"> </p>

<p><span style="color: #656565; font-family: arial, helvetica, sans-serif; font-size: 16px; line-height: 18px;">Investigadores de distintas disciplinas han buceado más allá de la crónica oficial de una época decisiva: España a principios del siglo XIX, en los tiempos de la Guerra de la Independencia y de la primera Constitución. Este libro pretende ser un fresco de la vida cotidiana de aquel momento, de los usos, ritos, costumbres y prácticas sociales de una ciudadanía que comenzaba a sentirse pueblo. Cuenta el cuándo, el cómo y las peripecias de la cultura popular del Doce.</span></p>

<!-- This site is optimized with the Yoast SEO plugin v27.5 - https://yoast.com/product/yoast-seo-wordpress/ -->
<title>CRÓNICA POPULAR DEL DOCE - Ediciones Alfar</title>
<meta name="robots" content="index, follow, max-snippet:-1, max-image-preview:large, max-video-preview:-1" />
<link rel="canonical" href="https://edicionesalfar.es/es/producto/cronica-popular-del-doce/" />
<meta property="og:locale" content="es_ES" />
<meta property="og:type" content="article" />
<meta property="og:title" content="CRÓNICA POPULAR DEL DOCE - Ediciones Alfar" />
<meta property="og:description" content="Investigadores de distintas disciplinas han buceado más allá de la crónica oficial de una época decisiva: España a principios del siglo XIX, en los tiempos de la Guerra de la Independencia y de la primera Constitución. Este libro pretende ser un fresco de la vida cotidiana de aquel momento, de los usos, ritos, costumbres y prácticas sociales de una ciudadanía que comenzaba a sentirse pueblo. Cuenta el cuándo, el cómo y las peripecias de la cultura popular del Doce." />
<meta property="og:url" content="https://edicionesalfar.es/es/producto/cronica-popular-del-doce/" />
<meta property="og:site_name" content="Ediciones Alfar" />
<meta property="og:image" content="https://edicionesalfar.es/es/wp-content/uploads/2019/05/9788478985500_cronica.jpg" />
	<meta property="og:image:width" content="1" />
	<meta property="og:image:height" content="1" />
	<meta property="og:image:type" content="image/jpeg" />
<meta name="twitter:card" content="summary_large_image" />
<meta name="twitter:label1" content="Tiempo de lectura" />
	<meta name="twitter:data1" content="2 minutos" />
<script type="application/ld+json" class="yoast-schema-graph">{"@context":"https:\/\/schema.org","@graph":[{"@type":"WebPage","@id":"https:\/\/edicionesalfar.es\/es\/producto\/cronica-popular-del-doce\/","url":"https:\/\/edicionesalfar.es\/es\/producto\/cronica-popular-del-doce\/","name":"CRÓNICA POPULAR DEL DOCE - Ediciones Alfar","isPartOf":{"@id":"https:\/\/edicionesalfar.es\/es\/#website"},"primaryImageOfPage":{"@id":"https:\/\/edicionesalfar.es\/es\/producto\/cronica-popular-del-doce\/#primaryimage"},"image":{"@id":"https:\/\/edicionesalfar.es\/es\/producto\/cronica-popular-del-doce\/#primaryimage"},"thumbnailUrl":"https:\/\/edicionesalfar.es\/es\/wp-content\/uploads\/2019\/05\/9788478985500_cronica.jpg","datePublished":"2019-07-11T05:56:29+00:00","breadcrumb":{"@id":"https:\/\/edicionesalfar.es\/es\/producto\/cronica-popular-del-doce\/#breadcrumb"},"inLanguage":"es","potentialAction":[{"@type":"ReadAction","target":["https:\/\/edicionesalfar.es\/es\/producto\/cronica-popular-del-doce\/"]}]},{"@type":"ImageObject","inLanguage":"es","@id":"https:\/\/edicionesalfar.es\/es\/producto\/cronica-popular-del-doce\/#primaryimage","url":"https:\/\/edicionesalfar.es\/es\/wp-content\/uploads\/2019\/05\/9788478985500_cronica.jpg","contentUrl":"https:\/\/edicionesalfar.es\/es\/wp-content\/uploads\/2019\/05\/9788478985500_cronica.jpg"},{"@type":"BreadcrumbList","@id":"https:\/\/edicionesalfar.es\/es\/producto\/cronica-popular-del-doce\/#breadcrumb","itemListElement":[{"@type":"ListItem","position":1,"name":"Portada","item":"https:\/\/edicionesalfar.es\/es\/"},{"@type":"ListItem","position":2,"name":"Catálogo","item":"https:\/\/edicionesalfar.es\/es\/catalogo\/"},{"@type":"ListItem","position":3,"name":"CRÓNICA POPULAR DEL DOCE"}]},{"@type":"WebSite","@id":"https:\/\/edicionesalfar.es\/es\/#website","url":"https:\/\/edicionesalfar.es\/es\/","name":"Ediciones Alfar","description":"","potentialAction":[{"@type":"SearchAction","target":{"@type":"EntryPoint","urlTemplate":"https:\/\/edicionesalfar.es\/es\/?s={search_term_string}"},"query-input":{"@type":"PropertyValueSpecification","valueRequired":true,"valueName":"search_term_string"}}],"inLanguage":"es"}]}</script>
<!-- / Yoast SEO plugin. -->

CRÓNICA POPULAR DEL DOCE - Ediciones Alfar

Investigadores de distintas disciplinas han buceado más allá de la crónica oficial de una época decisiva: España a principios del siglo XIX, en los tiempos de la Guerra de la Independencia y de la primera Constitución. Este libro pretende ser un fresco de la vida cotidiana de aquel momento, de los usos, ritos, costumbres y prácticas sociales de una ciudadanía que comenzaba a sentirse pueblo. Cuenta el cuándo, el cómo y las peripecias de la cultura popular del Doce.

Catálogo
