{"id":14546,"date":"2019-07-11T05:56:21","date_gmt":"2019-07-11T05:56:21","guid":{"rendered":"http:\/\/www.edicionesalfar.es\/web-wordpress\/?post_type=product&#039;p="},"modified":"2024-12-23T11:59:02","modified_gmt":"2024-12-23T10:59:02","slug":"oselito-y-el-betis","status":"publish","type":"product","link":"https:\/\/edicionesalfar.es\/es\/producto\/oselito-y-el-betis\/","title":{"rendered":"Oselito y el Betis. Edici\u00f3n Oro"},"content":{"rendered":"<p>Recuperar el pasado es un reto para el Beticismo. Velar por la conservaci\u00f3n de su patrimonio hist\u00f3rico, promover la investigaci\u00f3n, y dar a conocer y difundir su historia, deber\u00edan ser tareas permanentes de la sociedad verdiblanca, en una labora constante y alejada del resultadismo a corto plazo propio de los vaivenes deportivos. La presente obra de Reyes Aguilar, con el apoyo de la Fundaci\u00f3n Mart\u00ednez de Le\u00f3n, se enmarca en esta tarea de recopilaci\u00f3n y rescate de nuestro pasado. Con ella, nos trae un entra\u00f1able personaje, Oselito, en su vertiente futbol\u00edstica. Sirva tambi\u00e9n esta obra para reivindicar la figura de su creador, Andr\u00e9s Mart\u00ednez de Le\u00f3n, tan poco valorado en la Sevilla que tanto am\u00f3.<\/p>\n<p>Reyes Aguilar es b\u00e9tica. Ni m\u00e1s, ni menos que nadie. El Betis es ante todo sencillez, y as\u00ed es tambi\u00e9n esta sevillana del Pol\u00edgono de San Pablo nacida dos a\u00f1os antes de que llegara al equipo Rafael Gordillo, sin duda su gran referencia verdiblanca. De su padre recibi\u00f3 la herencia que inculc\u00f3 a sus hijos. Socia del primer anfiteatro de Gol Norte, madre, hermana, tia, nieta y amiga de b\u00e9ticos inexorables, Reyes hace del Manquepierda su propia filosof\u00eda de vida, escribiendo de ella siempre, con tinta verde. Reyes es de las pocas mujeres que se ha atrevido a escribir un libro sobre f\u00fatbol y lo hizo sobre la historia del Real Betis Balompi\u00e9, con la cual se mantiene en continua inspiraci\u00f3n. Defiende los cielos machadianos en una Sevilla heterodoxa de azoteas, con el entusiasmo por bandera.<\/p>\n","protected":false},"excerpt":{"rendered":"<p><span style=\"color: #656565; font-family: sans-serif; font-size: 19px; line-height: 18px;\">Tenemos aqu\u00ed un entra\u00f1able personaje, Oselito, en su vertiente b\u00e9tica, al igual que era su creador, Andr\u00e9s Mart\u00ednez de Le\u00f3n. Esta obra sirve para rescatar la historieta que Benito Villamar\u00edn le encarg\u00f3 con motivo de las Bodas de Oro del club.<\/span><\/p>\n","protected":false},"featured_media":120924,"comment_status":"open","ping_status":"closed","template":"","meta":{"_acf_changed":false,"_et_pb_use_builder":"","_et_pb_old_content":"","_et_gb_content_width":""},"product_brand":[],"product_cat":[425,376,39],"product_tag":[],"class_list":{"0":"post-14546","1":"product","2":"type-product","3":"status-publish","4":"has-post-thumbnail","6":"product_cat-aguilar-caro-reyes","7":"product_cat-autores","8":"product_cat-deportes","10":"first","11":"instock","12":"taxable","13":"shipping-taxable","14":"purchasable","15":"product-type-simple"},"acf":[],"yoast_head":"<!-- This site is optimized with the Yoast SEO plugin v27.4 - https:\/\/yoast.com\/product\/yoast-seo-wordpress\/ -->\n<title>Oselito y el Betis. Edici\u00f3n Oro - Ediciones Alfar<\/title>\n<meta name=\"robots\" content=\"index, follow, max-snippet:-1, max-image-preview:large, max-video-preview:-1\" \/>\n<link rel=\"canonical\" href=\"https:\/\/edicionesalfar.es\/es\/producto\/oselito-y-el-betis\/\" \/>\n<meta property=\"og:locale\" content=\"es_ES\" \/>\n<meta property=\"og:type\" content=\"article\" \/>\n<meta property=\"og:title\" content=\"Oselito y el Betis. Edici\u00f3n Oro - Ediciones Alfar\" \/>\n<meta property=\"og:description\" content=\"Tenemos aqu\u00ed un entra\u00f1able personaje, Oselito, en su vertiente b\u00e9tica, al igual que era su creador, Andr\u00e9s Mart\u00ednez de Le\u00f3n. Esta obra sirve para rescatar la historieta que Benito Villamar\u00edn le encarg\u00f3 con motivo de las Bodas de Oro del club.\" \/>\n<meta property=\"og:url\" content=\"https:\/\/edicionesalfar.es\/es\/producto\/oselito-y-el-betis\/\" \/>\n<meta property=\"og:site_name\" content=\"Ediciones Alfar\" \/>\n<meta property=\"article:modified_time\" content=\"2024-12-23T10:59:02+00:00\" \/>\n<meta property=\"og:image\" content=\"https:\/\/edicionesalfar.es\/es\/wp-content\/uploads\/2019\/07\/9788410286139.jpg\" \/>\n\t<meta property=\"og:image:width\" content=\"1772\" \/>\n\t<meta property=\"og:image:height\" content=\"2362\" \/>\n\t<meta property=\"og:image:type\" content=\"image\/jpeg\" \/>\n<meta name=\"twitter:card\" content=\"summary_large_image\" \/>\n<meta name=\"twitter:label1\" content=\"Tiempo de lectura\" \/>\n\t<meta name=\"twitter:data1\" content=\"2 minutos\" \/>\n<script type=\"application\/ld+json\" class=\"yoast-schema-graph\">{\"@context\":\"https:\\\/\\\/schema.org\",\"@graph\":[{\"@type\":\"WebPage\",\"@id\":\"https:\\\/\\\/edicionesalfar.es\\\/es\\\/producto\\\/oselito-y-el-betis\\\/\",\"url\":\"https:\\\/\\\/edicionesalfar.es\\\/es\\\/producto\\\/oselito-y-el-betis\\\/\",\"name\":\"Oselito y el Betis. Edici\u00f3n Oro - Ediciones Alfar\",\"isPartOf\":{\"@id\":\"https:\\\/\\\/edicionesalfar.es\\\/es\\\/#website\"},\"primaryImageOfPage\":{\"@id\":\"https:\\\/\\\/edicionesalfar.es\\\/es\\\/producto\\\/oselito-y-el-betis\\\/#primaryimage\"},\"image\":{\"@id\":\"https:\\\/\\\/edicionesalfar.es\\\/es\\\/producto\\\/oselito-y-el-betis\\\/#primaryimage\"},\"thumbnailUrl\":\"https:\\\/\\\/edicionesalfar.es\\\/es\\\/wp-content\\\/uploads\\\/2019\\\/07\\\/9788410286139.jpg\",\"datePublished\":\"2019-07-11T05:56:21+00:00\",\"dateModified\":\"2024-12-23T10:59:02+00:00\",\"breadcrumb\":{\"@id\":\"https:\\\/\\\/edicionesalfar.es\\\/es\\\/producto\\\/oselito-y-el-betis\\\/#breadcrumb\"},\"inLanguage\":\"es\",\"potentialAction\":[{\"@type\":\"ReadAction\",\"target\":[\"https:\\\/\\\/edicionesalfar.es\\\/es\\\/producto\\\/oselito-y-el-betis\\\/\"]}]},{\"@type\":\"ImageObject\",\"inLanguage\":\"es\",\"@id\":\"https:\\\/\\\/edicionesalfar.es\\\/es\\\/producto\\\/oselito-y-el-betis\\\/#primaryimage\",\"url\":\"https:\\\/\\\/edicionesalfar.es\\\/es\\\/wp-content\\\/uploads\\\/2019\\\/07\\\/9788410286139.jpg\",\"contentUrl\":\"https:\\\/\\\/edicionesalfar.es\\\/es\\\/wp-content\\\/uploads\\\/2019\\\/07\\\/9788410286139.jpg\",\"width\":1772,\"height\":2362},{\"@type\":\"BreadcrumbList\",\"@id\":\"https:\\\/\\\/edicionesalfar.es\\\/es\\\/producto\\\/oselito-y-el-betis\\\/#breadcrumb\",\"itemListElement\":[{\"@type\":\"ListItem\",\"position\":1,\"name\":\"Portada\",\"item\":\"https:\\\/\\\/edicionesalfar.es\\\/es\\\/\"},{\"@type\":\"ListItem\",\"position\":2,\"name\":\"Cat\u00e1logo\",\"item\":\"https:\\\/\\\/edicionesalfar.es\\\/es\\\/catalogo\\\/\"},{\"@type\":\"ListItem\",\"position\":3,\"name\":\"Oselito y el Betis. Edici\u00f3n Oro\"}]},{\"@type\":\"WebSite\",\"@id\":\"https:\\\/\\\/edicionesalfar.es\\\/es\\\/#website\",\"url\":\"https:\\\/\\\/edicionesalfar.es\\\/es\\\/\",\"name\":\"Ediciones Alfar\",\"description\":\"\",\"potentialAction\":[{\"@type\":\"SearchAction\",\"target\":{\"@type\":\"EntryPoint\",\"urlTemplate\":\"https:\\\/\\\/edicionesalfar.es\\\/es\\\/?s={search_term_string}\"},\"query-input\":{\"@type\":\"PropertyValueSpecification\",\"valueRequired\":true,\"valueName\":\"search_term_string\"}}],\"inLanguage\":\"es\"}]}<\/script>\n<!-- \/ Yoast SEO plugin. -->","yoast_head_json":{"title":"Oselito y el Betis. Edici\u00f3n Oro - Ediciones Alfar","robots":{"index":"index","follow":"follow","max-snippet":"max-snippet:-1","max-image-preview":"max-image-preview:large","max-video-preview":"max-video-preview:-1"},"canonical":"https:\/\/edicionesalfar.es\/es\/producto\/oselito-y-el-betis\/","og_locale":"es_ES","og_type":"article","og_title":"Oselito y el Betis. Edici\u00f3n Oro - Ediciones Alfar","og_description":"Tenemos aqu\u00ed un entra\u00f1able personaje, Oselito, en su vertiente b\u00e9tica, al igual que era su creador, Andr\u00e9s Mart\u00ednez de Le\u00f3n. Esta obra sirve para rescatar la historieta que Benito Villamar\u00edn le encarg\u00f3 con motivo de las Bodas de Oro del club.","og_url":"https:\/\/edicionesalfar.es\/es\/producto\/oselito-y-el-betis\/","og_site_name":"Ediciones Alfar","article_modified_time":"2024-12-23T10:59:02+00:00","og_image":[{"width":1772,"height":2362,"url":"https:\/\/edicionesalfar.es\/es\/wp-content\/uploads\/2019\/07\/9788410286139.jpg","type":"image\/jpeg"}],"twitter_card":"summary_large_image","twitter_misc":{"Tiempo de lectura":"2 minutos"},"schema":{"@context":"https:\/\/schema.org","@graph":[{"@type":"WebPage","@id":"https:\/\/edicionesalfar.es\/es\/producto\/oselito-y-el-betis\/","url":"https:\/\/edicionesalfar.es\/es\/producto\/oselito-y-el-betis\/","name":"Oselito y el Betis. Edici\u00f3n Oro - Ediciones Alfar","isPartOf":{"@id":"https:\/\/edicionesalfar.es\/es\/#website"},"primaryImageOfPage":{"@id":"https:\/\/edicionesalfar.es\/es\/producto\/oselito-y-el-betis\/#primaryimage"},"image":{"@id":"https:\/\/edicionesalfar.es\/es\/producto\/oselito-y-el-betis\/#primaryimage"},"thumbnailUrl":"https:\/\/edicionesalfar.es\/es\/wp-content\/uploads\/2019\/07\/9788410286139.jpg","datePublished":"2019-07-11T05:56:21+00:00","dateModified":"2024-12-23T10:59:02+00:00","breadcrumb":{"@id":"https:\/\/edicionesalfar.es\/es\/producto\/oselito-y-el-betis\/#breadcrumb"},"inLanguage":"es","potentialAction":[{"@type":"ReadAction","target":["https:\/\/edicionesalfar.es\/es\/producto\/oselito-y-el-betis\/"]}]},{"@type":"ImageObject","inLanguage":"es","@id":"https:\/\/edicionesalfar.es\/es\/producto\/oselito-y-el-betis\/#primaryimage","url":"https:\/\/edicionesalfar.es\/es\/wp-content\/uploads\/2019\/07\/9788410286139.jpg","contentUrl":"https:\/\/edicionesalfar.es\/es\/wp-content\/uploads\/2019\/07\/9788410286139.jpg","width":1772,"height":2362},{"@type":"BreadcrumbList","@id":"https:\/\/edicionesalfar.es\/es\/producto\/oselito-y-el-betis\/#breadcrumb","itemListElement":[{"@type":"ListItem","position":1,"name":"Portada","item":"https:\/\/edicionesalfar.es\/es\/"},{"@type":"ListItem","position":2,"name":"Cat\u00e1logo","item":"https:\/\/edicionesalfar.es\/es\/catalogo\/"},{"@type":"ListItem","position":3,"name":"Oselito y el Betis. Edici\u00f3n Oro"}]},{"@type":"WebSite","@id":"https:\/\/edicionesalfar.es\/es\/#website","url":"https:\/\/edicionesalfar.es\/es\/","name":"Ediciones Alfar","description":"","potentialAction":[{"@type":"SearchAction","target":{"@type":"EntryPoint","urlTemplate":"https:\/\/edicionesalfar.es\/es\/?s={search_term_string}"},"query-input":{"@type":"PropertyValueSpecification","valueRequired":true,"valueName":"search_term_string"}}],"inLanguage":"es"}]}},"_links":{"self":[{"href":"https:\/\/edicionesalfar.es\/es\/wp-json\/wp\/v2\/product\/14546","targetHints":{"allow":["GET"]}}],"collection":[{"href":"https:\/\/edicionesalfar.es\/es\/wp-json\/wp\/v2\/product"}],"about":[{"href":"https:\/\/edicionesalfar.es\/es\/wp-json\/wp\/v2\/types\/product"}],"replies":[{"embeddable":true,"href":"https:\/\/edicionesalfar.es\/es\/wp-json\/wp\/v2\/comments?post=14546"}],"wp:featuredmedia":[{"embeddable":true,"href":"https:\/\/edicionesalfar.es\/es\/wp-json\/wp\/v2\/media\/120924"}],"wp:attachment":[{"href":"https:\/\/edicionesalfar.es\/es\/wp-json\/wp\/v2\/media?parent=14546"}],"wp:term":[{"taxonomy":"product_brand","embeddable":true,"href":"https:\/\/edicionesalfar.es\/es\/wp-json\/wp\/v2\/product_brand?post=14546"},{"taxonomy":"product_cat","embeddable":true,"href":"https:\/\/edicionesalfar.es\/es\/wp-json\/wp\/v2\/product_cat?post=14546"},{"taxonomy":"product_tag","embeddable":true,"href":"https:\/\/edicionesalfar.es\/es\/wp-json\/wp\/v2\/product_tag?post=14546"}],"curies":[{"name":"wp","href":"https:\/\/api.w.org\/{rel}","templated":true}]}}

Oselito y el Betis. Edición Oro

<p>Recuperar el pasado es un reto para el Beticismo. Velar por la conservación de su patrimonio histórico, promover la investigación, y dar a conocer y difundir su historia, deberían ser tareas permanentes de la sociedad verdiblanca, en una labora constante y alejada del resultadismo a corto plazo propio de los vaivenes deportivos. La presente obra de Reyes Aguilar, con el apoyo de la Fundación Martínez de León, se enmarca en esta tarea de recopilación y rescate de nuestro pasado. Con ella, nos trae un entrañable personaje, Oselito, en su vertiente futbolística. Sirva también esta obra para reivindicar la figura de su creador, Andrés Martínez de León, tan poco valorado en la Sevilla que tanto amó.</p>
<p>Reyes Aguilar es bética. Ni más, ni menos que nadie. El Betis es ante todo sencillez, y así es también esta sevillana del Polígono de San Pablo nacida dos años antes de que llegara al equipo Rafael Gordillo, sin duda su gran referencia verdiblanca. De su padre recibió la herencia que inculcó a sus hijos. Socia del primer anfiteatro de Gol Norte, madre, hermana, tia, nieta y amiga de béticos inexorables, Reyes hace del Manquepierda su propia filosofía de vida, escribiendo de ella siempre, con tinta verde. Reyes es de las pocas mujeres que se ha atrevido a escribir un libro sobre fútbol y lo hizo sobre la historia del Real Betis Balompié, con la cual se mantiene en continua inspiración. Defiende los cielos machadianos en una Sevilla heterodoxa de azoteas, con el entusiasmo por bandera.</p>

<p><span style="color: #656565; font-family: sans-serif; font-size: 19px; line-height: 18px;">Tenemos aquí un entrañable personaje, Oselito, en su vertiente bética, al igual que era su creador, Andrés Martínez de León. Esta obra sirve para rescatar la historieta que Benito Villamarín le encargó con motivo de las Bodas de Oro del club.</span></p>

<!-- This site is optimized with the Yoast SEO plugin v27.4 - https://yoast.com/product/yoast-seo-wordpress/ -->
<title>Oselito y el Betis. Edición Oro - Ediciones Alfar</title>
<meta name="robots" content="index, follow, max-snippet:-1, max-image-preview:large, max-video-preview:-1" />
<link rel="canonical" href="https://edicionesalfar.es/es/producto/oselito-y-el-betis/" />
<meta property="og:locale" content="es_ES" />
<meta property="og:type" content="article" />
<meta property="og:title" content="Oselito y el Betis. Edición Oro - Ediciones Alfar" />
<meta property="og:description" content="Tenemos aquí un entrañable personaje, Oselito, en su vertiente bética, al igual que era su creador, Andrés Martínez de León. Esta obra sirve para rescatar la historieta que Benito Villamarín le encargó con motivo de las Bodas de Oro del club." />
<meta property="og:url" content="https://edicionesalfar.es/es/producto/oselito-y-el-betis/" />
<meta property="og:site_name" content="Ediciones Alfar" />
<meta property="article:modified_time" content="2024-12-23T10:59:02+00:00" />
<meta property="og:image" content="https://edicionesalfar.es/es/wp-content/uploads/2019/07/9788410286139.jpg" />
	<meta property="og:image:width" content="1772" />
	<meta property="og:image:height" content="2362" />
	<meta property="og:image:type" content="image/jpeg" />
<meta name="twitter:card" content="summary_large_image" />
<meta name="twitter:label1" content="Tiempo de lectura" />
	<meta name="twitter:data1" content="2 minutos" />
<script type="application/ld+json" class="yoast-schema-graph">{"@context":"https:\/\/schema.org","@graph":[{"@type":"WebPage","@id":"https:\/\/edicionesalfar.es\/es\/producto\/oselito-y-el-betis\/","url":"https:\/\/edicionesalfar.es\/es\/producto\/oselito-y-el-betis\/","name":"Oselito y el Betis. Edición Oro - Ediciones Alfar","isPartOf":{"@id":"https:\/\/edicionesalfar.es\/es\/#website"},"primaryImageOfPage":{"@id":"https:\/\/edicionesalfar.es\/es\/producto\/oselito-y-el-betis\/#primaryimage"},"image":{"@id":"https:\/\/edicionesalfar.es\/es\/producto\/oselito-y-el-betis\/#primaryimage"},"thumbnailUrl":"https:\/\/edicionesalfar.es\/es\/wp-content\/uploads\/2019\/07\/9788410286139.jpg","datePublished":"2019-07-11T05:56:21+00:00","dateModified":"2024-12-23T10:59:02+00:00","breadcrumb":{"@id":"https:\/\/edicionesalfar.es\/es\/producto\/oselito-y-el-betis\/#breadcrumb"},"inLanguage":"es","potentialAction":[{"@type":"ReadAction","target":["https:\/\/edicionesalfar.es\/es\/producto\/oselito-y-el-betis\/"]}]},{"@type":"ImageObject","inLanguage":"es","@id":"https:\/\/edicionesalfar.es\/es\/producto\/oselito-y-el-betis\/#primaryimage","url":"https:\/\/edicionesalfar.es\/es\/wp-content\/uploads\/2019\/07\/9788410286139.jpg","contentUrl":"https:\/\/edicionesalfar.es\/es\/wp-content\/uploads\/2019\/07\/9788410286139.jpg","width":1772,"height":2362},{"@type":"BreadcrumbList","@id":"https:\/\/edicionesalfar.es\/es\/producto\/oselito-y-el-betis\/#breadcrumb","itemListElement":[{"@type":"ListItem","position":1,"name":"Portada","item":"https:\/\/edicionesalfar.es\/es\/"},{"@type":"ListItem","position":2,"name":"Catálogo","item":"https:\/\/edicionesalfar.es\/es\/catalogo\/"},{"@type":"ListItem","position":3,"name":"Oselito y el Betis. Edición Oro"}]},{"@type":"WebSite","@id":"https:\/\/edicionesalfar.es\/es\/#website","url":"https:\/\/edicionesalfar.es\/es\/","name":"Ediciones Alfar","description":"","potentialAction":[{"@type":"SearchAction","target":{"@type":"EntryPoint","urlTemplate":"https:\/\/edicionesalfar.es\/es\/?s={search_term_string}"},"query-input":{"@type":"PropertyValueSpecification","valueRequired":true,"valueName":"search_term_string"}}],"inLanguage":"es"}]}</script>
<!-- / Yoast SEO plugin. -->

Oselito y el Betis. Edición Oro - Ediciones Alfar

Tenemos aquí un entrañable personaje, Oselito, en su vertiente bética, al igual que era su creador, Andrés Martínez de León. Esta obra sirve para rescatar la historieta que Benito Villamarín le encargó con motivo de las Bodas de Oro del club.

Catálogo
