{"id":14542,"date":"2019-07-11T05:56:19","date_gmt":"2019-07-11T05:56:19","guid":{"rendered":"http:\/\/www.edicionesalfar.es\/web-wordpress\/?post_type=product&#047;p="},"modified":"2025-04-05T21:38:56","modified_gmt":"2025-04-05T19:38:56","slug":"el-cine-de-claudia","status":"publish","type":"product","link":"https:\/\/edicionesalfar.es\/es\/producto\/el-cine-de-claudia\/","title":{"rendered":"El cine de Claudia"},"content":{"rendered":"<p style=\"margin: 0px 0px 1.5em; padding-left: 0px; font-size: 12px; line-height: 18px; color: #656565; font-family: sans-serif; font-style: normal; page-break-inside: avoid; widows: 136;\" align=\"JUSTIFY\">CONTENIDO:\u00a0El cine de Claudia\u00a0plantea el caso de una chica que sufre un accidente que le provoca la p\u00e9rdida de la vista. Ante esa desgracia, deber\u00e1 realizar un enorme esfuerzo para recobrarse, para asumir su nueva situaci\u00f3n y para seguir la vida de otra forma. Fernando, el padre de Claudia, se dar\u00e1 cuenta de cu\u00e1n alejado estaba de su hija y tratar\u00e1 de recuperar el tiempo perdido a trav\u00e9s de su pasi\u00f3n, el cine. \u00bfC\u00f3mo era posible que hasta ese momento no le hab\u00eda transmitido las maravillas del cine a Claudia? No se resignaba a que su hija no conociese a los hermanos Lumi\u00e8re, a Georges M\u00e9li\u00e8s, a Chaplin, a Dr\u00e1cula o a King-Kong y aunque tarde y con graves dificultades, emprende la gran aventura de relatarle la historia del cine. Todo ello le dar\u00e1 \u00e1nimos a la chica que empezar\u00e1 a sobreponerse y, por primera vez, se activar\u00e1n los v\u00ednculos entre padre e hija. El libro incluye, adem\u00e1s, un conjunto de propuestas did\u00e1cticas que van desde la comprensi\u00f3n lectora y la reflexi\u00f3n sobre los principales temas que plantea la novela, hasta una iniciaci\u00f3n a la historia del cine.<\/p>\n<p style=\"margin: 0px 0px 1.5em; padding-left: 0px; font-size: 12px; line-height: 18px; color: #656565; font-family: sans-serif; font-style: normal; page-break-inside: avoid; widows: 136;\" align=\"JUSTIFY\">AUTOR:\u00a0Ram\u00f3n Breu Pa\u00f1ella (L\u2019Hos-pitalet de Llobregat. Barcelona, 1956) es profesor de secundaria, licenciado en Historia Contempor\u00e1nea por la Universidad de Barcelona y diplomado en Sociolog\u00eda por el ICESB. Coordinador del proyecto\u00a0Cinescola, es especialista en educaci\u00f3n en comunicaci\u00f3n audiovisual y formador del profesorado, adem\u00e1s de ser autor de diferentes libros y art\u00edculos del \u00e1mbito educativo. Ha obtenido diversas distinciones como el premio\u00a0Aula al mejor libro de pr\u00e1ctica educativa\u00a0del Ministerio de Educaci\u00f3n (2008); los premios del Consejo del Audiovisual de Catalu\u00f1a (2004, 2005, 2007 y 2011); el\u00a0Premio Marta Mata de Pedagog\u00eda\u00a0(2012); el\u00a0Premio Film-Historia de la Universidad de Barcelona\u00a0(2012) y la\u00a0Buena Pr\u00e1ctica Iberoamericana Leer.es\u00a0(2013).<\/p>\n<p style=\"margin: 0px 0px 1.5em; padding-left: 0px; font-size: 12px; line-height: 18px; color: #656565; font-family: sans-serif; font-style: normal; page-break-inside: avoid; widows: 136;\" align=\"JUSTIFY\">Es coautor de los libros\u00a0Cine y Educaci\u00f3n\u00a0(2007);\u00a0El Cine en la escuela\u00a0(2011);\u00a010 Ideas Claves. Educar en Medios de Comunicaci\u00f3n\u00a0(2011) y\u00a0La Transici\u00f3 democr\u00e0tica a Catalunya\u00a0(2014). Tambi\u00e9n ha publicado\u00a0El documental como estrategia educativa\u00a0(2010);\u00a0La Catalunya sovi\u00e9tica\u00a0(2011),\u00a0La historia a trav\u00e9s del cine\u00a0(2012);\u00a0Cine para tener ganas de leer\u00a0(2012);\u00a0La pantalla infinita\u00a0(2012) y\u00a0La mirada del voltor\u00a0(2013).<\/p>\n","protected":false},"excerpt":{"rendered":"<p><span style=\"margin: 0px; padding: 0px; color: #656565; line-height: 18px; font-family: arial, helvetica, sans-serif; font-size: 14pt;\">La novela plantea el caso de una chica que sufre un accidente\u00a0<\/span><span style=\"margin: 0px; padding: 0px; color: #656565; line-height: 18px; font-family: arial, helvetica, sans-serif; font-size: 14pt;\">que le provoca la p\u00e9rdida de la vista. Ante esta desgracia,\u00a0<\/span><span style=\"margin: 0px; padding: 0px; color: #656565; line-height: 18px; font-family: arial, helvetica, sans-serif; font-size: 14pt;\">debe realizar un esfuerzo enorme por volver a la normalidad,\u00a0<\/span><span style=\"margin: 0px; padding: 0px; color: #656565; line-height: 18px; font-family: arial, helvetica, sans-serif; font-size: 14pt;\">y cuenta con la ayuda de su padre, quien intenta\u00a0<\/span><span style=\"margin: 0px; padding: 0px; color: #656565; line-height: 18px; font-family: arial, helvetica, sans-serif; font-size: 14pt;\">transmitirle valores, historia, conocimiento, vida&#8230; a trav\u00e9s\u00a0<\/span><span style=\"margin: 0px; padding: 0px; color: #656565; line-height: 18px; font-family: arial, helvetica, sans-serif; font-size: 14pt;\">del cine, de los cl\u00e1sicos, de su historia.<\/span><\/p>\n","protected":false},"featured_media":14543,"comment_status":"open","ping_status":"closed","template":"","meta":{"_acf_changed":false,"_et_pb_use_builder":"","_et_pb_old_content":"","_et_gb_content_width":""},"product_brand":[],"product_cat":[376,489,47],"product_tag":[],"class_list":{"0":"post-14542","1":"product","2":"type-product","3":"status-publish","4":"has-post-thumbnail","6":"product_cat-autores","7":"product_cat-breu-panella-ramon","8":"product_cat-otras-narrativas","10":"first","11":"instock","12":"taxable","13":"shipping-taxable","14":"purchasable","15":"product-type-simple"},"acf":[],"yoast_head":"<!-- This site is optimized with the Yoast SEO plugin v27.5 - https:\/\/yoast.com\/product\/yoast-seo-wordpress\/ -->\n<title>El cine de Claudia - Ediciones Alfar<\/title>\n<meta name=\"robots\" content=\"index, follow, max-snippet:-1, max-image-preview:large, max-video-preview:-1\" \/>\n<link rel=\"canonical\" href=\"https:\/\/edicionesalfar.es\/es\/producto\/el-cine-de-claudia\/\" \/>\n<meta property=\"og:locale\" content=\"es_ES\" \/>\n<meta property=\"og:type\" content=\"article\" \/>\n<meta property=\"og:title\" content=\"El cine de Claudia - Ediciones Alfar\" \/>\n<meta property=\"og:description\" content=\"La novela plantea el caso de una chica que sufre un accidente\u00a0que le provoca la p\u00e9rdida de la vista. Ante esta desgracia,\u00a0debe realizar un esfuerzo enorme por volver a la normalidad,\u00a0y cuenta con la ayuda de su padre, quien intenta\u00a0transmitirle valores, historia, conocimiento, vida... a trav\u00e9s\u00a0del cine, de los cl\u00e1sicos, de su historia.\" \/>\n<meta property=\"og:url\" content=\"https:\/\/edicionesalfar.es\/es\/producto\/el-cine-de-claudia\/\" \/>\n<meta property=\"og:site_name\" content=\"Ediciones Alfar\" \/>\n<meta property=\"article:modified_time\" content=\"2025-04-05T19:38:56+00:00\" \/>\n<meta property=\"og:image\" content=\"https:\/\/edicionesalfar.es\/es\/wp-content\/uploads\/2019\/05\/9788478985456_elcinedeclaud.jpg\" \/>\n\t<meta property=\"og:image:width\" content=\"1\" \/>\n\t<meta property=\"og:image:height\" content=\"1\" \/>\n\t<meta property=\"og:image:type\" content=\"image\/jpeg\" \/>\n<meta name=\"twitter:card\" content=\"summary_large_image\" \/>\n<meta name=\"twitter:label1\" content=\"Tiempo de lectura\" \/>\n\t<meta name=\"twitter:data1\" content=\"2 minutos\" \/>\n<script type=\"application\/ld+json\" class=\"yoast-schema-graph\">{\"@context\":\"https:\\\/\\\/schema.org\",\"@graph\":[{\"@type\":\"WebPage\",\"@id\":\"https:\\\/\\\/edicionesalfar.es\\\/es\\\/producto\\\/el-cine-de-claudia\\\/\",\"url\":\"https:\\\/\\\/edicionesalfar.es\\\/es\\\/producto\\\/el-cine-de-claudia\\\/\",\"name\":\"El cine de Claudia - Ediciones Alfar\",\"isPartOf\":{\"@id\":\"https:\\\/\\\/edicionesalfar.es\\\/es\\\/#website\"},\"primaryImageOfPage\":{\"@id\":\"https:\\\/\\\/edicionesalfar.es\\\/es\\\/producto\\\/el-cine-de-claudia\\\/#primaryimage\"},\"image\":{\"@id\":\"https:\\\/\\\/edicionesalfar.es\\\/es\\\/producto\\\/el-cine-de-claudia\\\/#primaryimage\"},\"thumbnailUrl\":\"https:\\\/\\\/edicionesalfar.es\\\/es\\\/wp-content\\\/uploads\\\/2019\\\/05\\\/9788478985456_elcinedeclaud.jpg\",\"datePublished\":\"2019-07-11T05:56:19+00:00\",\"dateModified\":\"2025-04-05T19:38:56+00:00\",\"breadcrumb\":{\"@id\":\"https:\\\/\\\/edicionesalfar.es\\\/es\\\/producto\\\/el-cine-de-claudia\\\/#breadcrumb\"},\"inLanguage\":\"es\",\"potentialAction\":[{\"@type\":\"ReadAction\",\"target\":[\"https:\\\/\\\/edicionesalfar.es\\\/es\\\/producto\\\/el-cine-de-claudia\\\/\"]}]},{\"@type\":\"ImageObject\",\"inLanguage\":\"es\",\"@id\":\"https:\\\/\\\/edicionesalfar.es\\\/es\\\/producto\\\/el-cine-de-claudia\\\/#primaryimage\",\"url\":\"https:\\\/\\\/edicionesalfar.es\\\/es\\\/wp-content\\\/uploads\\\/2019\\\/05\\\/9788478985456_elcinedeclaud.jpg\",\"contentUrl\":\"https:\\\/\\\/edicionesalfar.es\\\/es\\\/wp-content\\\/uploads\\\/2019\\\/05\\\/9788478985456_elcinedeclaud.jpg\"},{\"@type\":\"BreadcrumbList\",\"@id\":\"https:\\\/\\\/edicionesalfar.es\\\/es\\\/producto\\\/el-cine-de-claudia\\\/#breadcrumb\",\"itemListElement\":[{\"@type\":\"ListItem\",\"position\":1,\"name\":\"Portada\",\"item\":\"https:\\\/\\\/edicionesalfar.es\\\/es\\\/\"},{\"@type\":\"ListItem\",\"position\":2,\"name\":\"Cat\u00e1logo\",\"item\":\"https:\\\/\\\/edicionesalfar.es\\\/es\\\/catalogo\\\/\"},{\"@type\":\"ListItem\",\"position\":3,\"name\":\"El cine de Claudia\"}]},{\"@type\":\"WebSite\",\"@id\":\"https:\\\/\\\/edicionesalfar.es\\\/es\\\/#website\",\"url\":\"https:\\\/\\\/edicionesalfar.es\\\/es\\\/\",\"name\":\"Ediciones Alfar\",\"description\":\"\",\"potentialAction\":[{\"@type\":\"SearchAction\",\"target\":{\"@type\":\"EntryPoint\",\"urlTemplate\":\"https:\\\/\\\/edicionesalfar.es\\\/es\\\/?s={search_term_string}\"},\"query-input\":{\"@type\":\"PropertyValueSpecification\",\"valueRequired\":true,\"valueName\":\"search_term_string\"}}],\"inLanguage\":\"es\"}]}<\/script>\n<!-- \/ Yoast SEO plugin. -->","yoast_head_json":{"title":"El cine de Claudia - Ediciones Alfar","robots":{"index":"index","follow":"follow","max-snippet":"max-snippet:-1","max-image-preview":"max-image-preview:large","max-video-preview":"max-video-preview:-1"},"canonical":"https:\/\/edicionesalfar.es\/es\/producto\/el-cine-de-claudia\/","og_locale":"es_ES","og_type":"article","og_title":"El cine de Claudia - Ediciones Alfar","og_description":"La novela plantea el caso de una chica que sufre un accidente\u00a0que le provoca la p\u00e9rdida de la vista. Ante esta desgracia,\u00a0debe realizar un esfuerzo enorme por volver a la normalidad,\u00a0y cuenta con la ayuda de su padre, quien intenta\u00a0transmitirle valores, historia, conocimiento, vida... a trav\u00e9s\u00a0del cine, de los cl\u00e1sicos, de su historia.","og_url":"https:\/\/edicionesalfar.es\/es\/producto\/el-cine-de-claudia\/","og_site_name":"Ediciones Alfar","article_modified_time":"2025-04-05T19:38:56+00:00","og_image":[{"url":"https:\/\/edicionesalfar.es\/es\/wp-content\/uploads\/2019\/05\/9788478985456_elcinedeclaud.jpg","width":1,"height":1,"type":"image\/jpeg"}],"twitter_card":"summary_large_image","twitter_misc":{"Tiempo de lectura":"2 minutos"},"schema":{"@context":"https:\/\/schema.org","@graph":[{"@type":"WebPage","@id":"https:\/\/edicionesalfar.es\/es\/producto\/el-cine-de-claudia\/","url":"https:\/\/edicionesalfar.es\/es\/producto\/el-cine-de-claudia\/","name":"El cine de Claudia - Ediciones Alfar","isPartOf":{"@id":"https:\/\/edicionesalfar.es\/es\/#website"},"primaryImageOfPage":{"@id":"https:\/\/edicionesalfar.es\/es\/producto\/el-cine-de-claudia\/#primaryimage"},"image":{"@id":"https:\/\/edicionesalfar.es\/es\/producto\/el-cine-de-claudia\/#primaryimage"},"thumbnailUrl":"https:\/\/edicionesalfar.es\/es\/wp-content\/uploads\/2019\/05\/9788478985456_elcinedeclaud.jpg","datePublished":"2019-07-11T05:56:19+00:00","dateModified":"2025-04-05T19:38:56+00:00","breadcrumb":{"@id":"https:\/\/edicionesalfar.es\/es\/producto\/el-cine-de-claudia\/#breadcrumb"},"inLanguage":"es","potentialAction":[{"@type":"ReadAction","target":["https:\/\/edicionesalfar.es\/es\/producto\/el-cine-de-claudia\/"]}]},{"@type":"ImageObject","inLanguage":"es","@id":"https:\/\/edicionesalfar.es\/es\/producto\/el-cine-de-claudia\/#primaryimage","url":"https:\/\/edicionesalfar.es\/es\/wp-content\/uploads\/2019\/05\/9788478985456_elcinedeclaud.jpg","contentUrl":"https:\/\/edicionesalfar.es\/es\/wp-content\/uploads\/2019\/05\/9788478985456_elcinedeclaud.jpg"},{"@type":"BreadcrumbList","@id":"https:\/\/edicionesalfar.es\/es\/producto\/el-cine-de-claudia\/#breadcrumb","itemListElement":[{"@type":"ListItem","position":1,"name":"Portada","item":"https:\/\/edicionesalfar.es\/es\/"},{"@type":"ListItem","position":2,"name":"Cat\u00e1logo","item":"https:\/\/edicionesalfar.es\/es\/catalogo\/"},{"@type":"ListItem","position":3,"name":"El cine de Claudia"}]},{"@type":"WebSite","@id":"https:\/\/edicionesalfar.es\/es\/#website","url":"https:\/\/edicionesalfar.es\/es\/","name":"Ediciones Alfar","description":"","potentialAction":[{"@type":"SearchAction","target":{"@type":"EntryPoint","urlTemplate":"https:\/\/edicionesalfar.es\/es\/?s={search_term_string}"},"query-input":{"@type":"PropertyValueSpecification","valueRequired":true,"valueName":"search_term_string"}}],"inLanguage":"es"}]}},"_links":{"self":[{"href":"https:\/\/edicionesalfar.es\/es\/wp-json\/wp\/v2\/product\/14542","targetHints":{"allow":["GET"]}}],"collection":[{"href":"https:\/\/edicionesalfar.es\/es\/wp-json\/wp\/v2\/product"}],"about":[{"href":"https:\/\/edicionesalfar.es\/es\/wp-json\/wp\/v2\/types\/product"}],"replies":[{"embeddable":true,"href":"https:\/\/edicionesalfar.es\/es\/wp-json\/wp\/v2\/comments?post=14542"}],"wp:featuredmedia":[{"embeddable":true,"href":"https:\/\/edicionesalfar.es\/es\/wp-json\/wp\/v2\/media\/14543"}],"wp:attachment":[{"href":"https:\/\/edicionesalfar.es\/es\/wp-json\/wp\/v2\/media?parent=14542"}],"wp:term":[{"taxonomy":"product_brand","embeddable":true,"href":"https:\/\/edicionesalfar.es\/es\/wp-json\/wp\/v2\/product_brand?post=14542"},{"taxonomy":"product_cat","embeddable":true,"href":"https:\/\/edicionesalfar.es\/es\/wp-json\/wp\/v2\/product_cat?post=14542"},{"taxonomy":"product_tag","embeddable":true,"href":"https:\/\/edicionesalfar.es\/es\/wp-json\/wp\/v2\/product_tag?post=14542"}],"curies":[{"name":"wp","href":"https:\/\/api.w.org\/{rel}","templated":true}]}}

<p style="margin: 0px 0px 1.5em; padding-left: 0px; font-size: 12px; line-height: 18px; color: #656565; font-family: sans-serif; font-style: normal; page-break-inside: avoid; widows: 136;" align="JUSTIFY">CONTENIDO: El cine de Claudia plantea el caso de una chica que sufre un accidente que le provoca la pérdida de la vista. Ante esa desgracia, deberá realizar un enorme esfuerzo para recobrarse, para asumir su nueva situación y para seguir la vida de otra forma. Fernando, el padre de Claudia, se dará cuenta de cuán alejado estaba de su hija y tratará de recuperar el tiempo perdido a través de su pasión, el cine. ¿Cómo era posible que hasta ese momento no le había transmitido las maravillas del cine a Claudia? No se resignaba a que su hija no conociese a los hermanos Lumière, a Georges Méliès, a Chaplin, a Drácula o a King-Kong y aunque tarde y con graves dificultades, emprende la gran aventura de relatarle la historia del cine. Todo ello le dará ánimos a la chica que empezará a sobreponerse y, por primera vez, se activarán los vínculos entre padre e hija. El libro incluye, además, un conjunto de propuestas didácticas que van desde la comprensión lectora y la reflexión sobre los principales temas que plantea la novela, hasta una iniciación a la historia del cine.</p>
<p style="margin: 0px 0px 1.5em; padding-left: 0px; font-size: 12px; line-height: 18px; color: #656565; font-family: sans-serif; font-style: normal; page-break-inside: avoid; widows: 136;" align="JUSTIFY">AUTOR: Ramón Breu Pañella (L’Hos-pitalet de Llobregat. Barcelona, 1956) es profesor de secundaria, licenciado en Historia Contemporánea por la Universidad de Barcelona y diplomado en Sociología por el ICESB. Coordinador del proyecto Cinescola, es especialista en educación en comunicación audiovisual y formador del profesorado, además de ser autor de diferentes libros y artículos del ámbito educativo. Ha obtenido diversas distinciones como el premio Aula al mejor libro de práctica educativa del Ministerio de Educación (2008); los premios del Consejo del Audiovisual de Cataluña (2004, 2005, 2007 y 2011); el Premio Marta Mata de Pedagogía (2012); el Premio Film-Historia de la Universidad de Barcelona (2012) y la Buena Práctica Iberoamericana Leer.es (2013).</p>
<p style="margin: 0px 0px 1.5em; padding-left: 0px; font-size: 12px; line-height: 18px; color: #656565; font-family: sans-serif; font-style: normal; page-break-inside: avoid; widows: 136;" align="JUSTIFY">Es coautor de los libros Cine y Educación (2007); El Cine en la escuela (2011); 10 Ideas Claves. Educar en Medios de Comunicación (2011) y La Transició democràtica a Catalunya (2014). También ha publicado El documental como estrategia educativa (2010); La Catalunya soviética (2011), La historia a través del cine (2012); Cine para tener ganas de leer (2012); La pantalla infinita (2012) y La mirada del voltor (2013).</p>

<p><span style="margin: 0px; padding: 0px; color: #656565; line-height: 18px; font-family: arial, helvetica, sans-serif; font-size: 14pt;">La novela plantea el caso de una chica que sufre un accidente </span><span style="margin: 0px; padding: 0px; color: #656565; line-height: 18px; font-family: arial, helvetica, sans-serif; font-size: 14pt;">que le provoca la pérdida de la vista. Ante esta desgracia, </span><span style="margin: 0px; padding: 0px; color: #656565; line-height: 18px; font-family: arial, helvetica, sans-serif; font-size: 14pt;">debe realizar un esfuerzo enorme por volver a la normalidad, </span><span style="margin: 0px; padding: 0px; color: #656565; line-height: 18px; font-family: arial, helvetica, sans-serif; font-size: 14pt;">y cuenta con la ayuda de su padre, quien intenta </span><span style="margin: 0px; padding: 0px; color: #656565; line-height: 18px; font-family: arial, helvetica, sans-serif; font-size: 14pt;">transmitirle valores, historia, conocimiento, vida&#8230; a través </span><span style="margin: 0px; padding: 0px; color: #656565; line-height: 18px; font-family: arial, helvetica, sans-serif; font-size: 14pt;">del cine, de los clásicos, de su historia.</span></p>

<!-- This site is optimized with the Yoast SEO plugin v27.5 - https://yoast.com/product/yoast-seo-wordpress/ -->
<title>El cine de Claudia - Ediciones Alfar</title>
<meta name="robots" content="index, follow, max-snippet:-1, max-image-preview:large, max-video-preview:-1" />
<link rel="canonical" href="https://edicionesalfar.es/es/producto/el-cine-de-claudia/" />
<meta property="og:locale" content="es_ES" />
<meta property="og:type" content="article" />
<meta property="og:title" content="El cine de Claudia - Ediciones Alfar" />
<meta property="og:description" content="La novela plantea el caso de una chica que sufre un accidente que le provoca la pérdida de la vista. Ante esta desgracia, debe realizar un esfuerzo enorme por volver a la normalidad, y cuenta con la ayuda de su padre, quien intenta transmitirle valores, historia, conocimiento, vida... a través del cine, de los clásicos, de su historia." />
<meta property="og:url" content="https://edicionesalfar.es/es/producto/el-cine-de-claudia/" />
<meta property="og:site_name" content="Ediciones Alfar" />
<meta property="article:modified_time" content="2025-04-05T19:38:56+00:00" />
<meta property="og:image" content="https://edicionesalfar.es/es/wp-content/uploads/2019/05/9788478985456_elcinedeclaud.jpg" />
	<meta property="og:image:width" content="1" />
	<meta property="og:image:height" content="1" />
	<meta property="og:image:type" content="image/jpeg" />
<meta name="twitter:card" content="summary_large_image" />
<meta name="twitter:label1" content="Tiempo de lectura" />
	<meta name="twitter:data1" content="2 minutos" />
<script type="application/ld+json" class="yoast-schema-graph">{"@context":"https:\/\/schema.org","@graph":[{"@type":"WebPage","@id":"https:\/\/edicionesalfar.es\/es\/producto\/el-cine-de-claudia\/","url":"https:\/\/edicionesalfar.es\/es\/producto\/el-cine-de-claudia\/","name":"El cine de Claudia - Ediciones Alfar","isPartOf":{"@id":"https:\/\/edicionesalfar.es\/es\/#website"},"primaryImageOfPage":{"@id":"https:\/\/edicionesalfar.es\/es\/producto\/el-cine-de-claudia\/#primaryimage"},"image":{"@id":"https:\/\/edicionesalfar.es\/es\/producto\/el-cine-de-claudia\/#primaryimage"},"thumbnailUrl":"https:\/\/edicionesalfar.es\/es\/wp-content\/uploads\/2019\/05\/9788478985456_elcinedeclaud.jpg","datePublished":"2019-07-11T05:56:19+00:00","dateModified":"2025-04-05T19:38:56+00:00","breadcrumb":{"@id":"https:\/\/edicionesalfar.es\/es\/producto\/el-cine-de-claudia\/#breadcrumb"},"inLanguage":"es","potentialAction":[{"@type":"ReadAction","target":["https:\/\/edicionesalfar.es\/es\/producto\/el-cine-de-claudia\/"]}]},{"@type":"ImageObject","inLanguage":"es","@id":"https:\/\/edicionesalfar.es\/es\/producto\/el-cine-de-claudia\/#primaryimage","url":"https:\/\/edicionesalfar.es\/es\/wp-content\/uploads\/2019\/05\/9788478985456_elcinedeclaud.jpg","contentUrl":"https:\/\/edicionesalfar.es\/es\/wp-content\/uploads\/2019\/05\/9788478985456_elcinedeclaud.jpg"},{"@type":"BreadcrumbList","@id":"https:\/\/edicionesalfar.es\/es\/producto\/el-cine-de-claudia\/#breadcrumb","itemListElement":[{"@type":"ListItem","position":1,"name":"Portada","item":"https:\/\/edicionesalfar.es\/es\/"},{"@type":"ListItem","position":2,"name":"Catálogo","item":"https:\/\/edicionesalfar.es\/es\/catalogo\/"},{"@type":"ListItem","position":3,"name":"El cine de Claudia"}]},{"@type":"WebSite","@id":"https:\/\/edicionesalfar.es\/es\/#website","url":"https:\/\/edicionesalfar.es\/es\/","name":"Ediciones Alfar","description":"","potentialAction":[{"@type":"SearchAction","target":{"@type":"EntryPoint","urlTemplate":"https:\/\/edicionesalfar.es\/es\/?s={search_term_string}"},"query-input":{"@type":"PropertyValueSpecification","valueRequired":true,"valueName":"search_term_string"}}],"inLanguage":"es"}]}</script>
<!-- / Yoast SEO plugin. -->

La novela plantea el caso de una chica que sufre un accidente que le provoca la pérdida de la vista. Ante esta desgracia, debe realizar un esfuerzo enorme por volver a la normalidad, y cuenta con la ayuda de su padre, quien intenta transmitirle valores, historia, conocimiento, vida... a través del cine, de los clásicos, de su historia.

Catálogo
