{"id":14502,"date":"2019-07-11T05:55:57","date_gmt":"2019-07-11T05:55:57","guid":{"rendered":"http:\/\/www.edicionesalfar.es\/web-wordpress\/?post_type=product&#048;p="},"modified":"2022-12-14T10:04:25","modified_gmt":"2022-12-14T09:04:25","slug":"vida-y-vuelta","status":"publish","type":"product","link":"https:\/\/edicionesalfar.es\/es\/producto\/vida-y-vuelta\/","title":{"rendered":"Vida y vuelta"},"content":{"rendered":"<p style=\"margin: 0px 0px 1.5em; padding-left: 0px; font-size: 12px; line-height: 18px; color: #656565; font-family: sans-serif; font-style: normal;\">CONTENIDO: De un tiempo a esta parte siento que la publicidad se nos ha ido de las manos. Se han llenado los escaparates de moda fluorescente. Las vallas publicitarias est\u00e1n decoradas con mujeres con poca ropa, que parecen mirarte con cara de vicio\u2026 y las campa\u00f1as promocionales utilizan colores tan agresivos que no me permiten recordar lo que anuncian, pasado un rato. Por desgracia, los libros han seguido el mismo camino. Las portadas compiten en las estanter\u00edas por llamar nuestra atenci\u00f3n. Nos provocan. Agitan nuestros sentidos. Nos violentan. Y, pese a su pertinacia, nosotros pasamos de largo sin comprarnos nada. Porque hemos dejado de creer en los reclamos de las grandes marcas. Porque todos los libros parecen ser siempre el mismo libro.<\/p>\n<p style=\"margin: 0px 0px 1.5em; padding-left: 0px; font-size: 12px; line-height: 18px; color: #656565; font-family: sans-serif; font-style: normal;\">Nunca he visto un libro sin portada y por eso he querido crearlo yo. Pens\u00e9 que ser\u00eda divertido dejarla en blanco. As\u00ed el lector, que es el que paga, durante unos segundos, tendr\u00e1 permiso para imaginar que ha encontrado lo que andaba buscando. Adem\u00e1s, si tienes ni\u00f1os en casa, d\u00e9jales que dibujen sobre la hoja en blanco. Deja que la decoren ellos mismos con dibujos de los animales que vieron en el zoo o con una caricatura de su maestra. O quiz\u00e1 quieras hacerlo t\u00fa mismo. \u00a1Juega a ser ni\u00f1o! Quiz\u00e1 t\u00fa, mientras hablas por tel\u00e9fono, sobre la mesa de la cocina, sientas la necesidad de garabatear sobre la portada del libro. Hazlo sin miedo. La he dejado en blanco para ti. Para que pintes algo en este libro. Porque el lector, o as\u00ed lo siento, es el \u00fanico capaz de darle vida a este manantial de signos dormido.<\/p>\n<p style=\"margin: 0px 0px 1.5em; padding-left: 0px; font-size: 12px; line-height: 18px; color: #656565; font-family: sans-serif; font-style: normal;\">AUTOR:Doctor cum laude por la Universidad Pablo de Olavide. Licenciado en Filolog\u00eda Hisp\u00e1nica por la Universidad de Sevilla. Profesor de Lengua y Literatura y<\/p>\n<p style=\"margin: 0px 0px 1.5em; padding-left: 0px; font-size: 12px; line-height: 18px; color: #656565; font-family: sans-serif; font-style: normal;\">Secretario del IES Alfonso XI.<\/p>\n<p style=\"margin: 0px 0px 1.5em; padding-left: 0px; font-size: 12px; line-height: 18px; color: #656565; font-family: sans-serif; font-style: normal;\">Ha publicado las novelas Menta y nata y Magia para torpes.<\/p>\n<p style=\"margin: 0px 0px 1.5em; padding-left: 0px; font-size: 12px; line-height: 18px; color: #656565; font-family: sans-serif; font-style: normal;\">Ha obtenido galardones como: ganador del Gallo de Vidrio de Poes\u00eda con \u201cYo\u201d; premio del p\u00fablico en el Certamen Simprota con \u201cLa Mancha de Dulcinea\u201d; ganador del Premio Ant\u00edgona de Creaci\u00f3n Teatral con \u201cEl Protagonista Muere\u201d; ganador del Concurso de Dos Hermanas de Cartas de Amor y finalista del Ateneo Joven de Novela con Menta y nata.<\/p>\n","protected":false},"excerpt":{"rendered":"<p><span style=\"margin: 0px; padding: 0px; color: #656565; font-family: sans-serif; line-height: 18px; font-size: 12pt;\"><span style=\"margin: 0px; padding: 0px; font-family: arial, helvetica, sans-serif;\">Primer poemario de Fernando Fedriani, donde podemos\u00a0<\/span><span style=\"margin: 0px; padding: 0px; font-family: arial, helvetica, sans-serif;\">encontrar fant\u00e1sticas composiciones po\u00e9ticas creadas a lo\u00a0<\/span><\/span><span style=\"margin: 0px; padding: 0px; color: #656565; line-height: 18px; font-family: arial, helvetica, sans-serif; font-size: 12pt;\">largo de su vida. Estamos ante un libro sin\u00a0<\/span><span style=\"margin: 0px; padding: 0px; color: #656565; font-family: sans-serif; line-height: 18px; font-size: 12pt;\">portada, dejando\u00a0<\/span><span style=\"margin: 0px; padding: 0px; color: #656565; font-family: sans-serif; line-height: 18px; font-size: 12pt;\">el vac\u00edo a la interpretaci\u00f3n del lector.<\/span><\/p>\n","protected":false},"featured_media":14503,"comment_status":"open","ping_status":"closed","template":"","meta":{"_acf_changed":false,"_et_pb_use_builder":"","_et_pb_old_content":"","_et_gb_content_width":""},"product_brand":[],"product_cat":[376,541,48],"product_tag":[],"class_list":{"0":"post-14502","1":"product","2":"type-product","3":"status-publish","4":"has-post-thumbnail","6":"product_cat-autores","7":"product_cat-fedriani-fernando","8":"product_cat-otras-poesias","10":"first","11":"instock","12":"taxable","13":"shipping-taxable","14":"purchasable","15":"product-type-simple"},"acf":[],"yoast_head":"<!-- This site is optimized with the Yoast SEO plugin v27.4 - https:\/\/yoast.com\/product\/yoast-seo-wordpress\/ -->\n<title>Vida y vuelta - Ediciones Alfar<\/title>\n<meta name=\"robots\" content=\"index, follow, max-snippet:-1, max-image-preview:large, max-video-preview:-1\" \/>\n<link rel=\"canonical\" href=\"https:\/\/edicionesalfar.es\/es\/producto\/vida-y-vuelta\/\" \/>\n<meta property=\"og:locale\" content=\"es_ES\" \/>\n<meta property=\"og:type\" content=\"article\" \/>\n<meta property=\"og:title\" content=\"Vida y vuelta - Ediciones Alfar\" \/>\n<meta property=\"og:description\" content=\"Primer poemario de Fernando Fedriani, donde podemos\u00a0encontrar fant\u00e1sticas composiciones po\u00e9ticas creadas a lo\u00a0largo de su vida. Estamos ante un libro sin\u00a0portada, dejando\u00a0el vac\u00edo a la interpretaci\u00f3n del lector.\" \/>\n<meta property=\"og:url\" content=\"https:\/\/edicionesalfar.es\/es\/producto\/vida-y-vuelta\/\" \/>\n<meta property=\"og:site_name\" content=\"Ediciones Alfar\" \/>\n<meta property=\"article:modified_time\" content=\"2022-12-14T09:04:25+00:00\" \/>\n<meta property=\"og:image\" content=\"https:\/\/edicionesalfar.es\/es\/wp-content\/uploads\/2019\/05\/9788478984961_vidayvuelta.jpg\" \/>\n\t<meta property=\"og:image:width\" content=\"1\" \/>\n\t<meta property=\"og:image:height\" content=\"1\" \/>\n\t<meta property=\"og:image:type\" content=\"image\/jpeg\" \/>\n<meta name=\"twitter:card\" content=\"summary_large_image\" \/>\n<meta name=\"twitter:label1\" content=\"Tiempo de lectura\" \/>\n\t<meta name=\"twitter:data1\" content=\"2 minutos\" \/>\n<script type=\"application\/ld+json\" class=\"yoast-schema-graph\">{\"@context\":\"https:\\\/\\\/schema.org\",\"@graph\":[{\"@type\":\"WebPage\",\"@id\":\"https:\\\/\\\/edicionesalfar.es\\\/es\\\/producto\\\/vida-y-vuelta\\\/\",\"url\":\"https:\\\/\\\/edicionesalfar.es\\\/es\\\/producto\\\/vida-y-vuelta\\\/\",\"name\":\"Vida y vuelta - Ediciones Alfar\",\"isPartOf\":{\"@id\":\"https:\\\/\\\/edicionesalfar.es\\\/es\\\/#website\"},\"primaryImageOfPage\":{\"@id\":\"https:\\\/\\\/edicionesalfar.es\\\/es\\\/producto\\\/vida-y-vuelta\\\/#primaryimage\"},\"image\":{\"@id\":\"https:\\\/\\\/edicionesalfar.es\\\/es\\\/producto\\\/vida-y-vuelta\\\/#primaryimage\"},\"thumbnailUrl\":\"https:\\\/\\\/edicionesalfar.es\\\/es\\\/wp-content\\\/uploads\\\/2019\\\/05\\\/9788478984961_vidayvuelta.jpg\",\"datePublished\":\"2019-07-11T05:55:57+00:00\",\"dateModified\":\"2022-12-14T09:04:25+00:00\",\"breadcrumb\":{\"@id\":\"https:\\\/\\\/edicionesalfar.es\\\/es\\\/producto\\\/vida-y-vuelta\\\/#breadcrumb\"},\"inLanguage\":\"es\",\"potentialAction\":[{\"@type\":\"ReadAction\",\"target\":[\"https:\\\/\\\/edicionesalfar.es\\\/es\\\/producto\\\/vida-y-vuelta\\\/\"]}]},{\"@type\":\"ImageObject\",\"inLanguage\":\"es\",\"@id\":\"https:\\\/\\\/edicionesalfar.es\\\/es\\\/producto\\\/vida-y-vuelta\\\/#primaryimage\",\"url\":\"https:\\\/\\\/edicionesalfar.es\\\/es\\\/wp-content\\\/uploads\\\/2019\\\/05\\\/9788478984961_vidayvuelta.jpg\",\"contentUrl\":\"https:\\\/\\\/edicionesalfar.es\\\/es\\\/wp-content\\\/uploads\\\/2019\\\/05\\\/9788478984961_vidayvuelta.jpg\"},{\"@type\":\"BreadcrumbList\",\"@id\":\"https:\\\/\\\/edicionesalfar.es\\\/es\\\/producto\\\/vida-y-vuelta\\\/#breadcrumb\",\"itemListElement\":[{\"@type\":\"ListItem\",\"position\":1,\"name\":\"Portada\",\"item\":\"https:\\\/\\\/edicionesalfar.es\\\/es\\\/\"},{\"@type\":\"ListItem\",\"position\":2,\"name\":\"Cat\u00e1logo\",\"item\":\"https:\\\/\\\/edicionesalfar.es\\\/es\\\/catalogo\\\/\"},{\"@type\":\"ListItem\",\"position\":3,\"name\":\"Vida y vuelta\"}]},{\"@type\":\"WebSite\",\"@id\":\"https:\\\/\\\/edicionesalfar.es\\\/es\\\/#website\",\"url\":\"https:\\\/\\\/edicionesalfar.es\\\/es\\\/\",\"name\":\"Ediciones Alfar\",\"description\":\"\",\"potentialAction\":[{\"@type\":\"SearchAction\",\"target\":{\"@type\":\"EntryPoint\",\"urlTemplate\":\"https:\\\/\\\/edicionesalfar.es\\\/es\\\/?s={search_term_string}\"},\"query-input\":{\"@type\":\"PropertyValueSpecification\",\"valueRequired\":true,\"valueName\":\"search_term_string\"}}],\"inLanguage\":\"es\"}]}<\/script>\n<!-- \/ Yoast SEO plugin. -->","yoast_head_json":{"title":"Vida y vuelta - Ediciones Alfar","robots":{"index":"index","follow":"follow","max-snippet":"max-snippet:-1","max-image-preview":"max-image-preview:large","max-video-preview":"max-video-preview:-1"},"canonical":"https:\/\/edicionesalfar.es\/es\/producto\/vida-y-vuelta\/","og_locale":"es_ES","og_type":"article","og_title":"Vida y vuelta - Ediciones Alfar","og_description":"Primer poemario de Fernando Fedriani, donde podemos\u00a0encontrar fant\u00e1sticas composiciones po\u00e9ticas creadas a lo\u00a0largo de su vida. Estamos ante un libro sin\u00a0portada, dejando\u00a0el vac\u00edo a la interpretaci\u00f3n del lector.","og_url":"https:\/\/edicionesalfar.es\/es\/producto\/vida-y-vuelta\/","og_site_name":"Ediciones Alfar","article_modified_time":"2022-12-14T09:04:25+00:00","og_image":[{"url":"https:\/\/edicionesalfar.es\/es\/wp-content\/uploads\/2019\/05\/9788478984961_vidayvuelta.jpg","width":1,"height":1,"type":"image\/jpeg"}],"twitter_card":"summary_large_image","twitter_misc":{"Tiempo de lectura":"2 minutos"},"schema":{"@context":"https:\/\/schema.org","@graph":[{"@type":"WebPage","@id":"https:\/\/edicionesalfar.es\/es\/producto\/vida-y-vuelta\/","url":"https:\/\/edicionesalfar.es\/es\/producto\/vida-y-vuelta\/","name":"Vida y vuelta - Ediciones Alfar","isPartOf":{"@id":"https:\/\/edicionesalfar.es\/es\/#website"},"primaryImageOfPage":{"@id":"https:\/\/edicionesalfar.es\/es\/producto\/vida-y-vuelta\/#primaryimage"},"image":{"@id":"https:\/\/edicionesalfar.es\/es\/producto\/vida-y-vuelta\/#primaryimage"},"thumbnailUrl":"https:\/\/edicionesalfar.es\/es\/wp-content\/uploads\/2019\/05\/9788478984961_vidayvuelta.jpg","datePublished":"2019-07-11T05:55:57+00:00","dateModified":"2022-12-14T09:04:25+00:00","breadcrumb":{"@id":"https:\/\/edicionesalfar.es\/es\/producto\/vida-y-vuelta\/#breadcrumb"},"inLanguage":"es","potentialAction":[{"@type":"ReadAction","target":["https:\/\/edicionesalfar.es\/es\/producto\/vida-y-vuelta\/"]}]},{"@type":"ImageObject","inLanguage":"es","@id":"https:\/\/edicionesalfar.es\/es\/producto\/vida-y-vuelta\/#primaryimage","url":"https:\/\/edicionesalfar.es\/es\/wp-content\/uploads\/2019\/05\/9788478984961_vidayvuelta.jpg","contentUrl":"https:\/\/edicionesalfar.es\/es\/wp-content\/uploads\/2019\/05\/9788478984961_vidayvuelta.jpg"},{"@type":"BreadcrumbList","@id":"https:\/\/edicionesalfar.es\/es\/producto\/vida-y-vuelta\/#breadcrumb","itemListElement":[{"@type":"ListItem","position":1,"name":"Portada","item":"https:\/\/edicionesalfar.es\/es\/"},{"@type":"ListItem","position":2,"name":"Cat\u00e1logo","item":"https:\/\/edicionesalfar.es\/es\/catalogo\/"},{"@type":"ListItem","position":3,"name":"Vida y vuelta"}]},{"@type":"WebSite","@id":"https:\/\/edicionesalfar.es\/es\/#website","url":"https:\/\/edicionesalfar.es\/es\/","name":"Ediciones Alfar","description":"","potentialAction":[{"@type":"SearchAction","target":{"@type":"EntryPoint","urlTemplate":"https:\/\/edicionesalfar.es\/es\/?s={search_term_string}"},"query-input":{"@type":"PropertyValueSpecification","valueRequired":true,"valueName":"search_term_string"}}],"inLanguage":"es"}]}},"_links":{"self":[{"href":"https:\/\/edicionesalfar.es\/es\/wp-json\/wp\/v2\/product\/14502","targetHints":{"allow":["GET"]}}],"collection":[{"href":"https:\/\/edicionesalfar.es\/es\/wp-json\/wp\/v2\/product"}],"about":[{"href":"https:\/\/edicionesalfar.es\/es\/wp-json\/wp\/v2\/types\/product"}],"replies":[{"embeddable":true,"href":"https:\/\/edicionesalfar.es\/es\/wp-json\/wp\/v2\/comments?post=14502"}],"wp:featuredmedia":[{"embeddable":true,"href":"https:\/\/edicionesalfar.es\/es\/wp-json\/wp\/v2\/media\/14503"}],"wp:attachment":[{"href":"https:\/\/edicionesalfar.es\/es\/wp-json\/wp\/v2\/media?parent=14502"}],"wp:term":[{"taxonomy":"product_brand","embeddable":true,"href":"https:\/\/edicionesalfar.es\/es\/wp-json\/wp\/v2\/product_brand?post=14502"},{"taxonomy":"product_cat","embeddable":true,"href":"https:\/\/edicionesalfar.es\/es\/wp-json\/wp\/v2\/product_cat?post=14502"},{"taxonomy":"product_tag","embeddable":true,"href":"https:\/\/edicionesalfar.es\/es\/wp-json\/wp\/v2\/product_tag?post=14502"}],"curies":[{"name":"wp","href":"https:\/\/api.w.org\/{rel}","templated":true}]}}

<p style="margin: 0px 0px 1.5em; padding-left: 0px; font-size: 12px; line-height: 18px; color: #656565; font-family: sans-serif; font-style: normal;">CONTENIDO: De un tiempo a esta parte siento que la publicidad se nos ha ido de las manos. Se han llenado los escaparates de moda fluorescente. Las vallas publicitarias están decoradas con mujeres con poca ropa, que parecen mirarte con cara de vicio… y las campañas promocionales utilizan colores tan agresivos que no me permiten recordar lo que anuncian, pasado un rato. Por desgracia, los libros han seguido el mismo camino. Las portadas compiten en las estanterías por llamar nuestra atención. Nos provocan. Agitan nuestros sentidos. Nos violentan. Y, pese a su pertinacia, nosotros pasamos de largo sin comprarnos nada. Porque hemos dejado de creer en los reclamos de las grandes marcas. Porque todos los libros parecen ser siempre el mismo libro.</p>
<p style="margin: 0px 0px 1.5em; padding-left: 0px; font-size: 12px; line-height: 18px; color: #656565; font-family: sans-serif; font-style: normal;">Nunca he visto un libro sin portada y por eso he querido crearlo yo. Pensé que sería divertido dejarla en blanco. Así el lector, que es el que paga, durante unos segundos, tendrá permiso para imaginar que ha encontrado lo que andaba buscando. Además, si tienes niños en casa, déjales que dibujen sobre la hoja en blanco. Deja que la decoren ellos mismos con dibujos de los animales que vieron en el zoo o con una caricatura de su maestra. O quizá quieras hacerlo tú mismo. ¡Juega a ser niño! Quizá tú, mientras hablas por teléfono, sobre la mesa de la cocina, sientas la necesidad de garabatear sobre la portada del libro. Hazlo sin miedo. La he dejado en blanco para ti. Para que pintes algo en este libro. Porque el lector, o así lo siento, es el único capaz de darle vida a este manantial de signos dormido.</p>
<p style="margin: 0px 0px 1.5em; padding-left: 0px; font-size: 12px; line-height: 18px; color: #656565; font-family: sans-serif; font-style: normal;">AUTOR:Doctor cum laude por la Universidad Pablo de Olavide. Licenciado en Filología Hispánica por la Universidad de Sevilla. Profesor de Lengua y Literatura y</p>
<p style="margin: 0px 0px 1.5em; padding-left: 0px; font-size: 12px; line-height: 18px; color: #656565; font-family: sans-serif; font-style: normal;">Secretario del IES Alfonso XI.</p>
<p style="margin: 0px 0px 1.5em; padding-left: 0px; font-size: 12px; line-height: 18px; color: #656565; font-family: sans-serif; font-style: normal;">Ha publicado las novelas Menta y nata y Magia para torpes.</p>
<p style="margin: 0px 0px 1.5em; padding-left: 0px; font-size: 12px; line-height: 18px; color: #656565; font-family: sans-serif; font-style: normal;">Ha obtenido galardones como: ganador del Gallo de Vidrio de Poesía con “Yo”; premio del público en el Certamen Simprota con “La Mancha de Dulcinea”; ganador del Premio Antígona de Creación Teatral con “El Protagonista Muere”; ganador del Concurso de Dos Hermanas de Cartas de Amor y finalista del Ateneo Joven de Novela con Menta y nata.</p>

<p><span style="margin: 0px; padding: 0px; color: #656565; font-family: sans-serif; line-height: 18px; font-size: 12pt;"><span style="margin: 0px; padding: 0px; font-family: arial, helvetica, sans-serif;">Primer poemario de Fernando Fedriani, donde podemos </span><span style="margin: 0px; padding: 0px; font-family: arial, helvetica, sans-serif;">encontrar fantásticas composiciones poéticas creadas a lo </span></span><span style="margin: 0px; padding: 0px; color: #656565; line-height: 18px; font-family: arial, helvetica, sans-serif; font-size: 12pt;">largo de su vida. Estamos ante un libro sin </span><span style="margin: 0px; padding: 0px; color: #656565; font-family: sans-serif; line-height: 18px; font-size: 12pt;">portada, dejando </span><span style="margin: 0px; padding: 0px; color: #656565; font-family: sans-serif; line-height: 18px; font-size: 12pt;">el vacío a la interpretación del lector.</span></p>

<!-- This site is optimized with the Yoast SEO plugin v27.4 - https://yoast.com/product/yoast-seo-wordpress/ -->
<title>Vida y vuelta - Ediciones Alfar</title>
<meta name="robots" content="index, follow, max-snippet:-1, max-image-preview:large, max-video-preview:-1" />
<link rel="canonical" href="https://edicionesalfar.es/es/producto/vida-y-vuelta/" />
<meta property="og:locale" content="es_ES" />
<meta property="og:type" content="article" />
<meta property="og:title" content="Vida y vuelta - Ediciones Alfar" />
<meta property="og:description" content="Primer poemario de Fernando Fedriani, donde podemos encontrar fantásticas composiciones poéticas creadas a lo largo de su vida. Estamos ante un libro sin portada, dejando el vacío a la interpretación del lector." />
<meta property="og:url" content="https://edicionesalfar.es/es/producto/vida-y-vuelta/" />
<meta property="og:site_name" content="Ediciones Alfar" />
<meta property="article:modified_time" content="2022-12-14T09:04:25+00:00" />
<meta property="og:image" content="https://edicionesalfar.es/es/wp-content/uploads/2019/05/9788478984961_vidayvuelta.jpg" />
	<meta property="og:image:width" content="1" />
	<meta property="og:image:height" content="1" />
	<meta property="og:image:type" content="image/jpeg" />
<meta name="twitter:card" content="summary_large_image" />
<meta name="twitter:label1" content="Tiempo de lectura" />
	<meta name="twitter:data1" content="2 minutos" />
<script type="application/ld+json" class="yoast-schema-graph">{"@context":"https:\/\/schema.org","@graph":[{"@type":"WebPage","@id":"https:\/\/edicionesalfar.es\/es\/producto\/vida-y-vuelta\/","url":"https:\/\/edicionesalfar.es\/es\/producto\/vida-y-vuelta\/","name":"Vida y vuelta - Ediciones Alfar","isPartOf":{"@id":"https:\/\/edicionesalfar.es\/es\/#website"},"primaryImageOfPage":{"@id":"https:\/\/edicionesalfar.es\/es\/producto\/vida-y-vuelta\/#primaryimage"},"image":{"@id":"https:\/\/edicionesalfar.es\/es\/producto\/vida-y-vuelta\/#primaryimage"},"thumbnailUrl":"https:\/\/edicionesalfar.es\/es\/wp-content\/uploads\/2019\/05\/9788478984961_vidayvuelta.jpg","datePublished":"2019-07-11T05:55:57+00:00","dateModified":"2022-12-14T09:04:25+00:00","breadcrumb":{"@id":"https:\/\/edicionesalfar.es\/es\/producto\/vida-y-vuelta\/#breadcrumb"},"inLanguage":"es","potentialAction":[{"@type":"ReadAction","target":["https:\/\/edicionesalfar.es\/es\/producto\/vida-y-vuelta\/"]}]},{"@type":"ImageObject","inLanguage":"es","@id":"https:\/\/edicionesalfar.es\/es\/producto\/vida-y-vuelta\/#primaryimage","url":"https:\/\/edicionesalfar.es\/es\/wp-content\/uploads\/2019\/05\/9788478984961_vidayvuelta.jpg","contentUrl":"https:\/\/edicionesalfar.es\/es\/wp-content\/uploads\/2019\/05\/9788478984961_vidayvuelta.jpg"},{"@type":"BreadcrumbList","@id":"https:\/\/edicionesalfar.es\/es\/producto\/vida-y-vuelta\/#breadcrumb","itemListElement":[{"@type":"ListItem","position":1,"name":"Portada","item":"https:\/\/edicionesalfar.es\/es\/"},{"@type":"ListItem","position":2,"name":"Catálogo","item":"https:\/\/edicionesalfar.es\/es\/catalogo\/"},{"@type":"ListItem","position":3,"name":"Vida y vuelta"}]},{"@type":"WebSite","@id":"https:\/\/edicionesalfar.es\/es\/#website","url":"https:\/\/edicionesalfar.es\/es\/","name":"Ediciones Alfar","description":"","potentialAction":[{"@type":"SearchAction","target":{"@type":"EntryPoint","urlTemplate":"https:\/\/edicionesalfar.es\/es\/?s={search_term_string}"},"query-input":{"@type":"PropertyValueSpecification","valueRequired":true,"valueName":"search_term_string"}}],"inLanguage":"es"}]}</script>
<!-- / Yoast SEO plugin. -->

Primer poemario de Fernando Fedriani, donde podemos encontrar fantásticas composiciones poéticas creadas a lo largo de su vida. Estamos ante un libro sin portada, dejando el vacío a la interpretación del lector.

Catálogo
