{"id":14372,"date":"2019-07-11T05:54:48","date_gmt":"2019-07-11T05:54:48","guid":{"rendered":"http:\/\/www.edicionesalfar.es\/web-wordpress\/?post_type=product\\&#046;p="},"modified":"-0001-11-30T00:00:00","modified_gmt":"-0001-11-29T22:00:00","slug":"las-ilusiones-americanas-de-don-juan-valera-y-otros-estudios-sobre-espana-y-america","status":"publish","type":"product","link":"https:\/\/edicionesalfar.es\/es\/producto\/las-ilusiones-americanas-de-don-juan-valera-y-otros-estudios-sobre-espana-y-america\/","title":{"rendered":"LAS ILUSIONES AMERICANAS DE DON JUAN VALERA Y OTROS ESTUDIOS SOBRE ESPA\u00d1A Y AM\u00c9RICA"},"content":{"rendered":"<p>LAS ILUSIONES AMERICANAS DE DON JUAN VALERA Y OTROS ESTUDIOS SOBRE ESPA\u00d1A Y AM\u00c9RICA<\/p>\n","protected":false},"excerpt":{"rendered":"<p><span style=\"font-size: 10pt;\"><span style=\"font-family: georgia,palatino;\"><span style=\"font-size: x-small;\">Obra que recoge una serie de ensayos diferentes de tem\u00e1tica americana, tan diferentes como pueden ser las im\u00e1genes que de la Am\u00e9rica espa\u00f1ola tuvieron personajes tan distintos, entre otros, como Voltaire o Valera.<\/span><\/span><\/span><\/p>\n","protected":false},"featured_media":5,"comment_status":"open","ping_status":"open","template":"","meta":{"_acf_changed":false,"_et_pb_use_builder":"","_et_pb_old_content":"","_et_gb_content_width":""},"product_brand":[],"product_cat":[46],"product_tag":[],"class_list":{"0":"post-14372","1":"product","2":"type-product","3":"status-publish","4":"has-post-thumbnail","6":"product_cat-mapa-calendario","8":"first","9":"instock","10":"taxable","11":"shipping-taxable","12":"purchasable","13":"product-type-simple"},"acf":[],"yoast_head":"<!-- This site is optimized with the Yoast SEO plugin v27.4 - https:\/\/yoast.com\/product\/yoast-seo-wordpress\/ -->\n<title>LAS ILUSIONES AMERICANAS DE DON JUAN VALERA Y OTROS ESTUDIOS SOBRE ESPA\u00d1A Y AM\u00c9RICA                       - Ediciones Alfar<\/title>\n<meta name=\"robots\" content=\"index, follow, max-snippet:-1, max-image-preview:large, max-video-preview:-1\" \/>\n<link rel=\"canonical\" href=\"https:\/\/edicionesalfar.es\/es\/producto\/las-ilusiones-americanas-de-don-juan-valera-y-otros-estudios-sobre-espana-y-america\/\" \/>\n<meta property=\"og:locale\" content=\"es_ES\" \/>\n<meta property=\"og:type\" content=\"article\" \/>\n<meta property=\"og:title\" content=\"LAS ILUSIONES AMERICANAS DE DON JUAN VALERA Y OTROS ESTUDIOS SOBRE ESPA\u00d1A Y AM\u00c9RICA                       - Ediciones Alfar\" \/>\n<meta property=\"og:description\" content=\"Obra que recoge una serie de ensayos diferentes de tem\u00e1tica americana, tan diferentes como pueden ser las im\u00e1genes que de la Am\u00e9rica espa\u00f1ola tuvieron personajes tan distintos, entre otros, como Voltaire o Valera.\" \/>\n<meta property=\"og:url\" content=\"https:\/\/edicionesalfar.es\/es\/producto\/las-ilusiones-americanas-de-don-juan-valera-y-otros-estudios-sobre-espana-y-america\/\" \/>\n<meta property=\"og:site_name\" content=\"Ediciones Alfar\" \/>\n<meta property=\"og:image\" content=\"https:\/\/edicionesalfar.es\/es\/wp-content\/uploads\/woocommerce-placeholder.png\" \/>\n\t<meta property=\"og:image:width\" content=\"1200\" \/>\n\t<meta property=\"og:image:height\" content=\"1200\" \/>\n\t<meta property=\"og:image:type\" content=\"image\/png\" \/>\n<meta name=\"twitter:card\" content=\"summary_large_image\" \/>\n<script type=\"application\/ld+json\" class=\"yoast-schema-graph\">{\"@context\":\"https:\\\/\\\/schema.org\",\"@graph\":[{\"@type\":\"WebPage\",\"@id\":\"https:\\\/\\\/edicionesalfar.es\\\/es\\\/producto\\\/las-ilusiones-americanas-de-don-juan-valera-y-otros-estudios-sobre-espana-y-america\\\/\",\"url\":\"https:\\\/\\\/edicionesalfar.es\\\/es\\\/producto\\\/las-ilusiones-americanas-de-don-juan-valera-y-otros-estudios-sobre-espana-y-america\\\/\",\"name\":\"LAS ILUSIONES AMERICANAS DE DON JUAN VALERA Y OTROS ESTUDIOS SOBRE ESPA\u00d1A Y AM\u00c9RICA - Ediciones Alfar\",\"isPartOf\":{\"@id\":\"https:\\\/\\\/edicionesalfar.es\\\/es\\\/#website\"},\"primaryImageOfPage\":{\"@id\":\"https:\\\/\\\/edicionesalfar.es\\\/es\\\/producto\\\/las-ilusiones-americanas-de-don-juan-valera-y-otros-estudios-sobre-espana-y-america\\\/#primaryimage\"},\"image\":{\"@id\":\"https:\\\/\\\/edicionesalfar.es\\\/es\\\/producto\\\/las-ilusiones-americanas-de-don-juan-valera-y-otros-estudios-sobre-espana-y-america\\\/#primaryimage\"},\"thumbnailUrl\":\"https:\\\/\\\/edicionesalfar.es\\\/es\\\/wp-content\\\/uploads\\\/woocommerce-placeholder.png\",\"datePublished\":\"2019-07-11T05:54:48+00:00\",\"breadcrumb\":{\"@id\":\"https:\\\/\\\/edicionesalfar.es\\\/es\\\/producto\\\/las-ilusiones-americanas-de-don-juan-valera-y-otros-estudios-sobre-espana-y-america\\\/#breadcrumb\"},\"inLanguage\":\"es\",\"potentialAction\":[{\"@type\":\"ReadAction\",\"target\":[\"https:\\\/\\\/edicionesalfar.es\\\/es\\\/producto\\\/las-ilusiones-americanas-de-don-juan-valera-y-otros-estudios-sobre-espana-y-america\\\/\"]}]},{\"@type\":\"ImageObject\",\"inLanguage\":\"es\",\"@id\":\"https:\\\/\\\/edicionesalfar.es\\\/es\\\/producto\\\/las-ilusiones-americanas-de-don-juan-valera-y-otros-estudios-sobre-espana-y-america\\\/#primaryimage\",\"url\":\"https:\\\/\\\/edicionesalfar.es\\\/es\\\/wp-content\\\/uploads\\\/woocommerce-placeholder.png\",\"contentUrl\":\"https:\\\/\\\/edicionesalfar.es\\\/es\\\/wp-content\\\/uploads\\\/woocommerce-placeholder.png\",\"width\":1200,\"height\":1200},{\"@type\":\"BreadcrumbList\",\"@id\":\"https:\\\/\\\/edicionesalfar.es\\\/es\\\/producto\\\/las-ilusiones-americanas-de-don-juan-valera-y-otros-estudios-sobre-espana-y-america\\\/#breadcrumb\",\"itemListElement\":[{\"@type\":\"ListItem\",\"position\":1,\"name\":\"Portada\",\"item\":\"https:\\\/\\\/edicionesalfar.es\\\/es\\\/\"},{\"@type\":\"ListItem\",\"position\":2,\"name\":\"Cat\u00e1logo\",\"item\":\"https:\\\/\\\/edicionesalfar.es\\\/es\\\/catalogo\\\/\"},{\"@type\":\"ListItem\",\"position\":3,\"name\":\"LAS ILUSIONES AMERICANAS DE DON JUAN VALERA Y OTROS ESTUDIOS SOBRE ESPA\u00d1A Y AM\u00c9RICA\"}]},{\"@type\":\"WebSite\",\"@id\":\"https:\\\/\\\/edicionesalfar.es\\\/es\\\/#website\",\"url\":\"https:\\\/\\\/edicionesalfar.es\\\/es\\\/\",\"name\":\"Ediciones Alfar\",\"description\":\"\",\"potentialAction\":[{\"@type\":\"SearchAction\",\"target\":{\"@type\":\"EntryPoint\",\"urlTemplate\":\"https:\\\/\\\/edicionesalfar.es\\\/es\\\/?s={search_term_string}\"},\"query-input\":{\"@type\":\"PropertyValueSpecification\",\"valueRequired\":true,\"valueName\":\"search_term_string\"}}],\"inLanguage\":\"es\"}]}<\/script>\n<!-- \/ Yoast SEO plugin. -->","yoast_head_json":{"title":"LAS ILUSIONES AMERICANAS DE DON JUAN VALERA Y OTROS ESTUDIOS SOBRE ESPA\u00d1A Y AM\u00c9RICA                       - Ediciones Alfar","robots":{"index":"index","follow":"follow","max-snippet":"max-snippet:-1","max-image-preview":"max-image-preview:large","max-video-preview":"max-video-preview:-1"},"canonical":"https:\/\/edicionesalfar.es\/es\/producto\/las-ilusiones-americanas-de-don-juan-valera-y-otros-estudios-sobre-espana-y-america\/","og_locale":"es_ES","og_type":"article","og_title":"LAS ILUSIONES AMERICANAS DE DON JUAN VALERA Y OTROS ESTUDIOS SOBRE ESPA\u00d1A Y AM\u00c9RICA                       - Ediciones Alfar","og_description":"Obra que recoge una serie de ensayos diferentes de tem\u00e1tica americana, tan diferentes como pueden ser las im\u00e1genes que de la Am\u00e9rica espa\u00f1ola tuvieron personajes tan distintos, entre otros, como Voltaire o Valera.","og_url":"https:\/\/edicionesalfar.es\/es\/producto\/las-ilusiones-americanas-de-don-juan-valera-y-otros-estudios-sobre-espana-y-america\/","og_site_name":"Ediciones Alfar","og_image":[{"width":1200,"height":1200,"url":"https:\/\/edicionesalfar.es\/es\/wp-content\/uploads\/woocommerce-placeholder.png","type":"image\/png"}],"twitter_card":"summary_large_image","schema":{"@context":"https:\/\/schema.org","@graph":[{"@type":"WebPage","@id":"https:\/\/edicionesalfar.es\/es\/producto\/las-ilusiones-americanas-de-don-juan-valera-y-otros-estudios-sobre-espana-y-america\/","url":"https:\/\/edicionesalfar.es\/es\/producto\/las-ilusiones-americanas-de-don-juan-valera-y-otros-estudios-sobre-espana-y-america\/","name":"LAS ILUSIONES AMERICANAS DE DON JUAN VALERA Y OTROS ESTUDIOS SOBRE ESPA\u00d1A Y AM\u00c9RICA - Ediciones Alfar","isPartOf":{"@id":"https:\/\/edicionesalfar.es\/es\/#website"},"primaryImageOfPage":{"@id":"https:\/\/edicionesalfar.es\/es\/producto\/las-ilusiones-americanas-de-don-juan-valera-y-otros-estudios-sobre-espana-y-america\/#primaryimage"},"image":{"@id":"https:\/\/edicionesalfar.es\/es\/producto\/las-ilusiones-americanas-de-don-juan-valera-y-otros-estudios-sobre-espana-y-america\/#primaryimage"},"thumbnailUrl":"https:\/\/edicionesalfar.es\/es\/wp-content\/uploads\/woocommerce-placeholder.png","datePublished":"2019-07-11T05:54:48+00:00","breadcrumb":{"@id":"https:\/\/edicionesalfar.es\/es\/producto\/las-ilusiones-americanas-de-don-juan-valera-y-otros-estudios-sobre-espana-y-america\/#breadcrumb"},"inLanguage":"es","potentialAction":[{"@type":"ReadAction","target":["https:\/\/edicionesalfar.es\/es\/producto\/las-ilusiones-americanas-de-don-juan-valera-y-otros-estudios-sobre-espana-y-america\/"]}]},{"@type":"ImageObject","inLanguage":"es","@id":"https:\/\/edicionesalfar.es\/es\/producto\/las-ilusiones-americanas-de-don-juan-valera-y-otros-estudios-sobre-espana-y-america\/#primaryimage","url":"https:\/\/edicionesalfar.es\/es\/wp-content\/uploads\/woocommerce-placeholder.png","contentUrl":"https:\/\/edicionesalfar.es\/es\/wp-content\/uploads\/woocommerce-placeholder.png","width":1200,"height":1200},{"@type":"BreadcrumbList","@id":"https:\/\/edicionesalfar.es\/es\/producto\/las-ilusiones-americanas-de-don-juan-valera-y-otros-estudios-sobre-espana-y-america\/#breadcrumb","itemListElement":[{"@type":"ListItem","position":1,"name":"Portada","item":"https:\/\/edicionesalfar.es\/es\/"},{"@type":"ListItem","position":2,"name":"Cat\u00e1logo","item":"https:\/\/edicionesalfar.es\/es\/catalogo\/"},{"@type":"ListItem","position":3,"name":"LAS ILUSIONES AMERICANAS DE DON JUAN VALERA Y OTROS ESTUDIOS SOBRE ESPA\u00d1A Y AM\u00c9RICA"}]},{"@type":"WebSite","@id":"https:\/\/edicionesalfar.es\/es\/#website","url":"https:\/\/edicionesalfar.es\/es\/","name":"Ediciones Alfar","description":"","potentialAction":[{"@type":"SearchAction","target":{"@type":"EntryPoint","urlTemplate":"https:\/\/edicionesalfar.es\/es\/?s={search_term_string}"},"query-input":{"@type":"PropertyValueSpecification","valueRequired":true,"valueName":"search_term_string"}}],"inLanguage":"es"}]}},"_links":{"self":[{"href":"https:\/\/edicionesalfar.es\/es\/wp-json\/wp\/v2\/product\/14372","targetHints":{"allow":["GET"]}}],"collection":[{"href":"https:\/\/edicionesalfar.es\/es\/wp-json\/wp\/v2\/product"}],"about":[{"href":"https:\/\/edicionesalfar.es\/es\/wp-json\/wp\/v2\/types\/product"}],"replies":[{"embeddable":true,"href":"https:\/\/edicionesalfar.es\/es\/wp-json\/wp\/v2\/comments?post=14372"}],"wp:featuredmedia":[{"embeddable":true,"href":"https:\/\/edicionesalfar.es\/es\/wp-json\/wp\/v2\/media\/5"}],"wp:attachment":[{"href":"https:\/\/edicionesalfar.es\/es\/wp-json\/wp\/v2\/media?parent=14372"}],"wp:term":[{"taxonomy":"product_brand","embeddable":true,"href":"https:\/\/edicionesalfar.es\/es\/wp-json\/wp\/v2\/product_brand?post=14372"},{"taxonomy":"product_cat","embeddable":true,"href":"https:\/\/edicionesalfar.es\/es\/wp-json\/wp\/v2\/product_cat?post=14372"},{"taxonomy":"product_tag","embeddable":true,"href":"https:\/\/edicionesalfar.es\/es\/wp-json\/wp\/v2\/product_tag?post=14372"}],"curies":[{"name":"wp","href":"https:\/\/api.w.org\/{rel}","templated":true}]}}

LAS ILUSIONES AMERICANAS DE DON JUAN VALERA Y OTROS ESTUDIOS SOBRE ESPAÑA Y AMÉRICA

<p>LAS ILUSIONES AMERICANAS DE DON JUAN VALERA Y OTROS ESTUDIOS SOBRE ESPAÑA Y AMÉRICA</p>

<p><span style="font-size: 10pt;"><span style="font-family: georgia,palatino;"><span style="font-size: x-small;">Obra que recoge una serie de ensayos diferentes de temática americana, tan diferentes como pueden ser las imágenes que de la América española tuvieron personajes tan distintos, entre otros, como Voltaire o Valera.</span></span></span></p>

<!-- This site is optimized with the Yoast SEO plugin v27.4 - https://yoast.com/product/yoast-seo-wordpress/ -->
<title>LAS ILUSIONES AMERICANAS DE DON JUAN VALERA Y OTROS ESTUDIOS SOBRE ESPAÑA Y AMÉRICA                       - Ediciones Alfar</title>
<meta name="robots" content="index, follow, max-snippet:-1, max-image-preview:large, max-video-preview:-1" />
<link rel="canonical" href="https://edicionesalfar.es/es/producto/las-ilusiones-americanas-de-don-juan-valera-y-otros-estudios-sobre-espana-y-america/" />
<meta property="og:locale" content="es_ES" />
<meta property="og:type" content="article" />
<meta property="og:title" content="LAS ILUSIONES AMERICANAS DE DON JUAN VALERA Y OTROS ESTUDIOS SOBRE ESPAÑA Y AMÉRICA                       - Ediciones Alfar" />
<meta property="og:description" content="Obra que recoge una serie de ensayos diferentes de temática americana, tan diferentes como pueden ser las imágenes que de la América española tuvieron personajes tan distintos, entre otros, como Voltaire o Valera." />
<meta property="og:url" content="https://edicionesalfar.es/es/producto/las-ilusiones-americanas-de-don-juan-valera-y-otros-estudios-sobre-espana-y-america/" />
<meta property="og:site_name" content="Ediciones Alfar" />
<meta property="og:image" content="https://edicionesalfar.es/es/wp-content/uploads/woocommerce-placeholder.png" />
	<meta property="og:image:width" content="1200" />
	<meta property="og:image:height" content="1200" />
	<meta property="og:image:type" content="image/png" />
<meta name="twitter:card" content="summary_large_image" />
<script type="application/ld+json" class="yoast-schema-graph">{"@context":"https:\/\/schema.org","@graph":[{"@type":"WebPage","@id":"https:\/\/edicionesalfar.es\/es\/producto\/las-ilusiones-americanas-de-don-juan-valera-y-otros-estudios-sobre-espana-y-america\/","url":"https:\/\/edicionesalfar.es\/es\/producto\/las-ilusiones-americanas-de-don-juan-valera-y-otros-estudios-sobre-espana-y-america\/","name":"LAS ILUSIONES AMERICANAS DE DON JUAN VALERA Y OTROS ESTUDIOS SOBRE ESPAÑA Y AMÉRICA - Ediciones Alfar","isPartOf":{"@id":"https:\/\/edicionesalfar.es\/es\/#website"},"primaryImageOfPage":{"@id":"https:\/\/edicionesalfar.es\/es\/producto\/las-ilusiones-americanas-de-don-juan-valera-y-otros-estudios-sobre-espana-y-america\/#primaryimage"},"image":{"@id":"https:\/\/edicionesalfar.es\/es\/producto\/las-ilusiones-americanas-de-don-juan-valera-y-otros-estudios-sobre-espana-y-america\/#primaryimage"},"thumbnailUrl":"https:\/\/edicionesalfar.es\/es\/wp-content\/uploads\/woocommerce-placeholder.png","datePublished":"2019-07-11T05:54:48+00:00","breadcrumb":{"@id":"https:\/\/edicionesalfar.es\/es\/producto\/las-ilusiones-americanas-de-don-juan-valera-y-otros-estudios-sobre-espana-y-america\/#breadcrumb"},"inLanguage":"es","potentialAction":[{"@type":"ReadAction","target":["https:\/\/edicionesalfar.es\/es\/producto\/las-ilusiones-americanas-de-don-juan-valera-y-otros-estudios-sobre-espana-y-america\/"]}]},{"@type":"ImageObject","inLanguage":"es","@id":"https:\/\/edicionesalfar.es\/es\/producto\/las-ilusiones-americanas-de-don-juan-valera-y-otros-estudios-sobre-espana-y-america\/#primaryimage","url":"https:\/\/edicionesalfar.es\/es\/wp-content\/uploads\/woocommerce-placeholder.png","contentUrl":"https:\/\/edicionesalfar.es\/es\/wp-content\/uploads\/woocommerce-placeholder.png","width":1200,"height":1200},{"@type":"BreadcrumbList","@id":"https:\/\/edicionesalfar.es\/es\/producto\/las-ilusiones-americanas-de-don-juan-valera-y-otros-estudios-sobre-espana-y-america\/#breadcrumb","itemListElement":[{"@type":"ListItem","position":1,"name":"Portada","item":"https:\/\/edicionesalfar.es\/es\/"},{"@type":"ListItem","position":2,"name":"Catálogo","item":"https:\/\/edicionesalfar.es\/es\/catalogo\/"},{"@type":"ListItem","position":3,"name":"LAS ILUSIONES AMERICANAS DE DON JUAN VALERA Y OTROS ESTUDIOS SOBRE ESPAÑA Y AMÉRICA"}]},{"@type":"WebSite","@id":"https:\/\/edicionesalfar.es\/es\/#website","url":"https:\/\/edicionesalfar.es\/es\/","name":"Ediciones Alfar","description":"","potentialAction":[{"@type":"SearchAction","target":{"@type":"EntryPoint","urlTemplate":"https:\/\/edicionesalfar.es\/es\/?s={search_term_string}"},"query-input":{"@type":"PropertyValueSpecification","valueRequired":true,"valueName":"search_term_string"}}],"inLanguage":"es"}]}</script>
<!-- / Yoast SEO plugin. -->

LAS ILUSIONES AMERICANAS DE DON JUAN VALERA Y OTROS ESTUDIOS SOBRE ESPAÑA Y AMÉRICA                       - Ediciones Alfar

Obra que recoge una serie de ensayos diferentes de temática americana, tan diferentes como pueden ser las imágenes que de la América española tuvieron personajes tan distintos, entre otros, como Voltaire o Valera.

LAS ILUSIONES AMERICANAS DE DON JUAN VALERA Y OTROS ESTUDIOS SOBRE ESPAÑA Y AMÉRICA - Ediciones Alfar

Catálogo
