{"id":14326,"date":"2019-07-11T05:54:25","date_gmt":"2019-07-11T05:54:25","guid":{"rendered":"http:\/\/www.edicionesalfar.es\/web-wordpress\/?post_type=product&#040;p="},"modified":"2025-01-08T09:23:04","modified_gmt":"2025-01-08T08:23:04","slug":"discurso-revista-internacional-de-semiotica-y-teoria-literaria-1-1987-semiotica-del-teatro","status":"publish","type":"product","link":"https:\/\/edicionesalfar.es\/es\/producto\/discurso-revista-internacional-de-semiotica-y-teoria-literaria-1-1987-semiotica-del-teatro\/","title":{"rendered":"DISCURSO REVISTA INTERNACIONAL DE SEMI\u00d3TICA Y TEOR\u00cdA LITERARIA. 1 (1987). SEMI\u00d3TICA DEL TEATRO"},"content":{"rendered":"<p>DISCURSO REVISTA INTERNACIONAL DE SEMI\u00d3TICA Y TEOR\u00cdA LITERARIA. 1 (1987). SEMI\u00d3TICA DEL TEATRO<\/p>\n","protected":false},"excerpt":{"rendered":"<p><span style=\"font-size: 10pt;\"><span style=\"font-family: georgia,palatino;\">G. Bettetini: \u00abDrama y puesta en escena\u00bb; P. Pavis: \u00abLa recepci\u00f3n del texto dram\u00e1tico y espectacular; los procesos de ficcionalizaci\u00f3n y de ideologizaci\u00f3n\u00bb; J. Urrutia: \u00abEl an\u00e1lisis gr\u00e1fico de la obra dram\u00e1tica\u00bb; P. Bellido: \u00abSemi\u00f3tica del teatro: bibliograf\u00eda en castellano\u00bb; R. Od\u00edn: \u00abSemiolog\u00eda y an\u00e1lisis de filmes\u00bb; M.A. V\u00e1zquez Medel: \u00abLa semiosis est\u00e9tica de los textos literarios\u00bb.<\/span><\/span><\/p>\n","protected":false},"featured_media":14327,"comment_status":"open","ping_status":"closed","template":"","meta":{"_acf_changed":false,"_et_pb_use_builder":"","_et_pb_old_content":"","_et_gb_content_width":""},"product_brand":[],"product_cat":[40],"product_tag":[],"class_list":{"0":"post-14326","1":"product","2":"type-product","3":"status-publish","4":"has-post-thumbnail","6":"product_cat-discurso","8":"first","9":"instock","10":"taxable","11":"shipping-taxable","12":"purchasable","13":"product-type-simple"},"acf":[],"yoast_head":"<!-- This site is optimized with the Yoast SEO plugin v27.4 - https:\/\/yoast.com\/product\/yoast-seo-wordpress\/ -->\n<title>DISCURSO REVISTA INTERNACIONAL DE SEMI\u00d3TICA Y TEOR\u00cdA LITERARIA. 1 (1987). SEMI\u00d3TICA DEL TEATRO - Ediciones Alfar<\/title>\n<meta name=\"robots\" content=\"index, follow, max-snippet:-1, max-image-preview:large, max-video-preview:-1\" \/>\n<link rel=\"canonical\" href=\"https:\/\/edicionesalfar.es\/es\/producto\/discurso-revista-internacional-de-semiotica-y-teoria-literaria-1-1987-semiotica-del-teatro\/\" \/>\n<meta property=\"og:locale\" content=\"es_ES\" \/>\n<meta property=\"og:type\" content=\"article\" \/>\n<meta property=\"og:title\" content=\"DISCURSO REVISTA INTERNACIONAL DE SEMI\u00d3TICA Y TEOR\u00cdA LITERARIA. 1 (1987). SEMI\u00d3TICA DEL TEATRO - Ediciones Alfar\" \/>\n<meta property=\"og:description\" content=\"G. Bettetini: &quot;Drama y puesta en escena&quot;; P. Pavis: &quot;La recepci\u00f3n del texto dram\u00e1tico y espectacular; los procesos de ficcionalizaci\u00f3n y de ideologizaci\u00f3n&quot;; J. Urrutia: &quot;El an\u00e1lisis gr\u00e1fico de la obra dram\u00e1tica&quot;; P. Bellido: &quot;Semi\u00f3tica del teatro: bibliograf\u00eda en castellano&quot;; R. Od\u00edn: &quot;Semiolog\u00eda y an\u00e1lisis de filmes&quot;; M.A. V\u00e1zquez Medel: &quot;La semiosis est\u00e9tica de los textos literarios&quot;.\" \/>\n<meta property=\"og:url\" content=\"https:\/\/edicionesalfar.es\/es\/producto\/discurso-revista-internacional-de-semiotica-y-teoria-literaria-1-1987-semiotica-del-teatro\/\" \/>\n<meta property=\"og:site_name\" content=\"Ediciones Alfar\" \/>\n<meta property=\"article:modified_time\" content=\"2025-01-08T08:23:04+00:00\" \/>\n<meta property=\"og:image\" content=\"https:\/\/edicionesalfar.es\/es\/wp-content\/uploads\/2019\/05\/discurso%201.jpg\" \/>\n\t<meta property=\"og:image:width\" content=\"1\" \/>\n\t<meta property=\"og:image:height\" content=\"1\" \/>\n\t<meta property=\"og:image:type\" content=\"image\/jpeg\" \/>\n<meta name=\"twitter:card\" content=\"summary_large_image\" \/>\n<meta name=\"twitter:label1\" content=\"Tiempo de lectura\" \/>\n\t<meta name=\"twitter:data1\" content=\"1 minuto\" \/>\n<script type=\"application\/ld+json\" class=\"yoast-schema-graph\">{\"@context\":\"https:\\\/\\\/schema.org\",\"@graph\":[{\"@type\":\"WebPage\",\"@id\":\"https:\\\/\\\/edicionesalfar.es\\\/es\\\/producto\\\/discurso-revista-internacional-de-semiotica-y-teoria-literaria-1-1987-semiotica-del-teatro\\\/\",\"url\":\"https:\\\/\\\/edicionesalfar.es\\\/es\\\/producto\\\/discurso-revista-internacional-de-semiotica-y-teoria-literaria-1-1987-semiotica-del-teatro\\\/\",\"name\":\"DISCURSO REVISTA INTERNACIONAL DE SEMI\u00d3TICA Y TEOR\u00cdA LITERARIA. 1 (1987). SEMI\u00d3TICA DEL TEATRO - Ediciones Alfar\",\"isPartOf\":{\"@id\":\"https:\\\/\\\/edicionesalfar.es\\\/es\\\/#website\"},\"primaryImageOfPage\":{\"@id\":\"https:\\\/\\\/edicionesalfar.es\\\/es\\\/producto\\\/discurso-revista-internacional-de-semiotica-y-teoria-literaria-1-1987-semiotica-del-teatro\\\/#primaryimage\"},\"image\":{\"@id\":\"https:\\\/\\\/edicionesalfar.es\\\/es\\\/producto\\\/discurso-revista-internacional-de-semiotica-y-teoria-literaria-1-1987-semiotica-del-teatro\\\/#primaryimage\"},\"thumbnailUrl\":\"https:\\\/\\\/edicionesalfar.es\\\/es\\\/wp-content\\\/uploads\\\/2019\\\/05\\\/discurso%201.jpg\",\"datePublished\":\"2019-07-11T05:54:25+00:00\",\"dateModified\":\"2025-01-08T08:23:04+00:00\",\"breadcrumb\":{\"@id\":\"https:\\\/\\\/edicionesalfar.es\\\/es\\\/producto\\\/discurso-revista-internacional-de-semiotica-y-teoria-literaria-1-1987-semiotica-del-teatro\\\/#breadcrumb\"},\"inLanguage\":\"es\",\"potentialAction\":[{\"@type\":\"ReadAction\",\"target\":[\"https:\\\/\\\/edicionesalfar.es\\\/es\\\/producto\\\/discurso-revista-internacional-de-semiotica-y-teoria-literaria-1-1987-semiotica-del-teatro\\\/\"]}]},{\"@type\":\"ImageObject\",\"inLanguage\":\"es\",\"@id\":\"https:\\\/\\\/edicionesalfar.es\\\/es\\\/producto\\\/discurso-revista-internacional-de-semiotica-y-teoria-literaria-1-1987-semiotica-del-teatro\\\/#primaryimage\",\"url\":\"https:\\\/\\\/edicionesalfar.es\\\/es\\\/wp-content\\\/uploads\\\/2019\\\/05\\\/discurso%201.jpg\",\"contentUrl\":\"https:\\\/\\\/edicionesalfar.es\\\/es\\\/wp-content\\\/uploads\\\/2019\\\/05\\\/discurso%201.jpg\"},{\"@type\":\"BreadcrumbList\",\"@id\":\"https:\\\/\\\/edicionesalfar.es\\\/es\\\/producto\\\/discurso-revista-internacional-de-semiotica-y-teoria-literaria-1-1987-semiotica-del-teatro\\\/#breadcrumb\",\"itemListElement\":[{\"@type\":\"ListItem\",\"position\":1,\"name\":\"Portada\",\"item\":\"https:\\\/\\\/edicionesalfar.es\\\/es\\\/\"},{\"@type\":\"ListItem\",\"position\":2,\"name\":\"Cat\u00e1logo\",\"item\":\"https:\\\/\\\/edicionesalfar.es\\\/es\\\/catalogo\\\/\"},{\"@type\":\"ListItem\",\"position\":3,\"name\":\"DISCURSO REVISTA INTERNACIONAL DE SEMI\u00d3TICA Y TEOR\u00cdA LITERARIA. 1 (1987). SEMI\u00d3TICA DEL TEATRO\"}]},{\"@type\":\"WebSite\",\"@id\":\"https:\\\/\\\/edicionesalfar.es\\\/es\\\/#website\",\"url\":\"https:\\\/\\\/edicionesalfar.es\\\/es\\\/\",\"name\":\"Ediciones Alfar\",\"description\":\"\",\"potentialAction\":[{\"@type\":\"SearchAction\",\"target\":{\"@type\":\"EntryPoint\",\"urlTemplate\":\"https:\\\/\\\/edicionesalfar.es\\\/es\\\/?s={search_term_string}\"},\"query-input\":{\"@type\":\"PropertyValueSpecification\",\"valueRequired\":true,\"valueName\":\"search_term_string\"}}],\"inLanguage\":\"es\"}]}<\/script>\n<!-- \/ Yoast SEO plugin. -->","yoast_head_json":{"title":"DISCURSO REVISTA INTERNACIONAL DE SEMI\u00d3TICA Y TEOR\u00cdA LITERARIA. 1 (1987). SEMI\u00d3TICA DEL TEATRO - Ediciones Alfar","robots":{"index":"index","follow":"follow","max-snippet":"max-snippet:-1","max-image-preview":"max-image-preview:large","max-video-preview":"max-video-preview:-1"},"canonical":"https:\/\/edicionesalfar.es\/es\/producto\/discurso-revista-internacional-de-semiotica-y-teoria-literaria-1-1987-semiotica-del-teatro\/","og_locale":"es_ES","og_type":"article","og_title":"DISCURSO REVISTA INTERNACIONAL DE SEMI\u00d3TICA Y TEOR\u00cdA LITERARIA. 1 (1987). SEMI\u00d3TICA DEL TEATRO - Ediciones Alfar","og_description":"G. Bettetini: \"Drama y puesta en escena\"; P. Pavis: \"La recepci\u00f3n del texto dram\u00e1tico y espectacular; los procesos de ficcionalizaci\u00f3n y de ideologizaci\u00f3n\"; J. Urrutia: \"El an\u00e1lisis gr\u00e1fico de la obra dram\u00e1tica\"; P. Bellido: \"Semi\u00f3tica del teatro: bibliograf\u00eda en castellano\"; R. Od\u00edn: \"Semiolog\u00eda y an\u00e1lisis de filmes\"; M.A. V\u00e1zquez Medel: \"La semiosis est\u00e9tica de los textos literarios\".","og_url":"https:\/\/edicionesalfar.es\/es\/producto\/discurso-revista-internacional-de-semiotica-y-teoria-literaria-1-1987-semiotica-del-teatro\/","og_site_name":"Ediciones Alfar","article_modified_time":"2025-01-08T08:23:04+00:00","og_image":[{"url":"https:\/\/edicionesalfar.es\/es\/wp-content\/uploads\/2019\/05\/discurso%201.jpg","width":1,"height":1,"type":"image\/jpeg"}],"twitter_card":"summary_large_image","twitter_misc":{"Tiempo de lectura":"1 minuto"},"schema":{"@context":"https:\/\/schema.org","@graph":[{"@type":"WebPage","@id":"https:\/\/edicionesalfar.es\/es\/producto\/discurso-revista-internacional-de-semiotica-y-teoria-literaria-1-1987-semiotica-del-teatro\/","url":"https:\/\/edicionesalfar.es\/es\/producto\/discurso-revista-internacional-de-semiotica-y-teoria-literaria-1-1987-semiotica-del-teatro\/","name":"DISCURSO REVISTA INTERNACIONAL DE SEMI\u00d3TICA Y TEOR\u00cdA LITERARIA. 1 (1987). SEMI\u00d3TICA DEL TEATRO - Ediciones Alfar","isPartOf":{"@id":"https:\/\/edicionesalfar.es\/es\/#website"},"primaryImageOfPage":{"@id":"https:\/\/edicionesalfar.es\/es\/producto\/discurso-revista-internacional-de-semiotica-y-teoria-literaria-1-1987-semiotica-del-teatro\/#primaryimage"},"image":{"@id":"https:\/\/edicionesalfar.es\/es\/producto\/discurso-revista-internacional-de-semiotica-y-teoria-literaria-1-1987-semiotica-del-teatro\/#primaryimage"},"thumbnailUrl":"https:\/\/edicionesalfar.es\/es\/wp-content\/uploads\/2019\/05\/discurso%201.jpg","datePublished":"2019-07-11T05:54:25+00:00","dateModified":"2025-01-08T08:23:04+00:00","breadcrumb":{"@id":"https:\/\/edicionesalfar.es\/es\/producto\/discurso-revista-internacional-de-semiotica-y-teoria-literaria-1-1987-semiotica-del-teatro\/#breadcrumb"},"inLanguage":"es","potentialAction":[{"@type":"ReadAction","target":["https:\/\/edicionesalfar.es\/es\/producto\/discurso-revista-internacional-de-semiotica-y-teoria-literaria-1-1987-semiotica-del-teatro\/"]}]},{"@type":"ImageObject","inLanguage":"es","@id":"https:\/\/edicionesalfar.es\/es\/producto\/discurso-revista-internacional-de-semiotica-y-teoria-literaria-1-1987-semiotica-del-teatro\/#primaryimage","url":"https:\/\/edicionesalfar.es\/es\/wp-content\/uploads\/2019\/05\/discurso%201.jpg","contentUrl":"https:\/\/edicionesalfar.es\/es\/wp-content\/uploads\/2019\/05\/discurso%201.jpg"},{"@type":"BreadcrumbList","@id":"https:\/\/edicionesalfar.es\/es\/producto\/discurso-revista-internacional-de-semiotica-y-teoria-literaria-1-1987-semiotica-del-teatro\/#breadcrumb","itemListElement":[{"@type":"ListItem","position":1,"name":"Portada","item":"https:\/\/edicionesalfar.es\/es\/"},{"@type":"ListItem","position":2,"name":"Cat\u00e1logo","item":"https:\/\/edicionesalfar.es\/es\/catalogo\/"},{"@type":"ListItem","position":3,"name":"DISCURSO REVISTA INTERNACIONAL DE SEMI\u00d3TICA Y TEOR\u00cdA LITERARIA. 1 (1987). SEMI\u00d3TICA DEL TEATRO"}]},{"@type":"WebSite","@id":"https:\/\/edicionesalfar.es\/es\/#website","url":"https:\/\/edicionesalfar.es\/es\/","name":"Ediciones Alfar","description":"","potentialAction":[{"@type":"SearchAction","target":{"@type":"EntryPoint","urlTemplate":"https:\/\/edicionesalfar.es\/es\/?s={search_term_string}"},"query-input":{"@type":"PropertyValueSpecification","valueRequired":true,"valueName":"search_term_string"}}],"inLanguage":"es"}]}},"_links":{"self":[{"href":"https:\/\/edicionesalfar.es\/es\/wp-json\/wp\/v2\/product\/14326","targetHints":{"allow":["GET"]}}],"collection":[{"href":"https:\/\/edicionesalfar.es\/es\/wp-json\/wp\/v2\/product"}],"about":[{"href":"https:\/\/edicionesalfar.es\/es\/wp-json\/wp\/v2\/types\/product"}],"replies":[{"embeddable":true,"href":"https:\/\/edicionesalfar.es\/es\/wp-json\/wp\/v2\/comments?post=14326"}],"wp:featuredmedia":[{"embeddable":true,"href":"https:\/\/edicionesalfar.es\/es\/wp-json\/wp\/v2\/media\/14327"}],"wp:attachment":[{"href":"https:\/\/edicionesalfar.es\/es\/wp-json\/wp\/v2\/media?parent=14326"}],"wp:term":[{"taxonomy":"product_brand","embeddable":true,"href":"https:\/\/edicionesalfar.es\/es\/wp-json\/wp\/v2\/product_brand?post=14326"},{"taxonomy":"product_cat","embeddable":true,"href":"https:\/\/edicionesalfar.es\/es\/wp-json\/wp\/v2\/product_cat?post=14326"},{"taxonomy":"product_tag","embeddable":true,"href":"https:\/\/edicionesalfar.es\/es\/wp-json\/wp\/v2\/product_tag?post=14326"}],"curies":[{"name":"wp","href":"https:\/\/api.w.org\/{rel}","templated":true}]}}

DISCURSO REVISTA INTERNACIONAL DE SEMIÓTICA Y TEORÍA LITERARIA. 1 (1987). SEMIÓTICA DEL TEATRO

<p>DISCURSO REVISTA INTERNACIONAL DE SEMIÓTICA Y TEORÍA LITERARIA. 1 (1987). SEMIÓTICA DEL TEATRO</p>

<p><span style="font-size: 10pt;"><span style="font-family: georgia,palatino;">G. Bettetini: «Drama y puesta en escena»; P. Pavis: «La recepción del texto dramático y espectacular; los procesos de ficcionalización y de ideologización»; J. Urrutia: «El análisis gráfico de la obra dramática»; P. Bellido: «Semiótica del teatro: bibliografía en castellano»; R. Odín: «Semiología y análisis de filmes»; M.A. Vázquez Medel: «La semiosis estética de los textos literarios».</span></span></p>

<!-- This site is optimized with the Yoast SEO plugin v27.4 - https://yoast.com/product/yoast-seo-wordpress/ -->
<title>DISCURSO REVISTA INTERNACIONAL DE SEMIÓTICA Y TEORÍA LITERARIA. 1 (1987). SEMIÓTICA DEL TEATRO - Ediciones Alfar</title>
<meta name="robots" content="index, follow, max-snippet:-1, max-image-preview:large, max-video-preview:-1" />
<link rel="canonical" href="https://edicionesalfar.es/es/producto/discurso-revista-internacional-de-semiotica-y-teoria-literaria-1-1987-semiotica-del-teatro/" />
<meta property="og:locale" content="es_ES" />
<meta property="og:type" content="article" />
<meta property="og:title" content="DISCURSO REVISTA INTERNACIONAL DE SEMIÓTICA Y TEORÍA LITERARIA. 1 (1987). SEMIÓTICA DEL TEATRO - Ediciones Alfar" />
<meta property="og:description" content="G. Bettetini: &quot;Drama y puesta en escena&quot;; P. Pavis: &quot;La recepción del texto dramático y espectacular; los procesos de ficcionalización y de ideologización&quot;; J. Urrutia: &quot;El análisis gráfico de la obra dramática&quot;; P. Bellido: &quot;Semiótica del teatro: bibliografía en castellano&quot;; R. Odín: &quot;Semiología y análisis de filmes&quot;; M.A. Vázquez Medel: &quot;La semiosis estética de los textos literarios&quot;." />
<meta property="og:url" content="https://edicionesalfar.es/es/producto/discurso-revista-internacional-de-semiotica-y-teoria-literaria-1-1987-semiotica-del-teatro/" />
<meta property="og:site_name" content="Ediciones Alfar" />
<meta property="article:modified_time" content="2025-01-08T08:23:04+00:00" />
<meta property="og:image" content="https://edicionesalfar.es/es/wp-content/uploads/2019/05/discurso%201.jpg" />
	<meta property="og:image:width" content="1" />
	<meta property="og:image:height" content="1" />
	<meta property="og:image:type" content="image/jpeg" />
<meta name="twitter:card" content="summary_large_image" />
<meta name="twitter:label1" content="Tiempo de lectura" />
	<meta name="twitter:data1" content="1 minuto" />
<script type="application/ld+json" class="yoast-schema-graph">{"@context":"https:\/\/schema.org","@graph":[{"@type":"WebPage","@id":"https:\/\/edicionesalfar.es\/es\/producto\/discurso-revista-internacional-de-semiotica-y-teoria-literaria-1-1987-semiotica-del-teatro\/","url":"https:\/\/edicionesalfar.es\/es\/producto\/discurso-revista-internacional-de-semiotica-y-teoria-literaria-1-1987-semiotica-del-teatro\/","name":"DISCURSO REVISTA INTERNACIONAL DE SEMIÓTICA Y TEORÍA LITERARIA. 1 (1987). SEMIÓTICA DEL TEATRO - Ediciones Alfar","isPartOf":{"@id":"https:\/\/edicionesalfar.es\/es\/#website"},"primaryImageOfPage":{"@id":"https:\/\/edicionesalfar.es\/es\/producto\/discurso-revista-internacional-de-semiotica-y-teoria-literaria-1-1987-semiotica-del-teatro\/#primaryimage"},"image":{"@id":"https:\/\/edicionesalfar.es\/es\/producto\/discurso-revista-internacional-de-semiotica-y-teoria-literaria-1-1987-semiotica-del-teatro\/#primaryimage"},"thumbnailUrl":"https:\/\/edicionesalfar.es\/es\/wp-content\/uploads\/2019\/05\/discurso%201.jpg","datePublished":"2019-07-11T05:54:25+00:00","dateModified":"2025-01-08T08:23:04+00:00","breadcrumb":{"@id":"https:\/\/edicionesalfar.es\/es\/producto\/discurso-revista-internacional-de-semiotica-y-teoria-literaria-1-1987-semiotica-del-teatro\/#breadcrumb"},"inLanguage":"es","potentialAction":[{"@type":"ReadAction","target":["https:\/\/edicionesalfar.es\/es\/producto\/discurso-revista-internacional-de-semiotica-y-teoria-literaria-1-1987-semiotica-del-teatro\/"]}]},{"@type":"ImageObject","inLanguage":"es","@id":"https:\/\/edicionesalfar.es\/es\/producto\/discurso-revista-internacional-de-semiotica-y-teoria-literaria-1-1987-semiotica-del-teatro\/#primaryimage","url":"https:\/\/edicionesalfar.es\/es\/wp-content\/uploads\/2019\/05\/discurso%201.jpg","contentUrl":"https:\/\/edicionesalfar.es\/es\/wp-content\/uploads\/2019\/05\/discurso%201.jpg"},{"@type":"BreadcrumbList","@id":"https:\/\/edicionesalfar.es\/es\/producto\/discurso-revista-internacional-de-semiotica-y-teoria-literaria-1-1987-semiotica-del-teatro\/#breadcrumb","itemListElement":[{"@type":"ListItem","position":1,"name":"Portada","item":"https:\/\/edicionesalfar.es\/es\/"},{"@type":"ListItem","position":2,"name":"Catálogo","item":"https:\/\/edicionesalfar.es\/es\/catalogo\/"},{"@type":"ListItem","position":3,"name":"DISCURSO REVISTA INTERNACIONAL DE SEMIÓTICA Y TEORÍA LITERARIA. 1 (1987). SEMIÓTICA DEL TEATRO"}]},{"@type":"WebSite","@id":"https:\/\/edicionesalfar.es\/es\/#website","url":"https:\/\/edicionesalfar.es\/es\/","name":"Ediciones Alfar","description":"","potentialAction":[{"@type":"SearchAction","target":{"@type":"EntryPoint","urlTemplate":"https:\/\/edicionesalfar.es\/es\/?s={search_term_string}"},"query-input":{"@type":"PropertyValueSpecification","valueRequired":true,"valueName":"search_term_string"}}],"inLanguage":"es"}]}</script>
<!-- / Yoast SEO plugin. -->

DISCURSO REVISTA INTERNACIONAL DE SEMIÓTICA Y TEORÍA LITERARIA. 1 (1987). SEMIÓTICA DEL TEATRO - Ediciones Alfar

G. Bettetini: "Drama y puesta en escena"; P. Pavis: "La recepción del texto dramático y espectacular; los procesos de ficcionalización y de ideologización"; J. Urrutia: "El análisis gráfico de la obra dramática"; P. Bellido: "Semiótica del teatro: bibliografía en castellano"; R. Odín: "Semiología y análisis de filmes"; M.A. Vázquez Medel: "La semiosis estética de los textos literarios".

Catálogo
