{"id":14314,"date":"2019-07-11T05:54:19","date_gmt":"2019-07-11T05:54:19","guid":{"rendered":"http:\/\/www.edicionesalfar.es\/web-wordpress\/?post_type=product\\&#040;p="},"modified":"-0001-11-30T00:00:00","modified_gmt":"-0001-11-29T22:00:00","slug":"discurso-revista-internacional-de-semiotica-y-teoria-literaria-6-1991","status":"publish","type":"product","link":"https:\/\/edicionesalfar.es\/es\/producto\/discurso-revista-internacional-de-semiotica-y-teoria-literaria-6-1991\/","title":{"rendered":"DISCURSO REVISTA INTERNACIONAL DE SEMI\u00d3TICA Y TEOR\u00cdA LITERARIA. 6 (1991)"},"content":{"rendered":"<p>DISCURSO REVISTA INTERNACIONAL DE SEMI\u00d3TICA Y TEOR\u00cdA LITERARIA. 6 (1991)<\/p>\n","protected":false},"excerpt":{"rendered":"<div><span style=\"font-size: x-small;\"><span style=\"font: normal normal normal medium\/normal 'Times New Roman'; font-family: 'Book Antiqua', 'Times New Roman', Times;\"><span style=\"font-size: x-small;\"><span style=\"font-size: 12pt;\">F. de Toro: \u00abHacia una semi\u00f3tica  transdiscipli<\/span><\/span><span style=\"font-size: 10pt;\"><span style=\"font-size: 12pt;\"><span style=\"font-size: 12pt;\"><a href=\"outbind:\/\/0.0.0.45\/discurso%206.jpg\"><\/a><\/span><\/span><\/span><span style=\"font-size: x-small;\"><span style=\"font-size: 10pt;\"><span style=\"font-size: 12pt;\"><span style=\"font-size: 12pt;\">naria\u00bb; A<\/span><\/span><span style=\"font-size: 12pt;\"><span style=\"font-size: 12pt;\">. Ruffinatto: \u00abCaminos semio-simb\u00f3licos en el Lazarillo  (Toros y diablos)\u00bb; J. Bargall\u00f3: \u00ab<\/span><\/span><\/span><em><span style=\"font-size: 10pt;\"><span style=\"font-size: 12pt;\"><span style=\"font-size: 12pt;\">Elle<\/span><\/span><\/span><\/em><span style=\"font-size: 10pt;\"><span style=\"font-size: 12pt;\"><span style=\"font-size: 12pt;\">, anverso y reverso, identidad y  alteridad\u00bb; M. Lacalle: \u00abEl lector del autor\u00bb; S. Wahn\u00f3n: \u00abLecci\u00f3n permanente de  Roland Barthes\u00bb; F. Cantalapiedra: \u00abHacia una semi\u00f3tica sem\u00e1ntica de los <\/span><\/span><\/span><em><span style=\"font-size: 10pt;\"><span style=\"font-size: 12pt;\"><span style=\"font-size: 12pt;\">papeles<\/span><\/span><\/span><\/em><span style=\"font-size: 10pt;\"><span style=\"font-size: 12pt;\"><span style=\"font-size: 12pt;\"> del teatro del Siglo de Oro\u00bb; S. Scabuzzo:  \u00abEl mito de Edipo en <\/span><\/span><\/span><em><span style=\"font-size: 10pt;\"><span style=\"font-size: 12pt;\"><span style=\"font-size: 12pt;\">Edipo  Rey<\/span><\/span><\/span><\/em><span style=\"font-size: 10pt;\"><span style=\"font-size: 12pt;\"><span style=\"font-size: 12pt;\"> de S\u00f3focles\u00bb; J. Romera:  \u00abSemi\u00f3tica Literaria y teatral en Espa\u00f1a: Addenda bibliogr\u00e1fica  III\u00bb<\/span><\/span><\/span><\/span><\/span><\/span><\/div>\n<p><\/p>\n","protected":false},"featured_media":14315,"comment_status":"open","ping_status":"open","template":"","meta":{"_acf_changed":false,"_et_pb_use_builder":"","_et_pb_old_content":"","_et_gb_content_width":""},"product_brand":[],"product_cat":[40],"product_tag":[],"class_list":{"0":"post-14314","1":"product","2":"type-product","3":"status-publish","4":"has-post-thumbnail","6":"product_cat-discurso","8":"first","9":"instock","10":"taxable","11":"shipping-taxable","12":"purchasable","13":"product-type-simple"},"acf":[],"yoast_head":"<!-- This site is optimized with the Yoast SEO plugin v27.4 - https:\/\/yoast.com\/product\/yoast-seo-wordpress\/ -->\n<title>DISCURSO REVISTA INTERNACIONAL DE SEMI\u00d3TICA Y TEOR\u00cdA LITERARIA. 6 (1991) - Ediciones Alfar<\/title>\n<meta name=\"robots\" content=\"index, follow, max-snippet:-1, max-image-preview:large, max-video-preview:-1\" \/>\n<link rel=\"canonical\" href=\"https:\/\/edicionesalfar.es\/es\/producto\/discurso-revista-internacional-de-semiotica-y-teoria-literaria-6-1991\/\" \/>\n<meta property=\"og:locale\" content=\"es_ES\" \/>\n<meta property=\"og:type\" content=\"article\" \/>\n<meta property=\"og:title\" content=\"DISCURSO REVISTA INTERNACIONAL DE SEMI\u00d3TICA Y TEOR\u00cdA LITERARIA. 6 (1991) - Ediciones Alfar\" \/>\n<meta property=\"og:description\" content=\"F. de Toro: &quot;Hacia una semi\u00f3tica transdisciplinaria&quot;; A. Ruffinatto: &quot;Caminos semio-simb\u00f3licos en el Lazarillo (Toros y diablos)&quot;; J. Bargall\u00f3: &quot;Elle, anverso y reverso, identidad y alteridad&quot;; M. Lacalle: &quot;El lector del autor&quot;; S. Wahn\u00f3n: &quot;Lecci\u00f3n permanente de Roland Barthes&quot;; F. Cantalapiedra: &quot;Hacia una semi\u00f3tica sem\u00e1ntica de los papeles del teatro del Siglo de Oro&quot;; S. Scabuzzo: &quot;El mito de Edipo en Edipo Rey de S\u00f3focles&quot;; J. Romera: &quot;Semi\u00f3tica Literaria y teatral en Espa\u00f1a: Addenda bibliogr\u00e1fica III&quot;\" \/>\n<meta property=\"og:url\" content=\"https:\/\/edicionesalfar.es\/es\/producto\/discurso-revista-internacional-de-semiotica-y-teoria-literaria-6-1991\/\" \/>\n<meta property=\"og:site_name\" content=\"Ediciones Alfar\" \/>\n<meta property=\"og:image\" content=\"https:\/\/edicionesalfar.es\/es\/wp-content\/uploads\/2019\/05\/discurso%206.jpg\" \/>\n\t<meta property=\"og:image:width\" content=\"1\" \/>\n\t<meta property=\"og:image:height\" content=\"1\" \/>\n\t<meta property=\"og:image:type\" content=\"image\/jpeg\" \/>\n<meta name=\"twitter:card\" content=\"summary_large_image\" \/>\n<script type=\"application\/ld+json\" class=\"yoast-schema-graph\">{\"@context\":\"https:\\\/\\\/schema.org\",\"@graph\":[{\"@type\":\"WebPage\",\"@id\":\"https:\\\/\\\/edicionesalfar.es\\\/es\\\/producto\\\/discurso-revista-internacional-de-semiotica-y-teoria-literaria-6-1991\\\/\",\"url\":\"https:\\\/\\\/edicionesalfar.es\\\/es\\\/producto\\\/discurso-revista-internacional-de-semiotica-y-teoria-literaria-6-1991\\\/\",\"name\":\"DISCURSO REVISTA INTERNACIONAL DE SEMI\u00d3TICA Y TEOR\u00cdA LITERARIA. 6 (1991) - Ediciones Alfar\",\"isPartOf\":{\"@id\":\"https:\\\/\\\/edicionesalfar.es\\\/es\\\/#website\"},\"primaryImageOfPage\":{\"@id\":\"https:\\\/\\\/edicionesalfar.es\\\/es\\\/producto\\\/discurso-revista-internacional-de-semiotica-y-teoria-literaria-6-1991\\\/#primaryimage\"},\"image\":{\"@id\":\"https:\\\/\\\/edicionesalfar.es\\\/es\\\/producto\\\/discurso-revista-internacional-de-semiotica-y-teoria-literaria-6-1991\\\/#primaryimage\"},\"thumbnailUrl\":\"https:\\\/\\\/edicionesalfar.es\\\/es\\\/wp-content\\\/uploads\\\/2019\\\/05\\\/discurso 6.jpg\",\"datePublished\":\"2019-07-11T05:54:19+00:00\",\"breadcrumb\":{\"@id\":\"https:\\\/\\\/edicionesalfar.es\\\/es\\\/producto\\\/discurso-revista-internacional-de-semiotica-y-teoria-literaria-6-1991\\\/#breadcrumb\"},\"inLanguage\":\"es\",\"potentialAction\":[{\"@type\":\"ReadAction\",\"target\":[\"https:\\\/\\\/edicionesalfar.es\\\/es\\\/producto\\\/discurso-revista-internacional-de-semiotica-y-teoria-literaria-6-1991\\\/\"]}]},{\"@type\":\"ImageObject\",\"inLanguage\":\"es\",\"@id\":\"https:\\\/\\\/edicionesalfar.es\\\/es\\\/producto\\\/discurso-revista-internacional-de-semiotica-y-teoria-literaria-6-1991\\\/#primaryimage\",\"url\":\"https:\\\/\\\/edicionesalfar.es\\\/es\\\/wp-content\\\/uploads\\\/2019\\\/05\\\/discurso 6.jpg\",\"contentUrl\":\"https:\\\/\\\/edicionesalfar.es\\\/es\\\/wp-content\\\/uploads\\\/2019\\\/05\\\/discurso 6.jpg\"},{\"@type\":\"BreadcrumbList\",\"@id\":\"https:\\\/\\\/edicionesalfar.es\\\/es\\\/producto\\\/discurso-revista-internacional-de-semiotica-y-teoria-literaria-6-1991\\\/#breadcrumb\",\"itemListElement\":[{\"@type\":\"ListItem\",\"position\":1,\"name\":\"Portada\",\"item\":\"https:\\\/\\\/edicionesalfar.es\\\/es\\\/\"},{\"@type\":\"ListItem\",\"position\":2,\"name\":\"Cat\u00e1logo\",\"item\":\"https:\\\/\\\/edicionesalfar.es\\\/es\\\/catalogo\\\/\"},{\"@type\":\"ListItem\",\"position\":3,\"name\":\"DISCURSO REVISTA INTERNACIONAL DE SEMI\u00d3TICA Y TEOR\u00cdA LITERARIA. 6 (1991)\"}]},{\"@type\":\"WebSite\",\"@id\":\"https:\\\/\\\/edicionesalfar.es\\\/es\\\/#website\",\"url\":\"https:\\\/\\\/edicionesalfar.es\\\/es\\\/\",\"name\":\"Ediciones Alfar\",\"description\":\"\",\"potentialAction\":[{\"@type\":\"SearchAction\",\"target\":{\"@type\":\"EntryPoint\",\"urlTemplate\":\"https:\\\/\\\/edicionesalfar.es\\\/es\\\/?s={search_term_string}\"},\"query-input\":{\"@type\":\"PropertyValueSpecification\",\"valueRequired\":true,\"valueName\":\"search_term_string\"}}],\"inLanguage\":\"es\"}]}<\/script>\n<!-- \/ Yoast SEO plugin. -->","yoast_head_json":{"title":"DISCURSO REVISTA INTERNACIONAL DE SEMI\u00d3TICA Y TEOR\u00cdA LITERARIA. 6 (1991) - Ediciones Alfar","robots":{"index":"index","follow":"follow","max-snippet":"max-snippet:-1","max-image-preview":"max-image-preview:large","max-video-preview":"max-video-preview:-1"},"canonical":"https:\/\/edicionesalfar.es\/es\/producto\/discurso-revista-internacional-de-semiotica-y-teoria-literaria-6-1991\/","og_locale":"es_ES","og_type":"article","og_title":"DISCURSO REVISTA INTERNACIONAL DE SEMI\u00d3TICA Y TEOR\u00cdA LITERARIA. 6 (1991) - Ediciones Alfar","og_description":"F. de Toro: \"Hacia una semi\u00f3tica transdisciplinaria\"; A. Ruffinatto: \"Caminos semio-simb\u00f3licos en el Lazarillo (Toros y diablos)\"; J. Bargall\u00f3: \"Elle, anverso y reverso, identidad y alteridad\"; M. Lacalle: \"El lector del autor\"; S. Wahn\u00f3n: \"Lecci\u00f3n permanente de Roland Barthes\"; F. Cantalapiedra: \"Hacia una semi\u00f3tica sem\u00e1ntica de los papeles del teatro del Siglo de Oro\"; S. Scabuzzo: \"El mito de Edipo en Edipo Rey de S\u00f3focles\"; J. Romera: \"Semi\u00f3tica Literaria y teatral en Espa\u00f1a: Addenda bibliogr\u00e1fica III\"","og_url":"https:\/\/edicionesalfar.es\/es\/producto\/discurso-revista-internacional-de-semiotica-y-teoria-literaria-6-1991\/","og_site_name":"Ediciones Alfar","og_image":[{"url":"https:\/\/edicionesalfar.es\/es\/wp-content\/uploads\/2019\/05\/discurso 6.jpg","width":1,"height":1,"type":"image\/jpeg"}],"twitter_card":"summary_large_image","schema":{"@context":"https:\/\/schema.org","@graph":[{"@type":"WebPage","@id":"https:\/\/edicionesalfar.es\/es\/producto\/discurso-revista-internacional-de-semiotica-y-teoria-literaria-6-1991\/","url":"https:\/\/edicionesalfar.es\/es\/producto\/discurso-revista-internacional-de-semiotica-y-teoria-literaria-6-1991\/","name":"DISCURSO REVISTA INTERNACIONAL DE SEMI\u00d3TICA Y TEOR\u00cdA LITERARIA. 6 (1991) - Ediciones Alfar","isPartOf":{"@id":"https:\/\/edicionesalfar.es\/es\/#website"},"primaryImageOfPage":{"@id":"https:\/\/edicionesalfar.es\/es\/producto\/discurso-revista-internacional-de-semiotica-y-teoria-literaria-6-1991\/#primaryimage"},"image":{"@id":"https:\/\/edicionesalfar.es\/es\/producto\/discurso-revista-internacional-de-semiotica-y-teoria-literaria-6-1991\/#primaryimage"},"thumbnailUrl":"https:\/\/edicionesalfar.es\/es\/wp-content\/uploads\/2019\/05\/discurso 6.jpg","datePublished":"2019-07-11T05:54:19+00:00","breadcrumb":{"@id":"https:\/\/edicionesalfar.es\/es\/producto\/discurso-revista-internacional-de-semiotica-y-teoria-literaria-6-1991\/#breadcrumb"},"inLanguage":"es","potentialAction":[{"@type":"ReadAction","target":["https:\/\/edicionesalfar.es\/es\/producto\/discurso-revista-internacional-de-semiotica-y-teoria-literaria-6-1991\/"]}]},{"@type":"ImageObject","inLanguage":"es","@id":"https:\/\/edicionesalfar.es\/es\/producto\/discurso-revista-internacional-de-semiotica-y-teoria-literaria-6-1991\/#primaryimage","url":"https:\/\/edicionesalfar.es\/es\/wp-content\/uploads\/2019\/05\/discurso 6.jpg","contentUrl":"https:\/\/edicionesalfar.es\/es\/wp-content\/uploads\/2019\/05\/discurso 6.jpg"},{"@type":"BreadcrumbList","@id":"https:\/\/edicionesalfar.es\/es\/producto\/discurso-revista-internacional-de-semiotica-y-teoria-literaria-6-1991\/#breadcrumb","itemListElement":[{"@type":"ListItem","position":1,"name":"Portada","item":"https:\/\/edicionesalfar.es\/es\/"},{"@type":"ListItem","position":2,"name":"Cat\u00e1logo","item":"https:\/\/edicionesalfar.es\/es\/catalogo\/"},{"@type":"ListItem","position":3,"name":"DISCURSO REVISTA INTERNACIONAL DE SEMI\u00d3TICA Y TEOR\u00cdA LITERARIA. 6 (1991)"}]},{"@type":"WebSite","@id":"https:\/\/edicionesalfar.es\/es\/#website","url":"https:\/\/edicionesalfar.es\/es\/","name":"Ediciones Alfar","description":"","potentialAction":[{"@type":"SearchAction","target":{"@type":"EntryPoint","urlTemplate":"https:\/\/edicionesalfar.es\/es\/?s={search_term_string}"},"query-input":{"@type":"PropertyValueSpecification","valueRequired":true,"valueName":"search_term_string"}}],"inLanguage":"es"}]}},"_links":{"self":[{"href":"https:\/\/edicionesalfar.es\/es\/wp-json\/wp\/v2\/product\/14314","targetHints":{"allow":["GET"]}}],"collection":[{"href":"https:\/\/edicionesalfar.es\/es\/wp-json\/wp\/v2\/product"}],"about":[{"href":"https:\/\/edicionesalfar.es\/es\/wp-json\/wp\/v2\/types\/product"}],"replies":[{"embeddable":true,"href":"https:\/\/edicionesalfar.es\/es\/wp-json\/wp\/v2\/comments?post=14314"}],"wp:featuredmedia":[{"embeddable":true,"href":"https:\/\/edicionesalfar.es\/es\/wp-json\/wp\/v2\/media\/14315"}],"wp:attachment":[{"href":"https:\/\/edicionesalfar.es\/es\/wp-json\/wp\/v2\/media?parent=14314"}],"wp:term":[{"taxonomy":"product_brand","embeddable":true,"href":"https:\/\/edicionesalfar.es\/es\/wp-json\/wp\/v2\/product_brand?post=14314"},{"taxonomy":"product_cat","embeddable":true,"href":"https:\/\/edicionesalfar.es\/es\/wp-json\/wp\/v2\/product_cat?post=14314"},{"taxonomy":"product_tag","embeddable":true,"href":"https:\/\/edicionesalfar.es\/es\/wp-json\/wp\/v2\/product_tag?post=14314"}],"curies":[{"name":"wp","href":"https:\/\/api.w.org\/{rel}","templated":true}]}}

DISCURSO REVISTA INTERNACIONAL DE SEMIÓTICA Y TEORÍA LITERARIA. 6 (1991)

<p>DISCURSO REVISTA INTERNACIONAL DE SEMIÓTICA Y TEORÍA LITERARIA. 6 (1991)</p>

<div><span style="font-size: x-small;"><span style="font: normal normal normal medium/normal 'Times New Roman'; font-family: 'Book Antiqua', 'Times New Roman', Times;"><span style="font-size: x-small;"><span style="font-size: 12pt;">F. de Toro: «Hacia una semiótica  transdiscipli</span></span><span style="font-size: 10pt;"><span style="font-size: 12pt;"><span style="font-size: 12pt;"><a href="outbind://0.0.0.45/discurso%206.jpg"></a></span></span></span><span style="font-size: x-small;"><span style="font-size: 10pt;"><span style="font-size: 12pt;"><span style="font-size: 12pt;">naria»; A</span></span><span style="font-size: 12pt;"><span style="font-size: 12pt;">. Ruffinatto: «Caminos semio-simbólicos en el Lazarillo  (Toros y diablos)»; J. Bargalló: «</span></span></span><em><span style="font-size: 10pt;"><span style="font-size: 12pt;"><span style="font-size: 12pt;">Elle</span></span></span></em><span style="font-size: 10pt;"><span style="font-size: 12pt;"><span style="font-size: 12pt;">, anverso y reverso, identidad y  alteridad»; M. Lacalle: «El lector del autor»; S. Wahnón: «Lección permanente de  Roland Barthes»; F. Cantalapiedra: «Hacia una semiótica semántica de los </span></span></span><em><span style="font-size: 10pt;"><span style="font-size: 12pt;"><span style="font-size: 12pt;">papeles</span></span></span></em><span style="font-size: 10pt;"><span style="font-size: 12pt;"><span style="font-size: 12pt;"> del teatro del Siglo de Oro»; S. Scabuzzo:  «El mito de Edipo en </span></span></span><em><span style="font-size: 10pt;"><span style="font-size: 12pt;"><span style="font-size: 12pt;">Edipo  Rey</span></span></span></em><span style="font-size: 10pt;"><span style="font-size: 12pt;"><span style="font-size: 12pt;"> de Sófocles»; J. Romera:  «Semiótica Literaria y teatral en España: Addenda bibliográfica  III»</span></span></span></span></span></span></div>
<p></p>

<!-- This site is optimized with the Yoast SEO plugin v27.4 - https://yoast.com/product/yoast-seo-wordpress/ -->
<title>DISCURSO REVISTA INTERNACIONAL DE SEMIÓTICA Y TEORÍA LITERARIA. 6 (1991) - Ediciones Alfar</title>
<meta name="robots" content="index, follow, max-snippet:-1, max-image-preview:large, max-video-preview:-1" />
<link rel="canonical" href="https://edicionesalfar.es/es/producto/discurso-revista-internacional-de-semiotica-y-teoria-literaria-6-1991/" />
<meta property="og:locale" content="es_ES" />
<meta property="og:type" content="article" />
<meta property="og:title" content="DISCURSO REVISTA INTERNACIONAL DE SEMIÓTICA Y TEORÍA LITERARIA. 6 (1991) - Ediciones Alfar" />
<meta property="og:description" content="F. de Toro: &quot;Hacia una semiótica transdisciplinaria&quot;; A. Ruffinatto: &quot;Caminos semio-simbólicos en el Lazarillo (Toros y diablos)&quot;; J. Bargalló: &quot;Elle, anverso y reverso, identidad y alteridad&quot;; M. Lacalle: &quot;El lector del autor&quot;; S. Wahnón: &quot;Lección permanente de Roland Barthes&quot;; F. Cantalapiedra: &quot;Hacia una semiótica semántica de los papeles del teatro del Siglo de Oro&quot;; S. Scabuzzo: &quot;El mito de Edipo en Edipo Rey de Sófocles&quot;; J. Romera: &quot;Semiótica Literaria y teatral en España: Addenda bibliográfica III&quot;" />
<meta property="og:url" content="https://edicionesalfar.es/es/producto/discurso-revista-internacional-de-semiotica-y-teoria-literaria-6-1991/" />
<meta property="og:site_name" content="Ediciones Alfar" />
<meta property="og:image" content="https://edicionesalfar.es/es/wp-content/uploads/2019/05/discurso%206.jpg" />
	<meta property="og:image:width" content="1" />
	<meta property="og:image:height" content="1" />
	<meta property="og:image:type" content="image/jpeg" />
<meta name="twitter:card" content="summary_large_image" />
<script type="application/ld+json" class="yoast-schema-graph">{"@context":"https:\/\/schema.org","@graph":[{"@type":"WebPage","@id":"https:\/\/edicionesalfar.es\/es\/producto\/discurso-revista-internacional-de-semiotica-y-teoria-literaria-6-1991\/","url":"https:\/\/edicionesalfar.es\/es\/producto\/discurso-revista-internacional-de-semiotica-y-teoria-literaria-6-1991\/","name":"DISCURSO REVISTA INTERNACIONAL DE SEMIÓTICA Y TEORÍA LITERARIA. 6 (1991) - Ediciones Alfar","isPartOf":{"@id":"https:\/\/edicionesalfar.es\/es\/#website"},"primaryImageOfPage":{"@id":"https:\/\/edicionesalfar.es\/es\/producto\/discurso-revista-internacional-de-semiotica-y-teoria-literaria-6-1991\/#primaryimage"},"image":{"@id":"https:\/\/edicionesalfar.es\/es\/producto\/discurso-revista-internacional-de-semiotica-y-teoria-literaria-6-1991\/#primaryimage"},"thumbnailUrl":"https:\/\/edicionesalfar.es\/es\/wp-content\/uploads\/2019\/05\/discurso 6.jpg","datePublished":"2019-07-11T05:54:19+00:00","breadcrumb":{"@id":"https:\/\/edicionesalfar.es\/es\/producto\/discurso-revista-internacional-de-semiotica-y-teoria-literaria-6-1991\/#breadcrumb"},"inLanguage":"es","potentialAction":[{"@type":"ReadAction","target":["https:\/\/edicionesalfar.es\/es\/producto\/discurso-revista-internacional-de-semiotica-y-teoria-literaria-6-1991\/"]}]},{"@type":"ImageObject","inLanguage":"es","@id":"https:\/\/edicionesalfar.es\/es\/producto\/discurso-revista-internacional-de-semiotica-y-teoria-literaria-6-1991\/#primaryimage","url":"https:\/\/edicionesalfar.es\/es\/wp-content\/uploads\/2019\/05\/discurso 6.jpg","contentUrl":"https:\/\/edicionesalfar.es\/es\/wp-content\/uploads\/2019\/05\/discurso 6.jpg"},{"@type":"BreadcrumbList","@id":"https:\/\/edicionesalfar.es\/es\/producto\/discurso-revista-internacional-de-semiotica-y-teoria-literaria-6-1991\/#breadcrumb","itemListElement":[{"@type":"ListItem","position":1,"name":"Portada","item":"https:\/\/edicionesalfar.es\/es\/"},{"@type":"ListItem","position":2,"name":"Catálogo","item":"https:\/\/edicionesalfar.es\/es\/catalogo\/"},{"@type":"ListItem","position":3,"name":"DISCURSO REVISTA INTERNACIONAL DE SEMIÓTICA Y TEORÍA LITERARIA. 6 (1991)"}]},{"@type":"WebSite","@id":"https:\/\/edicionesalfar.es\/es\/#website","url":"https:\/\/edicionesalfar.es\/es\/","name":"Ediciones Alfar","description":"","potentialAction":[{"@type":"SearchAction","target":{"@type":"EntryPoint","urlTemplate":"https:\/\/edicionesalfar.es\/es\/?s={search_term_string}"},"query-input":{"@type":"PropertyValueSpecification","valueRequired":true,"valueName":"search_term_string"}}],"inLanguage":"es"}]}</script>
<!-- / Yoast SEO plugin. -->

DISCURSO REVISTA INTERNACIONAL DE SEMIÓTICA Y TEORÍA LITERARIA. 6 (1991) - Ediciones Alfar

F. de Toro: "Hacia una semiótica transdisciplinaria"; A. Ruffinatto: "Caminos semio-simbólicos en el Lazarillo (Toros y diablos)"; J. Bargalló: "Elle, anverso y reverso, identidad y alteridad"; M. Lacalle: "El lector del autor"; S. Wahnón: "Lección permanente de Roland Barthes"; F. Cantalapiedra: "Hacia una semiótica semántica de los papeles del teatro del Siglo de Oro"; S. Scabuzzo: "El mito de Edipo en Edipo Rey de Sófocles"; J. Romera: "Semiótica Literaria y teatral en España: Addenda bibliográfica III"

Catálogo
