{"id":14180,"date":"2019-07-11T05:53:10","date_gmt":"2019-07-11T05:53:10","guid":{"rendered":"http:\/\/www.edicionesalfar.es\/web-wordpress\/?post_type=product&#052;p="},"modified":"2025-12-11T09:48:10","modified_gmt":"2025-12-11T08:48:10","slug":"historia-de-la-o-una-hermandad-para-un-barrio","status":"publish","type":"product","link":"https:\/\/edicionesalfar.es\/es\/producto\/historia-de-la-o-una-hermandad-para-un-barrio\/","title":{"rendered":"HISTORIA DE LA O. UNA HERMANDAD PARA UN BARRIO"},"content":{"rendered":"<p>HISTORIA DE LA O. UNA HERMANDAD PARA UN BARRIO<\/p>\n","protected":false},"excerpt":{"rendered":"<p><span style=\"font-family: Book Antiqua,Times New Roman,Times;\"><span style=\"font-size: x-small;\"> <span style=\"font-size: 10pt;\"><span style=\"font-family: georgia,palatino;\">Una obra que pone en valor el significado y la importancia del car\u00e1cter Sacramental de la Hermandad y su aspecto de servicio social y p\u00fablico, adem\u00e1s de destacar el origen y desarrollo de la Advocaci\u00f3n de la O.<\/span><\/span><\/span><\/span><\/p>\n","protected":false},"featured_media":5,"comment_status":"open","ping_status":"closed","template":"","meta":{"_acf_changed":false,"_et_pb_use_builder":"","_et_pb_old_content":"","_et_gb_content_width":""},"product_brand":[],"product_cat":[52],"product_tag":[],"class_list":{"0":"post-14180","1":"product","2":"type-product","3":"status-publish","4":"has-post-thumbnail","6":"product_cat-semana-santa","8":"first","9":"outofstock","10":"taxable","11":"shipping-taxable","12":"purchasable","13":"product-type-simple"},"acf":[],"yoast_head":"<!-- This site is optimized with the Yoast SEO plugin v27.4 - https:\/\/yoast.com\/product\/yoast-seo-wordpress\/ -->\n<title>HISTORIA DE LA O. UNA HERMANDAD PARA UN BARRIO - Ediciones Alfar<\/title>\n<meta name=\"robots\" content=\"index, follow, max-snippet:-1, max-image-preview:large, max-video-preview:-1\" \/>\n<link rel=\"canonical\" href=\"https:\/\/edicionesalfar.es\/es\/producto\/historia-de-la-o-una-hermandad-para-un-barrio\/\" \/>\n<meta property=\"og:locale\" content=\"es_ES\" \/>\n<meta property=\"og:type\" content=\"article\" \/>\n<meta property=\"og:title\" content=\"HISTORIA DE LA O. UNA HERMANDAD PARA UN BARRIO - Ediciones Alfar\" \/>\n<meta property=\"og:description\" content=\"Una obra que pone en valor el significado y la importancia del car\u00e1cter Sacramental de la Hermandad y su aspecto de servicio social y p\u00fablico, adem\u00e1s de destacar el origen y desarrollo de la Advocaci\u00f3n de la O.\" \/>\n<meta property=\"og:url\" content=\"https:\/\/edicionesalfar.es\/es\/producto\/historia-de-la-o-una-hermandad-para-un-barrio\/\" \/>\n<meta property=\"og:site_name\" content=\"Ediciones Alfar\" \/>\n<meta property=\"article:modified_time\" content=\"2025-12-11T08:48:10+00:00\" \/>\n<meta property=\"og:image\" content=\"https:\/\/edicionesalfar.es\/es\/wp-content\/uploads\/woocommerce-placeholder.png\" \/>\n\t<meta property=\"og:image:width\" content=\"1200\" \/>\n\t<meta property=\"og:image:height\" content=\"1200\" \/>\n\t<meta property=\"og:image:type\" content=\"image\/png\" \/>\n<meta name=\"twitter:card\" content=\"summary_large_image\" \/>\n<meta name=\"twitter:label1\" content=\"Tiempo de lectura\" \/>\n\t<meta name=\"twitter:data1\" content=\"1 minuto\" \/>\n<script type=\"application\/ld+json\" class=\"yoast-schema-graph\">{\"@context\":\"https:\\\/\\\/schema.org\",\"@graph\":[{\"@type\":\"WebPage\",\"@id\":\"https:\\\/\\\/edicionesalfar.es\\\/es\\\/producto\\\/historia-de-la-o-una-hermandad-para-un-barrio\\\/\",\"url\":\"https:\\\/\\\/edicionesalfar.es\\\/es\\\/producto\\\/historia-de-la-o-una-hermandad-para-un-barrio\\\/\",\"name\":\"HISTORIA DE LA O. UNA HERMANDAD PARA UN BARRIO - Ediciones Alfar\",\"isPartOf\":{\"@id\":\"https:\\\/\\\/edicionesalfar.es\\\/es\\\/#website\"},\"primaryImageOfPage\":{\"@id\":\"https:\\\/\\\/edicionesalfar.es\\\/es\\\/producto\\\/historia-de-la-o-una-hermandad-para-un-barrio\\\/#primaryimage\"},\"image\":{\"@id\":\"https:\\\/\\\/edicionesalfar.es\\\/es\\\/producto\\\/historia-de-la-o-una-hermandad-para-un-barrio\\\/#primaryimage\"},\"thumbnailUrl\":\"https:\\\/\\\/edicionesalfar.es\\\/es\\\/wp-content\\\/uploads\\\/woocommerce-placeholder.png\",\"datePublished\":\"2019-07-11T05:53:10+00:00\",\"dateModified\":\"2025-12-11T08:48:10+00:00\",\"breadcrumb\":{\"@id\":\"https:\\\/\\\/edicionesalfar.es\\\/es\\\/producto\\\/historia-de-la-o-una-hermandad-para-un-barrio\\\/#breadcrumb\"},\"inLanguage\":\"es\",\"potentialAction\":[{\"@type\":\"ReadAction\",\"target\":[\"https:\\\/\\\/edicionesalfar.es\\\/es\\\/producto\\\/historia-de-la-o-una-hermandad-para-un-barrio\\\/\"]}]},{\"@type\":\"ImageObject\",\"inLanguage\":\"es\",\"@id\":\"https:\\\/\\\/edicionesalfar.es\\\/es\\\/producto\\\/historia-de-la-o-una-hermandad-para-un-barrio\\\/#primaryimage\",\"url\":\"https:\\\/\\\/edicionesalfar.es\\\/es\\\/wp-content\\\/uploads\\\/woocommerce-placeholder.png\",\"contentUrl\":\"https:\\\/\\\/edicionesalfar.es\\\/es\\\/wp-content\\\/uploads\\\/woocommerce-placeholder.png\",\"width\":1200,\"height\":1200},{\"@type\":\"BreadcrumbList\",\"@id\":\"https:\\\/\\\/edicionesalfar.es\\\/es\\\/producto\\\/historia-de-la-o-una-hermandad-para-un-barrio\\\/#breadcrumb\",\"itemListElement\":[{\"@type\":\"ListItem\",\"position\":1,\"name\":\"Portada\",\"item\":\"https:\\\/\\\/edicionesalfar.es\\\/es\\\/\"},{\"@type\":\"ListItem\",\"position\":2,\"name\":\"Cat\u00e1logo\",\"item\":\"https:\\\/\\\/edicionesalfar.es\\\/es\\\/catalogo\\\/\"},{\"@type\":\"ListItem\",\"position\":3,\"name\":\"HISTORIA DE LA O. UNA HERMANDAD PARA UN BARRIO\"}]},{\"@type\":\"WebSite\",\"@id\":\"https:\\\/\\\/edicionesalfar.es\\\/es\\\/#website\",\"url\":\"https:\\\/\\\/edicionesalfar.es\\\/es\\\/\",\"name\":\"Ediciones Alfar\",\"description\":\"\",\"potentialAction\":[{\"@type\":\"SearchAction\",\"target\":{\"@type\":\"EntryPoint\",\"urlTemplate\":\"https:\\\/\\\/edicionesalfar.es\\\/es\\\/?s={search_term_string}\"},\"query-input\":{\"@type\":\"PropertyValueSpecification\",\"valueRequired\":true,\"valueName\":\"search_term_string\"}}],\"inLanguage\":\"es\"}]}<\/script>\n<!-- \/ Yoast SEO plugin. -->","yoast_head_json":{"title":"HISTORIA DE LA O. UNA HERMANDAD PARA UN BARRIO - Ediciones Alfar","robots":{"index":"index","follow":"follow","max-snippet":"max-snippet:-1","max-image-preview":"max-image-preview:large","max-video-preview":"max-video-preview:-1"},"canonical":"https:\/\/edicionesalfar.es\/es\/producto\/historia-de-la-o-una-hermandad-para-un-barrio\/","og_locale":"es_ES","og_type":"article","og_title":"HISTORIA DE LA O. UNA HERMANDAD PARA UN BARRIO - Ediciones Alfar","og_description":"Una obra que pone en valor el significado y la importancia del car\u00e1cter Sacramental de la Hermandad y su aspecto de servicio social y p\u00fablico, adem\u00e1s de destacar el origen y desarrollo de la Advocaci\u00f3n de la O.","og_url":"https:\/\/edicionesalfar.es\/es\/producto\/historia-de-la-o-una-hermandad-para-un-barrio\/","og_site_name":"Ediciones Alfar","article_modified_time":"2025-12-11T08:48:10+00:00","og_image":[{"width":1200,"height":1200,"url":"https:\/\/edicionesalfar.es\/es\/wp-content\/uploads\/woocommerce-placeholder.png","type":"image\/png"}],"twitter_card":"summary_large_image","twitter_misc":{"Tiempo de lectura":"1 minuto"},"schema":{"@context":"https:\/\/schema.org","@graph":[{"@type":"WebPage","@id":"https:\/\/edicionesalfar.es\/es\/producto\/historia-de-la-o-una-hermandad-para-un-barrio\/","url":"https:\/\/edicionesalfar.es\/es\/producto\/historia-de-la-o-una-hermandad-para-un-barrio\/","name":"HISTORIA DE LA O. UNA HERMANDAD PARA UN BARRIO - Ediciones Alfar","isPartOf":{"@id":"https:\/\/edicionesalfar.es\/es\/#website"},"primaryImageOfPage":{"@id":"https:\/\/edicionesalfar.es\/es\/producto\/historia-de-la-o-una-hermandad-para-un-barrio\/#primaryimage"},"image":{"@id":"https:\/\/edicionesalfar.es\/es\/producto\/historia-de-la-o-una-hermandad-para-un-barrio\/#primaryimage"},"thumbnailUrl":"https:\/\/edicionesalfar.es\/es\/wp-content\/uploads\/woocommerce-placeholder.png","datePublished":"2019-07-11T05:53:10+00:00","dateModified":"2025-12-11T08:48:10+00:00","breadcrumb":{"@id":"https:\/\/edicionesalfar.es\/es\/producto\/historia-de-la-o-una-hermandad-para-un-barrio\/#breadcrumb"},"inLanguage":"es","potentialAction":[{"@type":"ReadAction","target":["https:\/\/edicionesalfar.es\/es\/producto\/historia-de-la-o-una-hermandad-para-un-barrio\/"]}]},{"@type":"ImageObject","inLanguage":"es","@id":"https:\/\/edicionesalfar.es\/es\/producto\/historia-de-la-o-una-hermandad-para-un-barrio\/#primaryimage","url":"https:\/\/edicionesalfar.es\/es\/wp-content\/uploads\/woocommerce-placeholder.png","contentUrl":"https:\/\/edicionesalfar.es\/es\/wp-content\/uploads\/woocommerce-placeholder.png","width":1200,"height":1200},{"@type":"BreadcrumbList","@id":"https:\/\/edicionesalfar.es\/es\/producto\/historia-de-la-o-una-hermandad-para-un-barrio\/#breadcrumb","itemListElement":[{"@type":"ListItem","position":1,"name":"Portada","item":"https:\/\/edicionesalfar.es\/es\/"},{"@type":"ListItem","position":2,"name":"Cat\u00e1logo","item":"https:\/\/edicionesalfar.es\/es\/catalogo\/"},{"@type":"ListItem","position":3,"name":"HISTORIA DE LA O. UNA HERMANDAD PARA UN BARRIO"}]},{"@type":"WebSite","@id":"https:\/\/edicionesalfar.es\/es\/#website","url":"https:\/\/edicionesalfar.es\/es\/","name":"Ediciones Alfar","description":"","potentialAction":[{"@type":"SearchAction","target":{"@type":"EntryPoint","urlTemplate":"https:\/\/edicionesalfar.es\/es\/?s={search_term_string}"},"query-input":{"@type":"PropertyValueSpecification","valueRequired":true,"valueName":"search_term_string"}}],"inLanguage":"es"}]}},"_links":{"self":[{"href":"https:\/\/edicionesalfar.es\/es\/wp-json\/wp\/v2\/product\/14180","targetHints":{"allow":["GET"]}}],"collection":[{"href":"https:\/\/edicionesalfar.es\/es\/wp-json\/wp\/v2\/product"}],"about":[{"href":"https:\/\/edicionesalfar.es\/es\/wp-json\/wp\/v2\/types\/product"}],"replies":[{"embeddable":true,"href":"https:\/\/edicionesalfar.es\/es\/wp-json\/wp\/v2\/comments?post=14180"}],"wp:featuredmedia":[{"embeddable":true,"href":"https:\/\/edicionesalfar.es\/es\/wp-json\/wp\/v2\/media\/5"}],"wp:attachment":[{"href":"https:\/\/edicionesalfar.es\/es\/wp-json\/wp\/v2\/media?parent=14180"}],"wp:term":[{"taxonomy":"product_brand","embeddable":true,"href":"https:\/\/edicionesalfar.es\/es\/wp-json\/wp\/v2\/product_brand?post=14180"},{"taxonomy":"product_cat","embeddable":true,"href":"https:\/\/edicionesalfar.es\/es\/wp-json\/wp\/v2\/product_cat?post=14180"},{"taxonomy":"product_tag","embeddable":true,"href":"https:\/\/edicionesalfar.es\/es\/wp-json\/wp\/v2\/product_tag?post=14180"}],"curies":[{"name":"wp","href":"https:\/\/api.w.org\/{rel}","templated":true}]}}

<p><span style="font-family: Book Antiqua,Times New Roman,Times;"><span style="font-size: x-small;"> <span style="font-size: 10pt;"><span style="font-family: georgia,palatino;">Una obra que pone en valor el significado y la importancia del carácter Sacramental de la Hermandad y su aspecto de servicio social y público, además de destacar el origen y desarrollo de la Advocación de la O.</span></span></span></span></p>

<!-- This site is optimized with the Yoast SEO plugin v27.4 - https://yoast.com/product/yoast-seo-wordpress/ -->
<title>HISTORIA DE LA O. UNA HERMANDAD PARA UN BARRIO - Ediciones Alfar</title>
<meta name="robots" content="index, follow, max-snippet:-1, max-image-preview:large, max-video-preview:-1" />
<link rel="canonical" href="https://edicionesalfar.es/es/producto/historia-de-la-o-una-hermandad-para-un-barrio/" />
<meta property="og:locale" content="es_ES" />
<meta property="og:type" content="article" />
<meta property="og:title" content="HISTORIA DE LA O. UNA HERMANDAD PARA UN BARRIO - Ediciones Alfar" />
<meta property="og:description" content="Una obra que pone en valor el significado y la importancia del carácter Sacramental de la Hermandad y su aspecto de servicio social y público, además de destacar el origen y desarrollo de la Advocación de la O." />
<meta property="og:url" content="https://edicionesalfar.es/es/producto/historia-de-la-o-una-hermandad-para-un-barrio/" />
<meta property="og:site_name" content="Ediciones Alfar" />
<meta property="article:modified_time" content="2025-12-11T08:48:10+00:00" />
<meta property="og:image" content="https://edicionesalfar.es/es/wp-content/uploads/woocommerce-placeholder.png" />
	<meta property="og:image:width" content="1200" />
	<meta property="og:image:height" content="1200" />
	<meta property="og:image:type" content="image/png" />
<meta name="twitter:card" content="summary_large_image" />
<meta name="twitter:label1" content="Tiempo de lectura" />
	<meta name="twitter:data1" content="1 minuto" />
<script type="application/ld+json" class="yoast-schema-graph">{"@context":"https:\/\/schema.org","@graph":[{"@type":"WebPage","@id":"https:\/\/edicionesalfar.es\/es\/producto\/historia-de-la-o-una-hermandad-para-un-barrio\/","url":"https:\/\/edicionesalfar.es\/es\/producto\/historia-de-la-o-una-hermandad-para-un-barrio\/","name":"HISTORIA DE LA O. UNA HERMANDAD PARA UN BARRIO - Ediciones Alfar","isPartOf":{"@id":"https:\/\/edicionesalfar.es\/es\/#website"},"primaryImageOfPage":{"@id":"https:\/\/edicionesalfar.es\/es\/producto\/historia-de-la-o-una-hermandad-para-un-barrio\/#primaryimage"},"image":{"@id":"https:\/\/edicionesalfar.es\/es\/producto\/historia-de-la-o-una-hermandad-para-un-barrio\/#primaryimage"},"thumbnailUrl":"https:\/\/edicionesalfar.es\/es\/wp-content\/uploads\/woocommerce-placeholder.png","datePublished":"2019-07-11T05:53:10+00:00","dateModified":"2025-12-11T08:48:10+00:00","breadcrumb":{"@id":"https:\/\/edicionesalfar.es\/es\/producto\/historia-de-la-o-una-hermandad-para-un-barrio\/#breadcrumb"},"inLanguage":"es","potentialAction":[{"@type":"ReadAction","target":["https:\/\/edicionesalfar.es\/es\/producto\/historia-de-la-o-una-hermandad-para-un-barrio\/"]}]},{"@type":"ImageObject","inLanguage":"es","@id":"https:\/\/edicionesalfar.es\/es\/producto\/historia-de-la-o-una-hermandad-para-un-barrio\/#primaryimage","url":"https:\/\/edicionesalfar.es\/es\/wp-content\/uploads\/woocommerce-placeholder.png","contentUrl":"https:\/\/edicionesalfar.es\/es\/wp-content\/uploads\/woocommerce-placeholder.png","width":1200,"height":1200},{"@type":"BreadcrumbList","@id":"https:\/\/edicionesalfar.es\/es\/producto\/historia-de-la-o-una-hermandad-para-un-barrio\/#breadcrumb","itemListElement":[{"@type":"ListItem","position":1,"name":"Portada","item":"https:\/\/edicionesalfar.es\/es\/"},{"@type":"ListItem","position":2,"name":"Catálogo","item":"https:\/\/edicionesalfar.es\/es\/catalogo\/"},{"@type":"ListItem","position":3,"name":"HISTORIA DE LA O. UNA HERMANDAD PARA UN BARRIO"}]},{"@type":"WebSite","@id":"https:\/\/edicionesalfar.es\/es\/#website","url":"https:\/\/edicionesalfar.es\/es\/","name":"Ediciones Alfar","description":"","potentialAction":[{"@type":"SearchAction","target":{"@type":"EntryPoint","urlTemplate":"https:\/\/edicionesalfar.es\/es\/?s={search_term_string}"},"query-input":{"@type":"PropertyValueSpecification","valueRequired":true,"valueName":"search_term_string"}}],"inLanguage":"es"}]}</script>
<!-- / Yoast SEO plugin. -->

Una obra que pone en valor el significado y la importancia del carácter Sacramental de la Hermandad y su aspecto de servicio social y público, además de destacar el origen y desarrollo de la Advocación de la O.

Catálogo
