{"id":13952,"date":"2019-07-11T05:51:15","date_gmt":"2019-07-11T05:51:15","guid":{"rendered":"http:\/\/www.edicionesalfar.es\/web-wordpress\/?post_type=product&#038;#029;p="},"modified":"2026-02-20T03:21:15","modified_gmt":"2026-02-20T02:21:15","slug":"vidas-y-muertes-mias","status":"publish","type":"product","link":"https:\/\/edicionesalfar.es\/es\/producto\/vidas-y-muertes-mias\/","title":{"rendered":"Vidas y muertes m\u00edas"},"content":{"rendered":"<p style=\"padding: 0px; margin: 1em 0px 1em 0px;\" align=\"JUSTIFY\">das y muertes m\u00edas\u00a0es una fascinante obra de Carlos Feal, que narra la vida de tres personajes y sus respectivas parejas o amantes. El continuo paso de un narrador a otro subraya la medida en que funcionan todos como dobles imaginarios de un ser \u00fanico tras su aparente diversidad. A su vez, estos personajes reales dan existencia a otros seres literarios, no menos ver\u00eddicos, cuestionando mores sexuales y sociales.<\/p>\n<p style=\"padding: 0px; margin: 1em 0px 1em 0px;\" align=\"JUSTIFY\">Al tema del amor y la muerte, Carlos Feal suma el del exilio o lejan\u00eda de la tierra natal. La acci\u00f3n transcurre en m\u00faltiples lugares y queda enmarcada entre el final del franquismo y la destrucci\u00f3n de las Torres Gemelas de Nueva York, la ciudad donde acaban confluyendo las tres vidas tras un largo periplo.<\/p>\n<p style=\"padding: 0px; margin: 1em 0px 1em 0px;\" align=\"JUSTIFY\">Carlos Feal, nacido en La Coru\u00f1a, es Doctor en Filosof\u00eda y Letras por la Universidad Complutense de Madrid. Es autor de m\u00faltiples libros y art\u00edculos sobre literatura espa\u00f1ola y comparada, as\u00ed como relatos en\u00a0La Voz de Galicia\u00a0(Premio de los lectores de la serie Relatos de Ver\u00e1n, 2001), y en obras colectivas publicadas por Vagadamia en cooperaci\u00f3n con Ediciones del Viento. Actualmente reside en Nueva York.<\/p>\n","protected":false},"excerpt":{"rendered":"<p>Tres narradores, Carlos, Xavier y Celso, cuentan sus propias vidas y las de sus amantes o mujeres respectivas. Asimismo cuentan las vidas de los otros dos. El paso continuo de un narrador a otro (otro yo) subraya la medida en que funcionan todos como dobles imaginarios de un ser \u00fanico tras su aparente diversidad. Tambi\u00e9n se dan paralelismos entre los personajes y parejas c\u00e9lebres, como las de Diego Rivera y Frieda Kahlo o J.-P. Sartre y Simone de Beauvoir, cuestionando audazmente mores sexuales y sociales. Parejas y tr\u00edos hacen y deshacen el amor; ejemplifican el poder de Eros, enfrentado constantemente a la disoluci\u00f3n y la muerte, el poder opuesto. Al tema del amor y la muerte se une el del exilio o lejan\u00eda de la tierra natal. La acci\u00f3n transcurre en m\u00faltiples lugares (Estados Unidos, M\u00e9xico, Espa\u00f1a) y queda enmarcada entre el final del franquismo y la destrucci\u00f3n, en 2001, de las Torres Gemelas de Nueva York, la ciudad donde acaban confluyendo y aun\u00e1ndose las tres vidas despu\u00e9s de\u00a0 un largo periplo<\/p>\n<p><a href=\"http:\/\/www.todoebook.com\/VIDAS-Y-MUERTES-MIAS-CARLOS-FEAL-EDICIONES-ALFAR-LibroEbook-es-9788478984329.html\" target=\"_blank\" rel=\"noopener\"><img decoding=\"async\" src=\"http:\/\/www.edicionesalfar.es\/logo-todoebook.gif\" \/><\/a><\/p>\n","protected":false},"featured_media":13953,"comment_status":"open","ping_status":"closed","template":"","meta":{"_acf_changed":false,"_et_pb_use_builder":"","_et_pb_old_content":"","_et_gb_content_width":""},"product_brand":[],"product_cat":[376,540,29],"product_tag":[],"class_list":{"0":"post-13952","1":"product","2":"type-product","3":"status-publish","4":"has-post-thumbnail","6":"product_cat-autores","7":"product_cat-feal-carlos","8":"product_cat-narrativa","10":"first","11":"instock","12":"taxable","13":"shipping-taxable","14":"purchasable","15":"product-type-simple"},"acf":[],"yoast_head":"<!-- This site is optimized with the Yoast SEO plugin v27.4 - https:\/\/yoast.com\/product\/yoast-seo-wordpress\/ -->\n<title>Vidas y muertes m\u00edas - Ediciones Alfar<\/title>\n<meta name=\"robots\" content=\"index, follow, max-snippet:-1, max-image-preview:large, max-video-preview:-1\" \/>\n<link rel=\"canonical\" href=\"https:\/\/edicionesalfar.es\/es\/producto\/vidas-y-muertes-mias\/\" \/>\n<meta property=\"og:locale\" content=\"es_ES\" \/>\n<meta property=\"og:type\" content=\"article\" \/>\n<meta property=\"og:title\" content=\"Vidas y muertes m\u00edas - Ediciones Alfar\" \/>\n<meta property=\"og:description\" content=\"Tres narradores, Carlos, Xavier y Celso, cuentan sus propias vidas y las de sus amantes o mujeres respectivas. Asimismo cuentan las vidas de los otros dos. El paso continuo de un narrador a otro (otro yo) subraya la medida en que funcionan todos como dobles imaginarios de un ser \u00fanico tras su aparente diversidad. Tambi\u00e9n se dan paralelismos entre los personajes y parejas c\u00e9lebres, como las de Diego Rivera y Frieda Kahlo o J.-P. Sartre y Simone de Beauvoir, cuestionando audazmente mores sexuales y sociales. Parejas y tr\u00edos hacen y deshacen el amor; ejemplifican el poder de Eros, enfrentado constantemente a la disoluci\u00f3n y la muerte, el poder opuesto. Al tema del amor y la muerte se une el del exilio o lejan\u00eda de la tierra natal. La acci\u00f3n transcurre en m\u00faltiples lugares (Estados Unidos, M\u00e9xico, Espa\u00f1a) y queda enmarcada entre el final del franquismo y la destrucci\u00f3n, en 2001, de las Torres Gemelas de Nueva York, la ciudad donde acaban confluyendo y aun\u00e1ndose las tres vidas despu\u00e9s de\u00a0 un largo periplo\" \/>\n<meta property=\"og:url\" content=\"https:\/\/edicionesalfar.es\/es\/producto\/vidas-y-muertes-mias\/\" \/>\n<meta property=\"og:site_name\" content=\"Ediciones Alfar\" \/>\n<meta property=\"article:modified_time\" content=\"2026-02-20T02:21:15+00:00\" \/>\n<meta property=\"og:image\" content=\"https:\/\/edicionesalfar.es\/es\/wp-content\/uploads\/2019\/05\/vidas%20y%20muertes.jpg\" \/>\n\t<meta property=\"og:image:width\" content=\"1\" \/>\n\t<meta property=\"og:image:height\" content=\"1\" \/>\n\t<meta property=\"og:image:type\" content=\"image\/jpeg\" \/>\n<meta name=\"twitter:card\" content=\"summary_large_image\" \/>\n<meta name=\"twitter:label1\" content=\"Tiempo de lectura\" \/>\n\t<meta name=\"twitter:data1\" content=\"1 minuto\" \/>\n<script type=\"application\/ld+json\" class=\"yoast-schema-graph\">{\"@context\":\"https:\\\/\\\/schema.org\",\"@graph\":[{\"@type\":\"WebPage\",\"@id\":\"https:\\\/\\\/edicionesalfar.es\\\/es\\\/producto\\\/vidas-y-muertes-mias\\\/\",\"url\":\"https:\\\/\\\/edicionesalfar.es\\\/es\\\/producto\\\/vidas-y-muertes-mias\\\/\",\"name\":\"Vidas y muertes m\u00edas - Ediciones Alfar\",\"isPartOf\":{\"@id\":\"https:\\\/\\\/edicionesalfar.es\\\/es\\\/#website\"},\"primaryImageOfPage\":{\"@id\":\"https:\\\/\\\/edicionesalfar.es\\\/es\\\/producto\\\/vidas-y-muertes-mias\\\/#primaryimage\"},\"image\":{\"@id\":\"https:\\\/\\\/edicionesalfar.es\\\/es\\\/producto\\\/vidas-y-muertes-mias\\\/#primaryimage\"},\"thumbnailUrl\":\"https:\\\/\\\/edicionesalfar.es\\\/es\\\/wp-content\\\/uploads\\\/2019\\\/05\\\/vidas%20y%20muertes.jpg\",\"datePublished\":\"2019-07-11T05:51:15+00:00\",\"dateModified\":\"2026-02-20T02:21:15+00:00\",\"breadcrumb\":{\"@id\":\"https:\\\/\\\/edicionesalfar.es\\\/es\\\/producto\\\/vidas-y-muertes-mias\\\/#breadcrumb\"},\"inLanguage\":\"es\",\"potentialAction\":[{\"@type\":\"ReadAction\",\"target\":[\"https:\\\/\\\/edicionesalfar.es\\\/es\\\/producto\\\/vidas-y-muertes-mias\\\/\"]}]},{\"@type\":\"ImageObject\",\"inLanguage\":\"es\",\"@id\":\"https:\\\/\\\/edicionesalfar.es\\\/es\\\/producto\\\/vidas-y-muertes-mias\\\/#primaryimage\",\"url\":\"https:\\\/\\\/edicionesalfar.es\\\/es\\\/wp-content\\\/uploads\\\/2019\\\/05\\\/vidas%20y%20muertes.jpg\",\"contentUrl\":\"https:\\\/\\\/edicionesalfar.es\\\/es\\\/wp-content\\\/uploads\\\/2019\\\/05\\\/vidas%20y%20muertes.jpg\"},{\"@type\":\"BreadcrumbList\",\"@id\":\"https:\\\/\\\/edicionesalfar.es\\\/es\\\/producto\\\/vidas-y-muertes-mias\\\/#breadcrumb\",\"itemListElement\":[{\"@type\":\"ListItem\",\"position\":1,\"name\":\"Portada\",\"item\":\"https:\\\/\\\/edicionesalfar.es\\\/es\\\/\"},{\"@type\":\"ListItem\",\"position\":2,\"name\":\"Cat\u00e1logo\",\"item\":\"https:\\\/\\\/edicionesalfar.es\\\/es\\\/catalogo\\\/\"},{\"@type\":\"ListItem\",\"position\":3,\"name\":\"Vidas y muertes m\u00edas\"}]},{\"@type\":\"WebSite\",\"@id\":\"https:\\\/\\\/edicionesalfar.es\\\/es\\\/#website\",\"url\":\"https:\\\/\\\/edicionesalfar.es\\\/es\\\/\",\"name\":\"Ediciones Alfar\",\"description\":\"\",\"potentialAction\":[{\"@type\":\"SearchAction\",\"target\":{\"@type\":\"EntryPoint\",\"urlTemplate\":\"https:\\\/\\\/edicionesalfar.es\\\/es\\\/?s={search_term_string}\"},\"query-input\":{\"@type\":\"PropertyValueSpecification\",\"valueRequired\":true,\"valueName\":\"search_term_string\"}}],\"inLanguage\":\"es\"}]}<\/script>\n<!-- \/ Yoast SEO plugin. -->","yoast_head_json":{"title":"Vidas y muertes m\u00edas - Ediciones Alfar","robots":{"index":"index","follow":"follow","max-snippet":"max-snippet:-1","max-image-preview":"max-image-preview:large","max-video-preview":"max-video-preview:-1"},"canonical":"https:\/\/edicionesalfar.es\/es\/producto\/vidas-y-muertes-mias\/","og_locale":"es_ES","og_type":"article","og_title":"Vidas y muertes m\u00edas - Ediciones Alfar","og_description":"Tres narradores, Carlos, Xavier y Celso, cuentan sus propias vidas y las de sus amantes o mujeres respectivas. Asimismo cuentan las vidas de los otros dos. El paso continuo de un narrador a otro (otro yo) subraya la medida en que funcionan todos como dobles imaginarios de un ser \u00fanico tras su aparente diversidad. Tambi\u00e9n se dan paralelismos entre los personajes y parejas c\u00e9lebres, como las de Diego Rivera y Frieda Kahlo o J.-P. Sartre y Simone de Beauvoir, cuestionando audazmente mores sexuales y sociales. Parejas y tr\u00edos hacen y deshacen el amor; ejemplifican el poder de Eros, enfrentado constantemente a la disoluci\u00f3n y la muerte, el poder opuesto. Al tema del amor y la muerte se une el del exilio o lejan\u00eda de la tierra natal. La acci\u00f3n transcurre en m\u00faltiples lugares (Estados Unidos, M\u00e9xico, Espa\u00f1a) y queda enmarcada entre el final del franquismo y la destrucci\u00f3n, en 2001, de las Torres Gemelas de Nueva York, la ciudad donde acaban confluyendo y aun\u00e1ndose las tres vidas despu\u00e9s de\u00a0 un largo periplo","og_url":"https:\/\/edicionesalfar.es\/es\/producto\/vidas-y-muertes-mias\/","og_site_name":"Ediciones Alfar","article_modified_time":"2026-02-20T02:21:15+00:00","og_image":[{"url":"https:\/\/edicionesalfar.es\/es\/wp-content\/uploads\/2019\/05\/vidas%20y%20muertes.jpg","width":1,"height":1,"type":"image\/jpeg"}],"twitter_card":"summary_large_image","twitter_misc":{"Tiempo de lectura":"1 minuto"},"schema":{"@context":"https:\/\/schema.org","@graph":[{"@type":"WebPage","@id":"https:\/\/edicionesalfar.es\/es\/producto\/vidas-y-muertes-mias\/","url":"https:\/\/edicionesalfar.es\/es\/producto\/vidas-y-muertes-mias\/","name":"Vidas y muertes m\u00edas - Ediciones Alfar","isPartOf":{"@id":"https:\/\/edicionesalfar.es\/es\/#website"},"primaryImageOfPage":{"@id":"https:\/\/edicionesalfar.es\/es\/producto\/vidas-y-muertes-mias\/#primaryimage"},"image":{"@id":"https:\/\/edicionesalfar.es\/es\/producto\/vidas-y-muertes-mias\/#primaryimage"},"thumbnailUrl":"https:\/\/edicionesalfar.es\/es\/wp-content\/uploads\/2019\/05\/vidas%20y%20muertes.jpg","datePublished":"2019-07-11T05:51:15+00:00","dateModified":"2026-02-20T02:21:15+00:00","breadcrumb":{"@id":"https:\/\/edicionesalfar.es\/es\/producto\/vidas-y-muertes-mias\/#breadcrumb"},"inLanguage":"es","potentialAction":[{"@type":"ReadAction","target":["https:\/\/edicionesalfar.es\/es\/producto\/vidas-y-muertes-mias\/"]}]},{"@type":"ImageObject","inLanguage":"es","@id":"https:\/\/edicionesalfar.es\/es\/producto\/vidas-y-muertes-mias\/#primaryimage","url":"https:\/\/edicionesalfar.es\/es\/wp-content\/uploads\/2019\/05\/vidas%20y%20muertes.jpg","contentUrl":"https:\/\/edicionesalfar.es\/es\/wp-content\/uploads\/2019\/05\/vidas%20y%20muertes.jpg"},{"@type":"BreadcrumbList","@id":"https:\/\/edicionesalfar.es\/es\/producto\/vidas-y-muertes-mias\/#breadcrumb","itemListElement":[{"@type":"ListItem","position":1,"name":"Portada","item":"https:\/\/edicionesalfar.es\/es\/"},{"@type":"ListItem","position":2,"name":"Cat\u00e1logo","item":"https:\/\/edicionesalfar.es\/es\/catalogo\/"},{"@type":"ListItem","position":3,"name":"Vidas y muertes m\u00edas"}]},{"@type":"WebSite","@id":"https:\/\/edicionesalfar.es\/es\/#website","url":"https:\/\/edicionesalfar.es\/es\/","name":"Ediciones Alfar","description":"","potentialAction":[{"@type":"SearchAction","target":{"@type":"EntryPoint","urlTemplate":"https:\/\/edicionesalfar.es\/es\/?s={search_term_string}"},"query-input":{"@type":"PropertyValueSpecification","valueRequired":true,"valueName":"search_term_string"}}],"inLanguage":"es"}]}},"_links":{"self":[{"href":"https:\/\/edicionesalfar.es\/es\/wp-json\/wp\/v2\/product\/13952","targetHints":{"allow":["GET"]}}],"collection":[{"href":"https:\/\/edicionesalfar.es\/es\/wp-json\/wp\/v2\/product"}],"about":[{"href":"https:\/\/edicionesalfar.es\/es\/wp-json\/wp\/v2\/types\/product"}],"replies":[{"embeddable":true,"href":"https:\/\/edicionesalfar.es\/es\/wp-json\/wp\/v2\/comments?post=13952"}],"wp:featuredmedia":[{"embeddable":true,"href":"https:\/\/edicionesalfar.es\/es\/wp-json\/wp\/v2\/media\/13953"}],"wp:attachment":[{"href":"https:\/\/edicionesalfar.es\/es\/wp-json\/wp\/v2\/media?parent=13952"}],"wp:term":[{"taxonomy":"product_brand","embeddable":true,"href":"https:\/\/edicionesalfar.es\/es\/wp-json\/wp\/v2\/product_brand?post=13952"},{"taxonomy":"product_cat","embeddable":true,"href":"https:\/\/edicionesalfar.es\/es\/wp-json\/wp\/v2\/product_cat?post=13952"},{"taxonomy":"product_tag","embeddable":true,"href":"https:\/\/edicionesalfar.es\/es\/wp-json\/wp\/v2\/product_tag?post=13952"}],"curies":[{"name":"wp","href":"https:\/\/api.w.org\/{rel}","templated":true}]}}

Vidas y muertes mías

<p style="padding: 0px; margin: 1em 0px 1em 0px;" align="JUSTIFY">das y muertes mías es una fascinante obra de Carlos Feal, que narra la vida de tres personajes y sus respectivas parejas o amantes. El continuo paso de un narrador a otro subraya la medida en que funcionan todos como dobles imaginarios de un ser único tras su aparente diversidad. A su vez, estos personajes reales dan existencia a otros seres literarios, no menos verídicos, cuestionando mores sexuales y sociales.</p>
<p style="padding: 0px; margin: 1em 0px 1em 0px;" align="JUSTIFY">Al tema del amor y la muerte, Carlos Feal suma el del exilio o lejanía de la tierra natal. La acción transcurre en múltiples lugares y queda enmarcada entre el final del franquismo y la destrucción de las Torres Gemelas de Nueva York, la ciudad donde acaban confluyendo las tres vidas tras un largo periplo.</p>
<p style="padding: 0px; margin: 1em 0px 1em 0px;" align="JUSTIFY">Carlos Feal, nacido en La Coruña, es Doctor en Filosofía y Letras por la Universidad Complutense de Madrid. Es autor de múltiples libros y artículos sobre literatura española y comparada, así como relatos en La Voz de Galicia (Premio de los lectores de la serie Relatos de Verán, 2001), y en obras colectivas publicadas por Vagadamia en cooperación con Ediciones del Viento. Actualmente reside en Nueva York.</p>

<p>Tres narradores, Carlos, Xavier y Celso, cuentan sus propias vidas y las de sus amantes o mujeres respectivas. Asimismo cuentan las vidas de los otros dos. El paso continuo de un narrador a otro (otro yo) subraya la medida en que funcionan todos como dobles imaginarios de un ser único tras su aparente diversidad. También se dan paralelismos entre los personajes y parejas célebres, como las de Diego Rivera y Frieda Kahlo o J.-P. Sartre y Simone de Beauvoir, cuestionando audazmente mores sexuales y sociales. Parejas y tríos hacen y deshacen el amor; ejemplifican el poder de Eros, enfrentado constantemente a la disolución y la muerte, el poder opuesto. Al tema del amor y la muerte se une el del exilio o lejanía de la tierra natal. La acción transcurre en múltiples lugares (Estados Unidos, México, España) y queda enmarcada entre el final del franquismo y la destrucción, en 2001, de las Torres Gemelas de Nueva York, la ciudad donde acaban confluyendo y aunándose las tres vidas después de  un largo periplo</p>
<p><a href="http://www.todoebook.com/VIDAS-Y-MUERTES-MIAS-CARLOS-FEAL-EDICIONES-ALFAR-LibroEbook-es-9788478984329.html" target="_blank" rel="noopener"><img decoding="async" src="http://www.edicionesalfar.es/logo-todoebook.gif" /></a></p>

<!-- This site is optimized with the Yoast SEO plugin v27.4 - https://yoast.com/product/yoast-seo-wordpress/ -->
<title>Vidas y muertes mías - Ediciones Alfar</title>
<meta name="robots" content="index, follow, max-snippet:-1, max-image-preview:large, max-video-preview:-1" />
<link rel="canonical" href="https://edicionesalfar.es/es/producto/vidas-y-muertes-mias/" />
<meta property="og:locale" content="es_ES" />
<meta property="og:type" content="article" />
<meta property="og:title" content="Vidas y muertes mías - Ediciones Alfar" />
<meta property="og:description" content="Tres narradores, Carlos, Xavier y Celso, cuentan sus propias vidas y las de sus amantes o mujeres respectivas. Asimismo cuentan las vidas de los otros dos. El paso continuo de un narrador a otro (otro yo) subraya la medida en que funcionan todos como dobles imaginarios de un ser único tras su aparente diversidad. También se dan paralelismos entre los personajes y parejas célebres, como las de Diego Rivera y Frieda Kahlo o J.-P. Sartre y Simone de Beauvoir, cuestionando audazmente mores sexuales y sociales. Parejas y tríos hacen y deshacen el amor; ejemplifican el poder de Eros, enfrentado constantemente a la disolución y la muerte, el poder opuesto. Al tema del amor y la muerte se une el del exilio o lejanía de la tierra natal. La acción transcurre en múltiples lugares (Estados Unidos, México, España) y queda enmarcada entre el final del franquismo y la destrucción, en 2001, de las Torres Gemelas de Nueva York, la ciudad donde acaban confluyendo y aunándose las tres vidas después de  un largo periplo" />
<meta property="og:url" content="https://edicionesalfar.es/es/producto/vidas-y-muertes-mias/" />
<meta property="og:site_name" content="Ediciones Alfar" />
<meta property="article:modified_time" content="2026-02-20T02:21:15+00:00" />
<meta property="og:image" content="https://edicionesalfar.es/es/wp-content/uploads/2019/05/vidas%20y%20muertes.jpg" />
	<meta property="og:image:width" content="1" />
	<meta property="og:image:height" content="1" />
	<meta property="og:image:type" content="image/jpeg" />
<meta name="twitter:card" content="summary_large_image" />
<meta name="twitter:label1" content="Tiempo de lectura" />
	<meta name="twitter:data1" content="1 minuto" />
<script type="application/ld+json" class="yoast-schema-graph">{"@context":"https:\/\/schema.org","@graph":[{"@type":"WebPage","@id":"https:\/\/edicionesalfar.es\/es\/producto\/vidas-y-muertes-mias\/","url":"https:\/\/edicionesalfar.es\/es\/producto\/vidas-y-muertes-mias\/","name":"Vidas y muertes mías - Ediciones Alfar","isPartOf":{"@id":"https:\/\/edicionesalfar.es\/es\/#website"},"primaryImageOfPage":{"@id":"https:\/\/edicionesalfar.es\/es\/producto\/vidas-y-muertes-mias\/#primaryimage"},"image":{"@id":"https:\/\/edicionesalfar.es\/es\/producto\/vidas-y-muertes-mias\/#primaryimage"},"thumbnailUrl":"https:\/\/edicionesalfar.es\/es\/wp-content\/uploads\/2019\/05\/vidas%20y%20muertes.jpg","datePublished":"2019-07-11T05:51:15+00:00","dateModified":"2026-02-20T02:21:15+00:00","breadcrumb":{"@id":"https:\/\/edicionesalfar.es\/es\/producto\/vidas-y-muertes-mias\/#breadcrumb"},"inLanguage":"es","potentialAction":[{"@type":"ReadAction","target":["https:\/\/edicionesalfar.es\/es\/producto\/vidas-y-muertes-mias\/"]}]},{"@type":"ImageObject","inLanguage":"es","@id":"https:\/\/edicionesalfar.es\/es\/producto\/vidas-y-muertes-mias\/#primaryimage","url":"https:\/\/edicionesalfar.es\/es\/wp-content\/uploads\/2019\/05\/vidas%20y%20muertes.jpg","contentUrl":"https:\/\/edicionesalfar.es\/es\/wp-content\/uploads\/2019\/05\/vidas%20y%20muertes.jpg"},{"@type":"BreadcrumbList","@id":"https:\/\/edicionesalfar.es\/es\/producto\/vidas-y-muertes-mias\/#breadcrumb","itemListElement":[{"@type":"ListItem","position":1,"name":"Portada","item":"https:\/\/edicionesalfar.es\/es\/"},{"@type":"ListItem","position":2,"name":"Catálogo","item":"https:\/\/edicionesalfar.es\/es\/catalogo\/"},{"@type":"ListItem","position":3,"name":"Vidas y muertes mías"}]},{"@type":"WebSite","@id":"https:\/\/edicionesalfar.es\/es\/#website","url":"https:\/\/edicionesalfar.es\/es\/","name":"Ediciones Alfar","description":"","potentialAction":[{"@type":"SearchAction","target":{"@type":"EntryPoint","urlTemplate":"https:\/\/edicionesalfar.es\/es\/?s={search_term_string}"},"query-input":{"@type":"PropertyValueSpecification","valueRequired":true,"valueName":"search_term_string"}}],"inLanguage":"es"}]}</script>
<!-- / Yoast SEO plugin. -->

Vidas y muertes mías - Ediciones Alfar

Tres narradores, Carlos, Xavier y Celso, cuentan sus propias vidas y las de sus amantes o mujeres respectivas. Asimismo cuentan las vidas de los otros dos. El paso continuo de un narrador a otro (otro yo) subraya la medida en que funcionan todos como dobles imaginarios de un ser único tras su aparente diversidad. También se dan paralelismos entre los personajes y parejas célebres, como las de Diego Rivera y Frieda Kahlo o J.-P. Sartre y Simone de Beauvoir, cuestionando audazmente mores sexuales y sociales. Parejas y tríos hacen y deshacen el amor; ejemplifican el poder de Eros, enfrentado constantemente a la disolución y la muerte, el poder opuesto. Al tema del amor y la muerte se une el del exilio o lejanía de la tierra natal. La acción transcurre en múltiples lugares (Estados Unidos, México, España) y queda enmarcada entre el final del franquismo y la destrucción, en 2001, de las Torres Gemelas de Nueva York, la ciudad donde acaban confluyendo y aunándose las tres vidas después de  un largo periplo

Catálogo
