{"id":13928,"date":"2019-07-11T05:51:00","date_gmt":"2019-07-11T05:51:00","guid":{"rendered":"http:\/\/www.edicionesalfar.es\/web-wordpress\/?post_type=product\\&#029;p="},"modified":"2024-03-21T14:35:48","modified_gmt":"2024-03-21T13:35:48","slug":"ejemplario-mundano","status":"publish","type":"product","link":"https:\/\/edicionesalfar.es\/es\/producto\/ejemplario-mundano\/","title":{"rendered":"Ejemplario mundano"},"content":{"rendered":"<p style=\"line-height: 0.35cm;\" align=\"JUSTIFY\">CONTENIDO:  Ejemplario mundano, inspirado en la tradici\u00f3n de los Libros de Ejemplos medievales, plantea, a partir de personajes y acontecimientos hist\u00f3ricos, una reflexi\u00f3n cr\u00edtica sobre la compleja realidad de la sociedad en que vivimos.<\/p>\n<p style=\"line-height: 0.35cm;\" align=\"JUSTIFY\">\u00a0<\/p>\n<p style=\"margin-bottom: 0.5cm; line-height: 0.35cm;\">AUTOR:  Antonio Reyes Ruiz (Jerez, 1957) es doctor en Filolog\u00eda por la Universidad de Sevilla y miembro del Grupo de Investigaci\u00f3n Ixbilia de dicha Universidad. Ejerce como profesor de Ense\u00f1anza Secundario en el IES Asta Regia de Jerez y es coordinador del Centro Cultural Al Andalus de Madrid (Tet\u00faan).<\/p>\n<p style=\"margin-bottom: 0.5cm; line-height: 0.35cm;\">Autor de los libros de relatos La luna azul. Cuentos desde Tetu\u00e1n (2005), Letras min\u00fasculas y coda (2009) y Cr\u00f3nicas de reojo (2011), algunos de sus textos han sido recogidos en antolog\u00edas de microrrelatos, como \u201cPiel de serpiente\u201d en Por favor, sea breve 2 (Clara Obligado: P\u00e1ginas de Espuma, 2009) y \u201cEl para\u00edso\u201d, \u201cRelatividad\u201d, \u201cDa\u00f1os y perjucios\u201d, \u201cApostas\u00edas de Navidad IV\u201d y \u201cMil y dos noches\u201d, en Antolog\u00eda del microrrelato espa\u00f1ol (1906-2011). El cuarto g\u00e9nero narrativo (Irene Andr\u00e9s-Su\u00e1rez: C\u00e1tedra, 2012).<\/p>\n<p style=\"margin-bottom: 0.5cm; line-height: 0.35cm;\">Entre sus publicaciones de investigaci\u00f3n destacan Los j\u00f3venes del norte de Marruecos: sus relaciones con Espa\u00f1a y con Andaluc\u00eda. Una mirada desde el otro lado del Estrecho (2011), La artesan\u00eda en la zona de Tetu\u00e1n. Panorama actual y censo de artesanos (2008) y Medinas y ciudades hist\u00f3ricas a ambos lados del Estrecho: Jerez y Tetu\u00e1n (2006). Ha publicado tambi\u00e9n art\u00edculos y ponencias, como \u201cUn estudio de caso: Martil (Tetu\u00e1n)\u201d. Observatorio electoral. Taller de Estudios Internacional del Mediterr\u00e1neo (2009) o \u201cLa primavera \u00e1rabe: los j\u00f3venes, la democracia y la emergencia de valores\u201d, en Di\u00e1logo y derechos culturales. Actas del IV Encuentro Internacional del Di\u00e1logo de Civilizaciones (Santiago de Chile, 2011).<\/p>\n<p style=\"margin-bottom: 0.5cm; line-height: 0.35cm;\">Igualmente es editor de Voces. Poes\u00eda marroqu\u00ed contempor\u00e1nea (2006), Cuentos y relatos de Andaluc\u00eda y Marruecos (2006), Jos\u00e9 Manuel Caballero Bonald. Antologia po\u00e9tica (2007) y Antolog\u00eda de la poes\u00eda femenina marroqu\u00ed (2008, reeditado en Chile en 2011), y responsable de la colecci\u00f3n biling\u00fce \u00e1rabe-espa\u00f1ol Cuadernos Alfar-Ixbilia, de la que hasta el momento han sido publicados once n\u00fameros, dedicados a difundir la narrativa espa\u00f1ola y marroqu\u00eda m\u00e1s actual.<\/p>\n<p style=\"margin-bottom: 0.5cm; line-height: 0.35cm;\">Desde 2003 colabora semanalmente en Diario de Jeresz con la columna de opini\u00f3n Tiene que llover.<\/p>\n","protected":false},"excerpt":{"rendered":"<p>Ejemplario mundano, inspirado en la tradici\u00f3n de los Libros de Ejemplos  medievales, plantea, a partir de personajes y acontecimientos  hist\u00f3ricos, una reflexi\u00f3n cr\u00edtica sobre la compleja realidad de la  sociedad en que vivimos.<\/p>\n","protected":false},"featured_media":13929,"comment_status":"open","ping_status":"open","template":"","meta":{"_acf_changed":false,"_et_pb_use_builder":"","_et_pb_old_content":"","_et_gb_content_width":""},"product_brand":[],"product_cat":[29],"product_tag":[],"class_list":{"0":"post-13928","1":"product","2":"type-product","3":"status-publish","4":"has-post-thumbnail","6":"product_cat-narrativa","8":"first","9":"instock","10":"taxable","11":"shipping-taxable","12":"purchasable","13":"product-type-simple"},"acf":[],"yoast_head":"<!-- This site is optimized with the Yoast SEO plugin v27.5 - https:\/\/yoast.com\/product\/yoast-seo-wordpress\/ -->\n<title>Ejemplario mundano - Ediciones Alfar<\/title>\n<meta name=\"robots\" content=\"index, follow, max-snippet:-1, max-image-preview:large, max-video-preview:-1\" \/>\n<link rel=\"canonical\" href=\"https:\/\/edicionesalfar.es\/es\/producto\/ejemplario-mundano\/\" \/>\n<meta property=\"og:locale\" content=\"es_ES\" \/>\n<meta property=\"og:type\" content=\"article\" \/>\n<meta property=\"og:title\" content=\"Ejemplario mundano - Ediciones Alfar\" \/>\n<meta property=\"og:description\" content=\"Ejemplario mundano, inspirado en la tradici\u00f3n de los Libros de Ejemplos medievales, plantea, a partir de personajes y acontecimientos hist\u00f3ricos, una reflexi\u00f3n cr\u00edtica sobre la compleja realidad de la sociedad en que vivimos.\" \/>\n<meta property=\"og:url\" content=\"https:\/\/edicionesalfar.es\/es\/producto\/ejemplario-mundano\/\" \/>\n<meta property=\"og:site_name\" content=\"Ediciones Alfar\" \/>\n<meta property=\"article:modified_time\" content=\"2024-03-21T13:35:48+00:00\" \/>\n<meta property=\"og:image\" content=\"https:\/\/edicionesalfar.es\/es\/wp-content\/uploads\/2019\/05\/9788478984527_ejemplario.jpg\" \/>\n\t<meta property=\"og:image:width\" content=\"1\" \/>\n\t<meta property=\"og:image:height\" content=\"1\" \/>\n\t<meta property=\"og:image:type\" content=\"image\/jpeg\" \/>\n<meta name=\"twitter:card\" content=\"summary_large_image\" \/>\n<meta name=\"twitter:label1\" content=\"Tiempo de lectura\" \/>\n\t<meta name=\"twitter:data1\" content=\"2 minutos\" \/>\n<script type=\"application\/ld+json\" class=\"yoast-schema-graph\">{\"@context\":\"https:\\\/\\\/schema.org\",\"@graph\":[{\"@type\":\"WebPage\",\"@id\":\"https:\\\/\\\/edicionesalfar.es\\\/es\\\/producto\\\/ejemplario-mundano\\\/\",\"url\":\"https:\\\/\\\/edicionesalfar.es\\\/es\\\/producto\\\/ejemplario-mundano\\\/\",\"name\":\"Ejemplario mundano - Ediciones Alfar\",\"isPartOf\":{\"@id\":\"https:\\\/\\\/edicionesalfar.es\\\/es\\\/#website\"},\"primaryImageOfPage\":{\"@id\":\"https:\\\/\\\/edicionesalfar.es\\\/es\\\/producto\\\/ejemplario-mundano\\\/#primaryimage\"},\"image\":{\"@id\":\"https:\\\/\\\/edicionesalfar.es\\\/es\\\/producto\\\/ejemplario-mundano\\\/#primaryimage\"},\"thumbnailUrl\":\"https:\\\/\\\/edicionesalfar.es\\\/es\\\/wp-content\\\/uploads\\\/2019\\\/05\\\/9788478984527_ejemplario.jpg\",\"datePublished\":\"2019-07-11T05:51:00+00:00\",\"dateModified\":\"2024-03-21T13:35:48+00:00\",\"breadcrumb\":{\"@id\":\"https:\\\/\\\/edicionesalfar.es\\\/es\\\/producto\\\/ejemplario-mundano\\\/#breadcrumb\"},\"inLanguage\":\"es\",\"potentialAction\":[{\"@type\":\"ReadAction\",\"target\":[\"https:\\\/\\\/edicionesalfar.es\\\/es\\\/producto\\\/ejemplario-mundano\\\/\"]}]},{\"@type\":\"ImageObject\",\"inLanguage\":\"es\",\"@id\":\"https:\\\/\\\/edicionesalfar.es\\\/es\\\/producto\\\/ejemplario-mundano\\\/#primaryimage\",\"url\":\"https:\\\/\\\/edicionesalfar.es\\\/es\\\/wp-content\\\/uploads\\\/2019\\\/05\\\/9788478984527_ejemplario.jpg\",\"contentUrl\":\"https:\\\/\\\/edicionesalfar.es\\\/es\\\/wp-content\\\/uploads\\\/2019\\\/05\\\/9788478984527_ejemplario.jpg\"},{\"@type\":\"BreadcrumbList\",\"@id\":\"https:\\\/\\\/edicionesalfar.es\\\/es\\\/producto\\\/ejemplario-mundano\\\/#breadcrumb\",\"itemListElement\":[{\"@type\":\"ListItem\",\"position\":1,\"name\":\"Portada\",\"item\":\"https:\\\/\\\/edicionesalfar.es\\\/es\\\/\"},{\"@type\":\"ListItem\",\"position\":2,\"name\":\"Cat\u00e1logo\",\"item\":\"https:\\\/\\\/edicionesalfar.es\\\/es\\\/catalogo\\\/\"},{\"@type\":\"ListItem\",\"position\":3,\"name\":\"Ejemplario mundano\"}]},{\"@type\":\"WebSite\",\"@id\":\"https:\\\/\\\/edicionesalfar.es\\\/es\\\/#website\",\"url\":\"https:\\\/\\\/edicionesalfar.es\\\/es\\\/\",\"name\":\"Ediciones Alfar\",\"description\":\"\",\"potentialAction\":[{\"@type\":\"SearchAction\",\"target\":{\"@type\":\"EntryPoint\",\"urlTemplate\":\"https:\\\/\\\/edicionesalfar.es\\\/es\\\/?s={search_term_string}\"},\"query-input\":{\"@type\":\"PropertyValueSpecification\",\"valueRequired\":true,\"valueName\":\"search_term_string\"}}],\"inLanguage\":\"es\"}]}<\/script>\n<!-- \/ Yoast SEO plugin. -->","yoast_head_json":{"title":"Ejemplario mundano - Ediciones Alfar","robots":{"index":"index","follow":"follow","max-snippet":"max-snippet:-1","max-image-preview":"max-image-preview:large","max-video-preview":"max-video-preview:-1"},"canonical":"https:\/\/edicionesalfar.es\/es\/producto\/ejemplario-mundano\/","og_locale":"es_ES","og_type":"article","og_title":"Ejemplario mundano - Ediciones Alfar","og_description":"Ejemplario mundano, inspirado en la tradici\u00f3n de los Libros de Ejemplos medievales, plantea, a partir de personajes y acontecimientos hist\u00f3ricos, una reflexi\u00f3n cr\u00edtica sobre la compleja realidad de la sociedad en que vivimos.","og_url":"https:\/\/edicionesalfar.es\/es\/producto\/ejemplario-mundano\/","og_site_name":"Ediciones Alfar","article_modified_time":"2024-03-21T13:35:48+00:00","og_image":[{"url":"https:\/\/edicionesalfar.es\/es\/wp-content\/uploads\/2019\/05\/9788478984527_ejemplario.jpg","width":1,"height":1,"type":"image\/jpeg"}],"twitter_card":"summary_large_image","twitter_misc":{"Tiempo de lectura":"2 minutos"},"schema":{"@context":"https:\/\/schema.org","@graph":[{"@type":"WebPage","@id":"https:\/\/edicionesalfar.es\/es\/producto\/ejemplario-mundano\/","url":"https:\/\/edicionesalfar.es\/es\/producto\/ejemplario-mundano\/","name":"Ejemplario mundano - Ediciones Alfar","isPartOf":{"@id":"https:\/\/edicionesalfar.es\/es\/#website"},"primaryImageOfPage":{"@id":"https:\/\/edicionesalfar.es\/es\/producto\/ejemplario-mundano\/#primaryimage"},"image":{"@id":"https:\/\/edicionesalfar.es\/es\/producto\/ejemplario-mundano\/#primaryimage"},"thumbnailUrl":"https:\/\/edicionesalfar.es\/es\/wp-content\/uploads\/2019\/05\/9788478984527_ejemplario.jpg","datePublished":"2019-07-11T05:51:00+00:00","dateModified":"2024-03-21T13:35:48+00:00","breadcrumb":{"@id":"https:\/\/edicionesalfar.es\/es\/producto\/ejemplario-mundano\/#breadcrumb"},"inLanguage":"es","potentialAction":[{"@type":"ReadAction","target":["https:\/\/edicionesalfar.es\/es\/producto\/ejemplario-mundano\/"]}]},{"@type":"ImageObject","inLanguage":"es","@id":"https:\/\/edicionesalfar.es\/es\/producto\/ejemplario-mundano\/#primaryimage","url":"https:\/\/edicionesalfar.es\/es\/wp-content\/uploads\/2019\/05\/9788478984527_ejemplario.jpg","contentUrl":"https:\/\/edicionesalfar.es\/es\/wp-content\/uploads\/2019\/05\/9788478984527_ejemplario.jpg"},{"@type":"BreadcrumbList","@id":"https:\/\/edicionesalfar.es\/es\/producto\/ejemplario-mundano\/#breadcrumb","itemListElement":[{"@type":"ListItem","position":1,"name":"Portada","item":"https:\/\/edicionesalfar.es\/es\/"},{"@type":"ListItem","position":2,"name":"Cat\u00e1logo","item":"https:\/\/edicionesalfar.es\/es\/catalogo\/"},{"@type":"ListItem","position":3,"name":"Ejemplario mundano"}]},{"@type":"WebSite","@id":"https:\/\/edicionesalfar.es\/es\/#website","url":"https:\/\/edicionesalfar.es\/es\/","name":"Ediciones Alfar","description":"","potentialAction":[{"@type":"SearchAction","target":{"@type":"EntryPoint","urlTemplate":"https:\/\/edicionesalfar.es\/es\/?s={search_term_string}"},"query-input":{"@type":"PropertyValueSpecification","valueRequired":true,"valueName":"search_term_string"}}],"inLanguage":"es"}]}},"_links":{"self":[{"href":"https:\/\/edicionesalfar.es\/es\/wp-json\/wp\/v2\/product\/13928","targetHints":{"allow":["GET"]}}],"collection":[{"href":"https:\/\/edicionesalfar.es\/es\/wp-json\/wp\/v2\/product"}],"about":[{"href":"https:\/\/edicionesalfar.es\/es\/wp-json\/wp\/v2\/types\/product"}],"replies":[{"embeddable":true,"href":"https:\/\/edicionesalfar.es\/es\/wp-json\/wp\/v2\/comments?post=13928"}],"wp:featuredmedia":[{"embeddable":true,"href":"https:\/\/edicionesalfar.es\/es\/wp-json\/wp\/v2\/media\/13929"}],"wp:attachment":[{"href":"https:\/\/edicionesalfar.es\/es\/wp-json\/wp\/v2\/media?parent=13928"}],"wp:term":[{"taxonomy":"product_brand","embeddable":true,"href":"https:\/\/edicionesalfar.es\/es\/wp-json\/wp\/v2\/product_brand?post=13928"},{"taxonomy":"product_cat","embeddable":true,"href":"https:\/\/edicionesalfar.es\/es\/wp-json\/wp\/v2\/product_cat?post=13928"},{"taxonomy":"product_tag","embeddable":true,"href":"https:\/\/edicionesalfar.es\/es\/wp-json\/wp\/v2\/product_tag?post=13928"}],"curies":[{"name":"wp","href":"https:\/\/api.w.org\/{rel}","templated":true}]}}

<p style="line-height: 0.35cm;" align="JUSTIFY">CONTENIDO:  Ejemplario mundano, inspirado en la tradición de los Libros de Ejemplos medievales, plantea, a partir de personajes y acontecimientos históricos, una reflexión crítica sobre la compleja realidad de la sociedad en que vivimos.</p>
<p style="line-height: 0.35cm;" align="JUSTIFY"> </p>
<p style="margin-bottom: 0.5cm; line-height: 0.35cm;">AUTOR:  Antonio Reyes Ruiz (Jerez, 1957) es doctor en Filología por la Universidad de Sevilla y miembro del Grupo de Investigación Ixbilia de dicha Universidad. Ejerce como profesor de Enseñanza Secundario en el IES Asta Regia de Jerez y es coordinador del Centro Cultural Al Andalus de Madrid (Tetúan).</p>
<p style="margin-bottom: 0.5cm; line-height: 0.35cm;">Autor de los libros de relatos La luna azul. Cuentos desde Tetuán (2005), Letras minúsculas y coda (2009) y Crónicas de reojo (2011), algunos de sus textos han sido recogidos en antologías de microrrelatos, como “Piel de serpiente” en Por favor, sea breve 2 (Clara Obligado: Páginas de Espuma, 2009) y “El paraíso”, “Relatividad”, “Daños y perjucios”, “Apostasías de Navidad IV” y “Mil y dos noches”, en Antología del microrrelato español (1906-2011). El cuarto género narrativo (Irene Andrés-Suárez: Cátedra, 2012).</p>
<p style="margin-bottom: 0.5cm; line-height: 0.35cm;">Entre sus publicaciones de investigación destacan Los jóvenes del norte de Marruecos: sus relaciones con España y con Andalucía. Una mirada desde el otro lado del Estrecho (2011), La artesanía en la zona de Tetuán. Panorama actual y censo de artesanos (2008) y Medinas y ciudades históricas a ambos lados del Estrecho: Jerez y Tetuán (2006). Ha publicado también artículos y ponencias, como “Un estudio de caso: Martil (Tetuán)”. Observatorio electoral. Taller de Estudios Internacional del Mediterráneo (2009) o “La primavera árabe: los jóvenes, la democracia y la emergencia de valores”, en Diálogo y derechos culturales. Actas del IV Encuentro Internacional del Diálogo de Civilizaciones (Santiago de Chile, 2011).</p>
<p style="margin-bottom: 0.5cm; line-height: 0.35cm;">Igualmente es editor de Voces. Poesía marroquí contemporánea (2006), Cuentos y relatos de Andalucía y Marruecos (2006), José Manuel Caballero Bonald. Antologia poética (2007) y Antología de la poesía femenina marroquí (2008, reeditado en Chile en 2011), y responsable de la colección bilingüe árabe-español Cuadernos Alfar-Ixbilia, de la que hasta el momento han sido publicados once números, dedicados a difundir la narrativa española y marroquía más actual.</p>
<p style="margin-bottom: 0.5cm; line-height: 0.35cm;">Desde 2003 colabora semanalmente en Diario de Jeresz con la columna de opinión Tiene que llover.</p>

<p>Ejemplario mundano, inspirado en la tradición de los Libros de Ejemplos  medievales, plantea, a partir de personajes y acontecimientos  históricos, una reflexión crítica sobre la compleja realidad de la  sociedad en que vivimos.</p>

<!-- This site is optimized with the Yoast SEO plugin v27.5 - https://yoast.com/product/yoast-seo-wordpress/ -->
<title>Ejemplario mundano - Ediciones Alfar</title>
<meta name="robots" content="index, follow, max-snippet:-1, max-image-preview:large, max-video-preview:-1" />
<link rel="canonical" href="https://edicionesalfar.es/es/producto/ejemplario-mundano/" />
<meta property="og:locale" content="es_ES" />
<meta property="og:type" content="article" />
<meta property="og:title" content="Ejemplario mundano - Ediciones Alfar" />
<meta property="og:description" content="Ejemplario mundano, inspirado en la tradición de los Libros de Ejemplos medievales, plantea, a partir de personajes y acontecimientos históricos, una reflexión crítica sobre la compleja realidad de la sociedad en que vivimos." />
<meta property="og:url" content="https://edicionesalfar.es/es/producto/ejemplario-mundano/" />
<meta property="og:site_name" content="Ediciones Alfar" />
<meta property="article:modified_time" content="2024-03-21T13:35:48+00:00" />
<meta property="og:image" content="https://edicionesalfar.es/es/wp-content/uploads/2019/05/9788478984527_ejemplario.jpg" />
	<meta property="og:image:width" content="1" />
	<meta property="og:image:height" content="1" />
	<meta property="og:image:type" content="image/jpeg" />
<meta name="twitter:card" content="summary_large_image" />
<meta name="twitter:label1" content="Tiempo de lectura" />
	<meta name="twitter:data1" content="2 minutos" />
<script type="application/ld+json" class="yoast-schema-graph">{"@context":"https:\/\/schema.org","@graph":[{"@type":"WebPage","@id":"https:\/\/edicionesalfar.es\/es\/producto\/ejemplario-mundano\/","url":"https:\/\/edicionesalfar.es\/es\/producto\/ejemplario-mundano\/","name":"Ejemplario mundano - Ediciones Alfar","isPartOf":{"@id":"https:\/\/edicionesalfar.es\/es\/#website"},"primaryImageOfPage":{"@id":"https:\/\/edicionesalfar.es\/es\/producto\/ejemplario-mundano\/#primaryimage"},"image":{"@id":"https:\/\/edicionesalfar.es\/es\/producto\/ejemplario-mundano\/#primaryimage"},"thumbnailUrl":"https:\/\/edicionesalfar.es\/es\/wp-content\/uploads\/2019\/05\/9788478984527_ejemplario.jpg","datePublished":"2019-07-11T05:51:00+00:00","dateModified":"2024-03-21T13:35:48+00:00","breadcrumb":{"@id":"https:\/\/edicionesalfar.es\/es\/producto\/ejemplario-mundano\/#breadcrumb"},"inLanguage":"es","potentialAction":[{"@type":"ReadAction","target":["https:\/\/edicionesalfar.es\/es\/producto\/ejemplario-mundano\/"]}]},{"@type":"ImageObject","inLanguage":"es","@id":"https:\/\/edicionesalfar.es\/es\/producto\/ejemplario-mundano\/#primaryimage","url":"https:\/\/edicionesalfar.es\/es\/wp-content\/uploads\/2019\/05\/9788478984527_ejemplario.jpg","contentUrl":"https:\/\/edicionesalfar.es\/es\/wp-content\/uploads\/2019\/05\/9788478984527_ejemplario.jpg"},{"@type":"BreadcrumbList","@id":"https:\/\/edicionesalfar.es\/es\/producto\/ejemplario-mundano\/#breadcrumb","itemListElement":[{"@type":"ListItem","position":1,"name":"Portada","item":"https:\/\/edicionesalfar.es\/es\/"},{"@type":"ListItem","position":2,"name":"Catálogo","item":"https:\/\/edicionesalfar.es\/es\/catalogo\/"},{"@type":"ListItem","position":3,"name":"Ejemplario mundano"}]},{"@type":"WebSite","@id":"https:\/\/edicionesalfar.es\/es\/#website","url":"https:\/\/edicionesalfar.es\/es\/","name":"Ediciones Alfar","description":"","potentialAction":[{"@type":"SearchAction","target":{"@type":"EntryPoint","urlTemplate":"https:\/\/edicionesalfar.es\/es\/?s={search_term_string}"},"query-input":{"@type":"PropertyValueSpecification","valueRequired":true,"valueName":"search_term_string"}}],"inLanguage":"es"}]}</script>
<!-- / Yoast SEO plugin. -->

Ejemplario mundano, inspirado en la tradición de los Libros de Ejemplos medievales, plantea, a partir de personajes y acontecimientos históricos, una reflexión crítica sobre la compleja realidad de la sociedad en que vivimos.

Catálogo
