{"id":13812,"date":"2019-07-11T05:50:02","date_gmt":"2019-07-11T05:50:02","guid":{"rendered":"http:\/\/www.edicionesalfar.es\/web-wordpress\/?post_type=product&#038;#021;p="},"modified":"2025-03-10T12:59:59","modified_gmt":"2025-03-10T11:59:59","slug":"lirismo-y-humor-manuel-machado-y-la-poesia-ironica-moderna","status":"publish","type":"product","link":"https:\/\/edicionesalfar.es\/es\/producto\/lirismo-y-humor-manuel-machado-y-la-poesia-ironica-moderna\/","title":{"rendered":"LIRISMO Y HUMOR. Manuel Machado y la poes\u00eda ir\u00f3nica moderna"},"content":{"rendered":"<p>LIRISMO Y HUMOR. Manuel Machado y la poes\u00eda ir\u00f3nica moderna<\/p>\n","protected":false},"excerpt":{"rendered":"<p><span style=\"font-family: Book Antiqua,Times New Roman,Times;\"><span style=\"font-family: Arial; font-size: x-small;\"><span style=\"font-size: 10pt;\"><span style=\"font-family: georgia,palatino;\">I<\/span><\/span><\/span><\/span><span style=\"font-family: Book Antiqua,Times New Roman,Times;\"><span style=\"font-family: Arial; font-size: x-small;\"><span style=\"font-size: 10pt;\"><span style=\"font-family: georgia,palatino;\">nterpreta la Poes\u00eda Ir\u00f3nica Moderna, y sit\u00faa en ella la obra de M. Machado.<\/span><\/span><\/span><\/span><\/p>\n","protected":false},"featured_media":5,"comment_status":"open","ping_status":"closed","template":"","meta":{"_acf_changed":false,"_et_pb_use_builder":"","_et_pb_old_content":"","_et_gb_content_width":""},"product_brand":[],"product_cat":[21],"product_tag":[],"class_list":{"0":"post-13812","1":"product","2":"type-product","3":"status-publish","4":"has-post-thumbnail","6":"product_cat-estudios-literarios","8":"first","9":"instock","10":"taxable","11":"shipping-taxable","12":"purchasable","13":"product-type-simple"},"acf":[],"yoast_head":"<!-- This site is optimized with the Yoast SEO plugin v27.5 - https:\/\/yoast.com\/product\/yoast-seo-wordpress\/ -->\n<title>LIRISMO Y HUMOR. Manuel Machado y la poes\u00eda ir\u00f3nica moderna - Ediciones Alfar<\/title>\n<meta name=\"robots\" content=\"index, follow, max-snippet:-1, max-image-preview:large, max-video-preview:-1\" \/>\n<link rel=\"canonical\" href=\"https:\/\/edicionesalfar.es\/es\/producto\/lirismo-y-humor-manuel-machado-y-la-poesia-ironica-moderna\/\" \/>\n<meta property=\"og:locale\" content=\"es_ES\" \/>\n<meta property=\"og:type\" content=\"article\" \/>\n<meta property=\"og:title\" content=\"LIRISMO Y HUMOR. Manuel Machado y la poes\u00eda ir\u00f3nica moderna - Ediciones Alfar\" \/>\n<meta property=\"og:description\" content=\"Interpreta la Poes\u00eda Ir\u00f3nica Moderna, y sit\u00faa en ella la obra de M. Machado.\" \/>\n<meta property=\"og:url\" content=\"https:\/\/edicionesalfar.es\/es\/producto\/lirismo-y-humor-manuel-machado-y-la-poesia-ironica-moderna\/\" \/>\n<meta property=\"og:site_name\" content=\"Ediciones Alfar\" \/>\n<meta property=\"article:modified_time\" content=\"2025-03-10T11:59:59+00:00\" \/>\n<meta property=\"og:image\" content=\"https:\/\/edicionesalfar.es\/es\/wp-content\/uploads\/woocommerce-placeholder.png\" \/>\n\t<meta property=\"og:image:width\" content=\"1200\" \/>\n\t<meta property=\"og:image:height\" content=\"1200\" \/>\n\t<meta property=\"og:image:type\" content=\"image\/png\" \/>\n<meta name=\"twitter:card\" content=\"summary_large_image\" \/>\n<meta name=\"twitter:label1\" content=\"Tiempo de lectura\" \/>\n\t<meta name=\"twitter:data1\" content=\"1 minuto\" \/>\n<script type=\"application\/ld+json\" class=\"yoast-schema-graph\">{\"@context\":\"https:\\\/\\\/schema.org\",\"@graph\":[{\"@type\":\"WebPage\",\"@id\":\"https:\\\/\\\/edicionesalfar.es\\\/es\\\/producto\\\/lirismo-y-humor-manuel-machado-y-la-poesia-ironica-moderna\\\/\",\"url\":\"https:\\\/\\\/edicionesalfar.es\\\/es\\\/producto\\\/lirismo-y-humor-manuel-machado-y-la-poesia-ironica-moderna\\\/\",\"name\":\"LIRISMO Y HUMOR. Manuel Machado y la poes\u00eda ir\u00f3nica moderna - Ediciones Alfar\",\"isPartOf\":{\"@id\":\"https:\\\/\\\/edicionesalfar.es\\\/es\\\/#website\"},\"primaryImageOfPage\":{\"@id\":\"https:\\\/\\\/edicionesalfar.es\\\/es\\\/producto\\\/lirismo-y-humor-manuel-machado-y-la-poesia-ironica-moderna\\\/#primaryimage\"},\"image\":{\"@id\":\"https:\\\/\\\/edicionesalfar.es\\\/es\\\/producto\\\/lirismo-y-humor-manuel-machado-y-la-poesia-ironica-moderna\\\/#primaryimage\"},\"thumbnailUrl\":\"https:\\\/\\\/edicionesalfar.es\\\/es\\\/wp-content\\\/uploads\\\/woocommerce-placeholder.png\",\"datePublished\":\"2019-07-11T05:50:02+00:00\",\"dateModified\":\"2025-03-10T11:59:59+00:00\",\"breadcrumb\":{\"@id\":\"https:\\\/\\\/edicionesalfar.es\\\/es\\\/producto\\\/lirismo-y-humor-manuel-machado-y-la-poesia-ironica-moderna\\\/#breadcrumb\"},\"inLanguage\":\"es\",\"potentialAction\":[{\"@type\":\"ReadAction\",\"target\":[\"https:\\\/\\\/edicionesalfar.es\\\/es\\\/producto\\\/lirismo-y-humor-manuel-machado-y-la-poesia-ironica-moderna\\\/\"]}]},{\"@type\":\"ImageObject\",\"inLanguage\":\"es\",\"@id\":\"https:\\\/\\\/edicionesalfar.es\\\/es\\\/producto\\\/lirismo-y-humor-manuel-machado-y-la-poesia-ironica-moderna\\\/#primaryimage\",\"url\":\"https:\\\/\\\/edicionesalfar.es\\\/es\\\/wp-content\\\/uploads\\\/woocommerce-placeholder.png\",\"contentUrl\":\"https:\\\/\\\/edicionesalfar.es\\\/es\\\/wp-content\\\/uploads\\\/woocommerce-placeholder.png\",\"width\":1200,\"height\":1200},{\"@type\":\"BreadcrumbList\",\"@id\":\"https:\\\/\\\/edicionesalfar.es\\\/es\\\/producto\\\/lirismo-y-humor-manuel-machado-y-la-poesia-ironica-moderna\\\/#breadcrumb\",\"itemListElement\":[{\"@type\":\"ListItem\",\"position\":1,\"name\":\"Portada\",\"item\":\"https:\\\/\\\/edicionesalfar.es\\\/es\\\/\"},{\"@type\":\"ListItem\",\"position\":2,\"name\":\"Cat\u00e1logo\",\"item\":\"https:\\\/\\\/edicionesalfar.es\\\/es\\\/catalogo\\\/\"},{\"@type\":\"ListItem\",\"position\":3,\"name\":\"LIRISMO Y HUMOR. Manuel Machado y la poes\u00eda ir\u00f3nica moderna\"}]},{\"@type\":\"WebSite\",\"@id\":\"https:\\\/\\\/edicionesalfar.es\\\/es\\\/#website\",\"url\":\"https:\\\/\\\/edicionesalfar.es\\\/es\\\/\",\"name\":\"Ediciones Alfar\",\"description\":\"\",\"potentialAction\":[{\"@type\":\"SearchAction\",\"target\":{\"@type\":\"EntryPoint\",\"urlTemplate\":\"https:\\\/\\\/edicionesalfar.es\\\/es\\\/?s={search_term_string}\"},\"query-input\":{\"@type\":\"PropertyValueSpecification\",\"valueRequired\":true,\"valueName\":\"search_term_string\"}}],\"inLanguage\":\"es\"}]}<\/script>\n<!-- \/ Yoast SEO plugin. -->","yoast_head_json":{"title":"LIRISMO Y HUMOR. Manuel Machado y la poes\u00eda ir\u00f3nica moderna - Ediciones Alfar","robots":{"index":"index","follow":"follow","max-snippet":"max-snippet:-1","max-image-preview":"max-image-preview:large","max-video-preview":"max-video-preview:-1"},"canonical":"https:\/\/edicionesalfar.es\/es\/producto\/lirismo-y-humor-manuel-machado-y-la-poesia-ironica-moderna\/","og_locale":"es_ES","og_type":"article","og_title":"LIRISMO Y HUMOR. Manuel Machado y la poes\u00eda ir\u00f3nica moderna - Ediciones Alfar","og_description":"Interpreta la Poes\u00eda Ir\u00f3nica Moderna, y sit\u00faa en ella la obra de M. Machado.","og_url":"https:\/\/edicionesalfar.es\/es\/producto\/lirismo-y-humor-manuel-machado-y-la-poesia-ironica-moderna\/","og_site_name":"Ediciones Alfar","article_modified_time":"2025-03-10T11:59:59+00:00","og_image":[{"width":1200,"height":1200,"url":"https:\/\/edicionesalfar.es\/es\/wp-content\/uploads\/woocommerce-placeholder.png","type":"image\/png"}],"twitter_card":"summary_large_image","twitter_misc":{"Tiempo de lectura":"1 minuto"},"schema":{"@context":"https:\/\/schema.org","@graph":[{"@type":"WebPage","@id":"https:\/\/edicionesalfar.es\/es\/producto\/lirismo-y-humor-manuel-machado-y-la-poesia-ironica-moderna\/","url":"https:\/\/edicionesalfar.es\/es\/producto\/lirismo-y-humor-manuel-machado-y-la-poesia-ironica-moderna\/","name":"LIRISMO Y HUMOR. Manuel Machado y la poes\u00eda ir\u00f3nica moderna - Ediciones Alfar","isPartOf":{"@id":"https:\/\/edicionesalfar.es\/es\/#website"},"primaryImageOfPage":{"@id":"https:\/\/edicionesalfar.es\/es\/producto\/lirismo-y-humor-manuel-machado-y-la-poesia-ironica-moderna\/#primaryimage"},"image":{"@id":"https:\/\/edicionesalfar.es\/es\/producto\/lirismo-y-humor-manuel-machado-y-la-poesia-ironica-moderna\/#primaryimage"},"thumbnailUrl":"https:\/\/edicionesalfar.es\/es\/wp-content\/uploads\/woocommerce-placeholder.png","datePublished":"2019-07-11T05:50:02+00:00","dateModified":"2025-03-10T11:59:59+00:00","breadcrumb":{"@id":"https:\/\/edicionesalfar.es\/es\/producto\/lirismo-y-humor-manuel-machado-y-la-poesia-ironica-moderna\/#breadcrumb"},"inLanguage":"es","potentialAction":[{"@type":"ReadAction","target":["https:\/\/edicionesalfar.es\/es\/producto\/lirismo-y-humor-manuel-machado-y-la-poesia-ironica-moderna\/"]}]},{"@type":"ImageObject","inLanguage":"es","@id":"https:\/\/edicionesalfar.es\/es\/producto\/lirismo-y-humor-manuel-machado-y-la-poesia-ironica-moderna\/#primaryimage","url":"https:\/\/edicionesalfar.es\/es\/wp-content\/uploads\/woocommerce-placeholder.png","contentUrl":"https:\/\/edicionesalfar.es\/es\/wp-content\/uploads\/woocommerce-placeholder.png","width":1200,"height":1200},{"@type":"BreadcrumbList","@id":"https:\/\/edicionesalfar.es\/es\/producto\/lirismo-y-humor-manuel-machado-y-la-poesia-ironica-moderna\/#breadcrumb","itemListElement":[{"@type":"ListItem","position":1,"name":"Portada","item":"https:\/\/edicionesalfar.es\/es\/"},{"@type":"ListItem","position":2,"name":"Cat\u00e1logo","item":"https:\/\/edicionesalfar.es\/es\/catalogo\/"},{"@type":"ListItem","position":3,"name":"LIRISMO Y HUMOR. Manuel Machado y la poes\u00eda ir\u00f3nica moderna"}]},{"@type":"WebSite","@id":"https:\/\/edicionesalfar.es\/es\/#website","url":"https:\/\/edicionesalfar.es\/es\/","name":"Ediciones Alfar","description":"","potentialAction":[{"@type":"SearchAction","target":{"@type":"EntryPoint","urlTemplate":"https:\/\/edicionesalfar.es\/es\/?s={search_term_string}"},"query-input":{"@type":"PropertyValueSpecification","valueRequired":true,"valueName":"search_term_string"}}],"inLanguage":"es"}]}},"_links":{"self":[{"href":"https:\/\/edicionesalfar.es\/es\/wp-json\/wp\/v2\/product\/13812","targetHints":{"allow":["GET"]}}],"collection":[{"href":"https:\/\/edicionesalfar.es\/es\/wp-json\/wp\/v2\/product"}],"about":[{"href":"https:\/\/edicionesalfar.es\/es\/wp-json\/wp\/v2\/types\/product"}],"replies":[{"embeddable":true,"href":"https:\/\/edicionesalfar.es\/es\/wp-json\/wp\/v2\/comments?post=13812"}],"wp:featuredmedia":[{"embeddable":true,"href":"https:\/\/edicionesalfar.es\/es\/wp-json\/wp\/v2\/media\/5"}],"wp:attachment":[{"href":"https:\/\/edicionesalfar.es\/es\/wp-json\/wp\/v2\/media?parent=13812"}],"wp:term":[{"taxonomy":"product_brand","embeddable":true,"href":"https:\/\/edicionesalfar.es\/es\/wp-json\/wp\/v2\/product_brand?post=13812"},{"taxonomy":"product_cat","embeddable":true,"href":"https:\/\/edicionesalfar.es\/es\/wp-json\/wp\/v2\/product_cat?post=13812"},{"taxonomy":"product_tag","embeddable":true,"href":"https:\/\/edicionesalfar.es\/es\/wp-json\/wp\/v2\/product_tag?post=13812"}],"curies":[{"name":"wp","href":"https:\/\/api.w.org\/{rel}","templated":true}]}}

LIRISMO Y HUMOR. Manuel Machado y la poesía irónica moderna

<p>LIRISMO Y HUMOR. Manuel Machado y la poesía irónica moderna</p>

<p><span style="font-family: Book Antiqua,Times New Roman,Times;"><span style="font-family: Arial; font-size: x-small;"><span style="font-size: 10pt;"><span style="font-family: georgia,palatino;">I</span></span></span></span><span style="font-family: Book Antiqua,Times New Roman,Times;"><span style="font-family: Arial; font-size: x-small;"><span style="font-size: 10pt;"><span style="font-family: georgia,palatino;">nterpreta la Poesía Irónica Moderna, y sitúa en ella la obra de M. Machado.</span></span></span></span></p>

<!-- This site is optimized with the Yoast SEO plugin v27.5 - https://yoast.com/product/yoast-seo-wordpress/ -->
<title>LIRISMO Y HUMOR. Manuel Machado y la poesía irónica moderna - Ediciones Alfar</title>
<meta name="robots" content="index, follow, max-snippet:-1, max-image-preview:large, max-video-preview:-1" />
<link rel="canonical" href="https://edicionesalfar.es/es/producto/lirismo-y-humor-manuel-machado-y-la-poesia-ironica-moderna/" />
<meta property="og:locale" content="es_ES" />
<meta property="og:type" content="article" />
<meta property="og:title" content="LIRISMO Y HUMOR. Manuel Machado y la poesía irónica moderna - Ediciones Alfar" />
<meta property="og:description" content="Interpreta la Poesía Irónica Moderna, y sitúa en ella la obra de M. Machado." />
<meta property="og:url" content="https://edicionesalfar.es/es/producto/lirismo-y-humor-manuel-machado-y-la-poesia-ironica-moderna/" />
<meta property="og:site_name" content="Ediciones Alfar" />
<meta property="article:modified_time" content="2025-03-10T11:59:59+00:00" />
<meta property="og:image" content="https://edicionesalfar.es/es/wp-content/uploads/woocommerce-placeholder.png" />
	<meta property="og:image:width" content="1200" />
	<meta property="og:image:height" content="1200" />
	<meta property="og:image:type" content="image/png" />
<meta name="twitter:card" content="summary_large_image" />
<meta name="twitter:label1" content="Tiempo de lectura" />
	<meta name="twitter:data1" content="1 minuto" />
<script type="application/ld+json" class="yoast-schema-graph">{"@context":"https:\/\/schema.org","@graph":[{"@type":"WebPage","@id":"https:\/\/edicionesalfar.es\/es\/producto\/lirismo-y-humor-manuel-machado-y-la-poesia-ironica-moderna\/","url":"https:\/\/edicionesalfar.es\/es\/producto\/lirismo-y-humor-manuel-machado-y-la-poesia-ironica-moderna\/","name":"LIRISMO Y HUMOR. Manuel Machado y la poesía irónica moderna - Ediciones Alfar","isPartOf":{"@id":"https:\/\/edicionesalfar.es\/es\/#website"},"primaryImageOfPage":{"@id":"https:\/\/edicionesalfar.es\/es\/producto\/lirismo-y-humor-manuel-machado-y-la-poesia-ironica-moderna\/#primaryimage"},"image":{"@id":"https:\/\/edicionesalfar.es\/es\/producto\/lirismo-y-humor-manuel-machado-y-la-poesia-ironica-moderna\/#primaryimage"},"thumbnailUrl":"https:\/\/edicionesalfar.es\/es\/wp-content\/uploads\/woocommerce-placeholder.png","datePublished":"2019-07-11T05:50:02+00:00","dateModified":"2025-03-10T11:59:59+00:00","breadcrumb":{"@id":"https:\/\/edicionesalfar.es\/es\/producto\/lirismo-y-humor-manuel-machado-y-la-poesia-ironica-moderna\/#breadcrumb"},"inLanguage":"es","potentialAction":[{"@type":"ReadAction","target":["https:\/\/edicionesalfar.es\/es\/producto\/lirismo-y-humor-manuel-machado-y-la-poesia-ironica-moderna\/"]}]},{"@type":"ImageObject","inLanguage":"es","@id":"https:\/\/edicionesalfar.es\/es\/producto\/lirismo-y-humor-manuel-machado-y-la-poesia-ironica-moderna\/#primaryimage","url":"https:\/\/edicionesalfar.es\/es\/wp-content\/uploads\/woocommerce-placeholder.png","contentUrl":"https:\/\/edicionesalfar.es\/es\/wp-content\/uploads\/woocommerce-placeholder.png","width":1200,"height":1200},{"@type":"BreadcrumbList","@id":"https:\/\/edicionesalfar.es\/es\/producto\/lirismo-y-humor-manuel-machado-y-la-poesia-ironica-moderna\/#breadcrumb","itemListElement":[{"@type":"ListItem","position":1,"name":"Portada","item":"https:\/\/edicionesalfar.es\/es\/"},{"@type":"ListItem","position":2,"name":"Catálogo","item":"https:\/\/edicionesalfar.es\/es\/catalogo\/"},{"@type":"ListItem","position":3,"name":"LIRISMO Y HUMOR. Manuel Machado y la poesía irónica moderna"}]},{"@type":"WebSite","@id":"https:\/\/edicionesalfar.es\/es\/#website","url":"https:\/\/edicionesalfar.es\/es\/","name":"Ediciones Alfar","description":"","potentialAction":[{"@type":"SearchAction","target":{"@type":"EntryPoint","urlTemplate":"https:\/\/edicionesalfar.es\/es\/?s={search_term_string}"},"query-input":{"@type":"PropertyValueSpecification","valueRequired":true,"valueName":"search_term_string"}}],"inLanguage":"es"}]}</script>
<!-- / Yoast SEO plugin. -->

LIRISMO Y HUMOR. Manuel Machado y la poesía irónica moderna - Ediciones Alfar

Interpreta la Poesía Irónica Moderna, y sitúa en ella la obra de M. Machado.

Catálogo
