{"id":13786,"date":"2019-07-11T05:49:49","date_gmt":"2019-07-11T05:49:49","guid":{"rendered":"http:\/\/www.edicionesalfar.es\/web-wordpress\/?post_type=product&#038;#022;p="},"modified":"2021-03-08T12:30:12","modified_gmt":"2021-03-08T11:30:12","slug":"historia-y-teoria-de-la-musica-en-el-cine-presencias-afectivas","status":"publish","type":"product","link":"https:\/\/edicionesalfar.es\/es\/producto\/historia-y-teoria-de-la-musica-en-el-cine-presencias-afectivas\/","title":{"rendered":"HISTORIA Y TEOR\u00cdA DE LA M\u00daSICA EN EL CINE. Presencias afectivas"},"content":{"rendered":"<p>HISTORIA Y TEOR\u00cdA DE LA M\u00daSICA EN EL CINE. Presencias afectivas<\/p>\n","protected":false},"excerpt":{"rendered":"<p><span style=\"font-size: 10pt;\"><span style=\"font-family: georgia,palatino;\">Historia exhaustiva de la m\u00fasica en el cine mundial y fundamentos te\u00f3ricos para su estudio.<\/span><\/span><\/p>\n","protected":false},"featured_media":13787,"comment_status":"open","ping_status":"closed","template":"","meta":{"_acf_changed":false,"_et_pb_use_builder":"","_et_pb_old_content":"","_et_gb_content_width":""},"product_brand":[],"product_cat":[22],"product_tag":[],"class_list":{"0":"post-13786","1":"product","2":"type-product","3":"status-publish","4":"has-post-thumbnail","6":"product_cat-estudios-comunicacion","8":"first","9":"outofstock","10":"taxable","11":"shipping-taxable","12":"purchasable","13":"product-type-simple"},"acf":[],"yoast_head":"<!-- This site is optimized with the Yoast SEO plugin v27.5 - https:\/\/yoast.com\/product\/yoast-seo-wordpress\/ -->\n<title>HISTORIA Y TEOR\u00cdA DE LA M\u00daSICA EN EL CINE. Presencias afectivas - Ediciones Alfar<\/title>\n<meta name=\"robots\" content=\"index, follow, max-snippet:-1, max-image-preview:large, max-video-preview:-1\" \/>\n<link rel=\"canonical\" href=\"https:\/\/edicionesalfar.es\/es\/producto\/historia-y-teoria-de-la-musica-en-el-cine-presencias-afectivas\/\" \/>\n<meta property=\"og:locale\" content=\"es_ES\" \/>\n<meta property=\"og:type\" content=\"article\" \/>\n<meta property=\"og:title\" content=\"HISTORIA Y TEOR\u00cdA DE LA M\u00daSICA EN EL CINE. Presencias afectivas - Ediciones Alfar\" \/>\n<meta property=\"og:description\" content=\"Historia exhaustiva de la m\u00fasica en el cine mundial y fundamentos te\u00f3ricos para su estudio.\" \/>\n<meta property=\"og:url\" content=\"https:\/\/edicionesalfar.es\/es\/producto\/historia-y-teoria-de-la-musica-en-el-cine-presencias-afectivas\/\" \/>\n<meta property=\"og:site_name\" content=\"Ediciones Alfar\" \/>\n<meta property=\"article:modified_time\" content=\"2021-03-08T11:30:12+00:00\" \/>\n<meta property=\"og:image\" content=\"https:\/\/edicionesalfar.es\/es\/wp-content\/uploads\/2019\/05\/historiamusicacine.jpg\" \/>\n\t<meta property=\"og:image:width\" content=\"1\" \/>\n\t<meta property=\"og:image:height\" content=\"1\" \/>\n\t<meta property=\"og:image:type\" content=\"image\/jpeg\" \/>\n<meta name=\"twitter:card\" content=\"summary_large_image\" \/>\n<script type=\"application\/ld+json\" class=\"yoast-schema-graph\">{\"@context\":\"https:\\\/\\\/schema.org\",\"@graph\":[{\"@type\":\"WebPage\",\"@id\":\"https:\\\/\\\/edicionesalfar.es\\\/es\\\/producto\\\/historia-y-teoria-de-la-musica-en-el-cine-presencias-afectivas\\\/\",\"url\":\"https:\\\/\\\/edicionesalfar.es\\\/es\\\/producto\\\/historia-y-teoria-de-la-musica-en-el-cine-presencias-afectivas\\\/\",\"name\":\"HISTORIA Y TEOR\u00cdA DE LA M\u00daSICA EN EL CINE. Presencias afectivas - Ediciones Alfar\",\"isPartOf\":{\"@id\":\"https:\\\/\\\/edicionesalfar.es\\\/es\\\/#website\"},\"primaryImageOfPage\":{\"@id\":\"https:\\\/\\\/edicionesalfar.es\\\/es\\\/producto\\\/historia-y-teoria-de-la-musica-en-el-cine-presencias-afectivas\\\/#primaryimage\"},\"image\":{\"@id\":\"https:\\\/\\\/edicionesalfar.es\\\/es\\\/producto\\\/historia-y-teoria-de-la-musica-en-el-cine-presencias-afectivas\\\/#primaryimage\"},\"thumbnailUrl\":\"https:\\\/\\\/edicionesalfar.es\\\/es\\\/wp-content\\\/uploads\\\/2019\\\/05\\\/historiamusicacine.jpg\",\"datePublished\":\"2019-07-11T05:49:49+00:00\",\"dateModified\":\"2021-03-08T11:30:12+00:00\",\"breadcrumb\":{\"@id\":\"https:\\\/\\\/edicionesalfar.es\\\/es\\\/producto\\\/historia-y-teoria-de-la-musica-en-el-cine-presencias-afectivas\\\/#breadcrumb\"},\"inLanguage\":\"es\",\"potentialAction\":[{\"@type\":\"ReadAction\",\"target\":[\"https:\\\/\\\/edicionesalfar.es\\\/es\\\/producto\\\/historia-y-teoria-de-la-musica-en-el-cine-presencias-afectivas\\\/\"]}]},{\"@type\":\"ImageObject\",\"inLanguage\":\"es\",\"@id\":\"https:\\\/\\\/edicionesalfar.es\\\/es\\\/producto\\\/historia-y-teoria-de-la-musica-en-el-cine-presencias-afectivas\\\/#primaryimage\",\"url\":\"https:\\\/\\\/edicionesalfar.es\\\/es\\\/wp-content\\\/uploads\\\/2019\\\/05\\\/historiamusicacine.jpg\",\"contentUrl\":\"https:\\\/\\\/edicionesalfar.es\\\/es\\\/wp-content\\\/uploads\\\/2019\\\/05\\\/historiamusicacine.jpg\"},{\"@type\":\"BreadcrumbList\",\"@id\":\"https:\\\/\\\/edicionesalfar.es\\\/es\\\/producto\\\/historia-y-teoria-de-la-musica-en-el-cine-presencias-afectivas\\\/#breadcrumb\",\"itemListElement\":[{\"@type\":\"ListItem\",\"position\":1,\"name\":\"Portada\",\"item\":\"https:\\\/\\\/edicionesalfar.es\\\/es\\\/\"},{\"@type\":\"ListItem\",\"position\":2,\"name\":\"Cat\u00e1logo\",\"item\":\"https:\\\/\\\/edicionesalfar.es\\\/es\\\/catalogo\\\/\"},{\"@type\":\"ListItem\",\"position\":3,\"name\":\"HISTORIA Y TEOR\u00cdA DE LA M\u00daSICA EN EL CINE. Presencias afectivas\"}]},{\"@type\":\"WebSite\",\"@id\":\"https:\\\/\\\/edicionesalfar.es\\\/es\\\/#website\",\"url\":\"https:\\\/\\\/edicionesalfar.es\\\/es\\\/\",\"name\":\"Ediciones Alfar\",\"description\":\"\",\"potentialAction\":[{\"@type\":\"SearchAction\",\"target\":{\"@type\":\"EntryPoint\",\"urlTemplate\":\"https:\\\/\\\/edicionesalfar.es\\\/es\\\/?s={search_term_string}\"},\"query-input\":{\"@type\":\"PropertyValueSpecification\",\"valueRequired\":true,\"valueName\":\"search_term_string\"}}],\"inLanguage\":\"es\"}]}<\/script>\n<!-- \/ Yoast SEO plugin. -->","yoast_head_json":{"title":"HISTORIA Y TEOR\u00cdA DE LA M\u00daSICA EN EL CINE. Presencias afectivas - Ediciones Alfar","robots":{"index":"index","follow":"follow","max-snippet":"max-snippet:-1","max-image-preview":"max-image-preview:large","max-video-preview":"max-video-preview:-1"},"canonical":"https:\/\/edicionesalfar.es\/es\/producto\/historia-y-teoria-de-la-musica-en-el-cine-presencias-afectivas\/","og_locale":"es_ES","og_type":"article","og_title":"HISTORIA Y TEOR\u00cdA DE LA M\u00daSICA EN EL CINE. Presencias afectivas - Ediciones Alfar","og_description":"Historia exhaustiva de la m\u00fasica en el cine mundial y fundamentos te\u00f3ricos para su estudio.","og_url":"https:\/\/edicionesalfar.es\/es\/producto\/historia-y-teoria-de-la-musica-en-el-cine-presencias-afectivas\/","og_site_name":"Ediciones Alfar","article_modified_time":"2021-03-08T11:30:12+00:00","og_image":[{"url":"https:\/\/edicionesalfar.es\/es\/wp-content\/uploads\/2019\/05\/historiamusicacine.jpg","width":1,"height":1,"type":"image\/jpeg"}],"twitter_card":"summary_large_image","schema":{"@context":"https:\/\/schema.org","@graph":[{"@type":"WebPage","@id":"https:\/\/edicionesalfar.es\/es\/producto\/historia-y-teoria-de-la-musica-en-el-cine-presencias-afectivas\/","url":"https:\/\/edicionesalfar.es\/es\/producto\/historia-y-teoria-de-la-musica-en-el-cine-presencias-afectivas\/","name":"HISTORIA Y TEOR\u00cdA DE LA M\u00daSICA EN EL CINE. Presencias afectivas - Ediciones Alfar","isPartOf":{"@id":"https:\/\/edicionesalfar.es\/es\/#website"},"primaryImageOfPage":{"@id":"https:\/\/edicionesalfar.es\/es\/producto\/historia-y-teoria-de-la-musica-en-el-cine-presencias-afectivas\/#primaryimage"},"image":{"@id":"https:\/\/edicionesalfar.es\/es\/producto\/historia-y-teoria-de-la-musica-en-el-cine-presencias-afectivas\/#primaryimage"},"thumbnailUrl":"https:\/\/edicionesalfar.es\/es\/wp-content\/uploads\/2019\/05\/historiamusicacine.jpg","datePublished":"2019-07-11T05:49:49+00:00","dateModified":"2021-03-08T11:30:12+00:00","breadcrumb":{"@id":"https:\/\/edicionesalfar.es\/es\/producto\/historia-y-teoria-de-la-musica-en-el-cine-presencias-afectivas\/#breadcrumb"},"inLanguage":"es","potentialAction":[{"@type":"ReadAction","target":["https:\/\/edicionesalfar.es\/es\/producto\/historia-y-teoria-de-la-musica-en-el-cine-presencias-afectivas\/"]}]},{"@type":"ImageObject","inLanguage":"es","@id":"https:\/\/edicionesalfar.es\/es\/producto\/historia-y-teoria-de-la-musica-en-el-cine-presencias-afectivas\/#primaryimage","url":"https:\/\/edicionesalfar.es\/es\/wp-content\/uploads\/2019\/05\/historiamusicacine.jpg","contentUrl":"https:\/\/edicionesalfar.es\/es\/wp-content\/uploads\/2019\/05\/historiamusicacine.jpg"},{"@type":"BreadcrumbList","@id":"https:\/\/edicionesalfar.es\/es\/producto\/historia-y-teoria-de-la-musica-en-el-cine-presencias-afectivas\/#breadcrumb","itemListElement":[{"@type":"ListItem","position":1,"name":"Portada","item":"https:\/\/edicionesalfar.es\/es\/"},{"@type":"ListItem","position":2,"name":"Cat\u00e1logo","item":"https:\/\/edicionesalfar.es\/es\/catalogo\/"},{"@type":"ListItem","position":3,"name":"HISTORIA Y TEOR\u00cdA DE LA M\u00daSICA EN EL CINE. Presencias afectivas"}]},{"@type":"WebSite","@id":"https:\/\/edicionesalfar.es\/es\/#website","url":"https:\/\/edicionesalfar.es\/es\/","name":"Ediciones Alfar","description":"","potentialAction":[{"@type":"SearchAction","target":{"@type":"EntryPoint","urlTemplate":"https:\/\/edicionesalfar.es\/es\/?s={search_term_string}"},"query-input":{"@type":"PropertyValueSpecification","valueRequired":true,"valueName":"search_term_string"}}],"inLanguage":"es"}]}},"_links":{"self":[{"href":"https:\/\/edicionesalfar.es\/es\/wp-json\/wp\/v2\/product\/13786","targetHints":{"allow":["GET"]}}],"collection":[{"href":"https:\/\/edicionesalfar.es\/es\/wp-json\/wp\/v2\/product"}],"about":[{"href":"https:\/\/edicionesalfar.es\/es\/wp-json\/wp\/v2\/types\/product"}],"replies":[{"embeddable":true,"href":"https:\/\/edicionesalfar.es\/es\/wp-json\/wp\/v2\/comments?post=13786"}],"wp:featuredmedia":[{"embeddable":true,"href":"https:\/\/edicionesalfar.es\/es\/wp-json\/wp\/v2\/media\/13787"}],"wp:attachment":[{"href":"https:\/\/edicionesalfar.es\/es\/wp-json\/wp\/v2\/media?parent=13786"}],"wp:term":[{"taxonomy":"product_brand","embeddable":true,"href":"https:\/\/edicionesalfar.es\/es\/wp-json\/wp\/v2\/product_brand?post=13786"},{"taxonomy":"product_cat","embeddable":true,"href":"https:\/\/edicionesalfar.es\/es\/wp-json\/wp\/v2\/product_cat?post=13786"},{"taxonomy":"product_tag","embeddable":true,"href":"https:\/\/edicionesalfar.es\/es\/wp-json\/wp\/v2\/product_tag?post=13786"}],"curies":[{"name":"wp","href":"https:\/\/api.w.org\/{rel}","templated":true}]}}

HISTORIA Y TEORÍA DE LA MÚSICA EN EL CINE. Presencias afectivas

<p>HISTORIA Y TEORÍA DE LA MÚSICA EN EL CINE. Presencias afectivas</p>

<p><span style="font-size: 10pt;"><span style="font-family: georgia,palatino;">Historia exhaustiva de la música en el cine mundial y fundamentos teóricos para su estudio.</span></span></p>

<!-- This site is optimized with the Yoast SEO plugin v27.5 - https://yoast.com/product/yoast-seo-wordpress/ -->
<title>HISTORIA Y TEORÍA DE LA MÚSICA EN EL CINE. Presencias afectivas - Ediciones Alfar</title>
<meta name="robots" content="index, follow, max-snippet:-1, max-image-preview:large, max-video-preview:-1" />
<link rel="canonical" href="https://edicionesalfar.es/es/producto/historia-y-teoria-de-la-musica-en-el-cine-presencias-afectivas/" />
<meta property="og:locale" content="es_ES" />
<meta property="og:type" content="article" />
<meta property="og:title" content="HISTORIA Y TEORÍA DE LA MÚSICA EN EL CINE. Presencias afectivas - Ediciones Alfar" />
<meta property="og:description" content="Historia exhaustiva de la música en el cine mundial y fundamentos teóricos para su estudio." />
<meta property="og:url" content="https://edicionesalfar.es/es/producto/historia-y-teoria-de-la-musica-en-el-cine-presencias-afectivas/" />
<meta property="og:site_name" content="Ediciones Alfar" />
<meta property="article:modified_time" content="2021-03-08T11:30:12+00:00" />
<meta property="og:image" content="https://edicionesalfar.es/es/wp-content/uploads/2019/05/historiamusicacine.jpg" />
	<meta property="og:image:width" content="1" />
	<meta property="og:image:height" content="1" />
	<meta property="og:image:type" content="image/jpeg" />
<meta name="twitter:card" content="summary_large_image" />
<script type="application/ld+json" class="yoast-schema-graph">{"@context":"https:\/\/schema.org","@graph":[{"@type":"WebPage","@id":"https:\/\/edicionesalfar.es\/es\/producto\/historia-y-teoria-de-la-musica-en-el-cine-presencias-afectivas\/","url":"https:\/\/edicionesalfar.es\/es\/producto\/historia-y-teoria-de-la-musica-en-el-cine-presencias-afectivas\/","name":"HISTORIA Y TEORÍA DE LA MÚSICA EN EL CINE. Presencias afectivas - Ediciones Alfar","isPartOf":{"@id":"https:\/\/edicionesalfar.es\/es\/#website"},"primaryImageOfPage":{"@id":"https:\/\/edicionesalfar.es\/es\/producto\/historia-y-teoria-de-la-musica-en-el-cine-presencias-afectivas\/#primaryimage"},"image":{"@id":"https:\/\/edicionesalfar.es\/es\/producto\/historia-y-teoria-de-la-musica-en-el-cine-presencias-afectivas\/#primaryimage"},"thumbnailUrl":"https:\/\/edicionesalfar.es\/es\/wp-content\/uploads\/2019\/05\/historiamusicacine.jpg","datePublished":"2019-07-11T05:49:49+00:00","dateModified":"2021-03-08T11:30:12+00:00","breadcrumb":{"@id":"https:\/\/edicionesalfar.es\/es\/producto\/historia-y-teoria-de-la-musica-en-el-cine-presencias-afectivas\/#breadcrumb"},"inLanguage":"es","potentialAction":[{"@type":"ReadAction","target":["https:\/\/edicionesalfar.es\/es\/producto\/historia-y-teoria-de-la-musica-en-el-cine-presencias-afectivas\/"]}]},{"@type":"ImageObject","inLanguage":"es","@id":"https:\/\/edicionesalfar.es\/es\/producto\/historia-y-teoria-de-la-musica-en-el-cine-presencias-afectivas\/#primaryimage","url":"https:\/\/edicionesalfar.es\/es\/wp-content\/uploads\/2019\/05\/historiamusicacine.jpg","contentUrl":"https:\/\/edicionesalfar.es\/es\/wp-content\/uploads\/2019\/05\/historiamusicacine.jpg"},{"@type":"BreadcrumbList","@id":"https:\/\/edicionesalfar.es\/es\/producto\/historia-y-teoria-de-la-musica-en-el-cine-presencias-afectivas\/#breadcrumb","itemListElement":[{"@type":"ListItem","position":1,"name":"Portada","item":"https:\/\/edicionesalfar.es\/es\/"},{"@type":"ListItem","position":2,"name":"Catálogo","item":"https:\/\/edicionesalfar.es\/es\/catalogo\/"},{"@type":"ListItem","position":3,"name":"HISTORIA Y TEORÍA DE LA MÚSICA EN EL CINE. Presencias afectivas"}]},{"@type":"WebSite","@id":"https:\/\/edicionesalfar.es\/es\/#website","url":"https:\/\/edicionesalfar.es\/es\/","name":"Ediciones Alfar","description":"","potentialAction":[{"@type":"SearchAction","target":{"@type":"EntryPoint","urlTemplate":"https:\/\/edicionesalfar.es\/es\/?s={search_term_string}"},"query-input":{"@type":"PropertyValueSpecification","valueRequired":true,"valueName":"search_term_string"}}],"inLanguage":"es"}]}</script>
<!-- / Yoast SEO plugin. -->

HISTORIA Y TEORÍA DE LA MÚSICA EN EL CINE. Presencias afectivas - Ediciones Alfar

Historia exhaustiva de la música en el cine mundial y fundamentos teóricos para su estudio.

Catálogo
