{"id":13762,"date":"2019-07-11T05:49:37","date_gmt":"2019-07-11T05:49:37","guid":{"rendered":"http:\/\/www.edicionesalfar.es\/web-wordpress\/?post_type=product\\&#021;p="},"modified":"-0001-11-30T00:00:00","modified_gmt":"-0001-11-29T22:00:00","slug":"los-pasos-perdidos-de-luis-berenguer-biografia-y-textos-ineditos","status":"publish","type":"product","link":"https:\/\/edicionesalfar.es\/es\/producto\/los-pasos-perdidos-de-luis-berenguer-biografia-y-textos-ineditos\/","title":{"rendered":"LOS PASOS PERDIDOS DE LUIS BERENGUER: Biograf\u00eda y textos in\u00e9ditos"},"content":{"rendered":"<p>LOS PASOS PERDIDOS DE LUIS BERENGUER: Biograf\u00eda y textos in\u00e9ditos<\/p>\n","protected":false},"excerpt":{"rendered":"<p><span style=\"font-size: 10pt;\"><span style=\"font-family: georgia,palatino;\">Recorrido por la vida y obra de L. Berenguer (1923-1979), autor  de <em>El mundo de Juan Lob\u00f3n<\/em>, <em>Marea escorada<\/em>, <em>Le\u00f1a verde<\/em>, <em> Sotavento<\/em>, <em>Cr\u00f3nica de los olvidados<\/em>, etc.<\/span><\/span><\/p>\n","protected":false},"featured_media":13763,"comment_status":"open","ping_status":"open","template":"","meta":{"_acf_changed":false,"_et_pb_use_builder":"","_et_pb_old_content":"","_et_gb_content_width":""},"product_brand":[],"product_cat":[21],"product_tag":[],"class_list":{"0":"post-13762","1":"product","2":"type-product","3":"status-publish","4":"has-post-thumbnail","6":"product_cat-estudios-literarios","8":"first","9":"instock","10":"taxable","11":"shipping-taxable","12":"purchasable","13":"product-type-simple"},"acf":[],"yoast_head":"<!-- This site is optimized with the Yoast SEO plugin v27.4 - https:\/\/yoast.com\/product\/yoast-seo-wordpress\/ -->\n<title>LOS PASOS PERDIDOS DE LUIS BERENGUER: Biograf\u00eda y textos in\u00e9ditos                      - Ediciones Alfar<\/title>\n<meta name=\"robots\" content=\"index, follow, max-snippet:-1, max-image-preview:large, max-video-preview:-1\" \/>\n<link rel=\"canonical\" href=\"https:\/\/edicionesalfar.es\/es\/producto\/los-pasos-perdidos-de-luis-berenguer-biografia-y-textos-ineditos\/\" \/>\n<meta property=\"og:locale\" content=\"es_ES\" \/>\n<meta property=\"og:type\" content=\"article\" \/>\n<meta property=\"og:title\" content=\"LOS PASOS PERDIDOS DE LUIS BERENGUER: Biograf\u00eda y textos in\u00e9ditos                      - Ediciones Alfar\" \/>\n<meta property=\"og:description\" content=\"Recorrido por la vida y obra de L. Berenguer (1923-1979), autor de El mundo de Juan Lob\u00f3n, Marea escorada, Le\u00f1a verde, Sotavento, Cr\u00f3nica de los olvidados, etc.\" \/>\n<meta property=\"og:url\" content=\"https:\/\/edicionesalfar.es\/es\/producto\/los-pasos-perdidos-de-luis-berenguer-biografia-y-textos-ineditos\/\" \/>\n<meta property=\"og:site_name\" content=\"Ediciones Alfar\" \/>\n<meta property=\"og:image\" content=\"https:\/\/edicionesalfar.es\/es\/wp-content\/uploads\/2019\/05\/lospasosperdidosde.jpg\" \/>\n\t<meta property=\"og:image:width\" content=\"1\" \/>\n\t<meta property=\"og:image:height\" content=\"1\" \/>\n\t<meta property=\"og:image:type\" content=\"image\/jpeg\" \/>\n<meta name=\"twitter:card\" content=\"summary_large_image\" \/>\n<script type=\"application\/ld+json\" class=\"yoast-schema-graph\">{\"@context\":\"https:\\\/\\\/schema.org\",\"@graph\":[{\"@type\":\"WebPage\",\"@id\":\"https:\\\/\\\/edicionesalfar.es\\\/es\\\/producto\\\/los-pasos-perdidos-de-luis-berenguer-biografia-y-textos-ineditos\\\/\",\"url\":\"https:\\\/\\\/edicionesalfar.es\\\/es\\\/producto\\\/los-pasos-perdidos-de-luis-berenguer-biografia-y-textos-ineditos\\\/\",\"name\":\"LOS PASOS PERDIDOS DE LUIS BERENGUER: Biograf\u00eda y textos in\u00e9ditos - Ediciones Alfar\",\"isPartOf\":{\"@id\":\"https:\\\/\\\/edicionesalfar.es\\\/es\\\/#website\"},\"primaryImageOfPage\":{\"@id\":\"https:\\\/\\\/edicionesalfar.es\\\/es\\\/producto\\\/los-pasos-perdidos-de-luis-berenguer-biografia-y-textos-ineditos\\\/#primaryimage\"},\"image\":{\"@id\":\"https:\\\/\\\/edicionesalfar.es\\\/es\\\/producto\\\/los-pasos-perdidos-de-luis-berenguer-biografia-y-textos-ineditos\\\/#primaryimage\"},\"thumbnailUrl\":\"https:\\\/\\\/edicionesalfar.es\\\/es\\\/wp-content\\\/uploads\\\/2019\\\/05\\\/lospasosperdidosde.jpg\",\"datePublished\":\"2019-07-11T05:49:37+00:00\",\"breadcrumb\":{\"@id\":\"https:\\\/\\\/edicionesalfar.es\\\/es\\\/producto\\\/los-pasos-perdidos-de-luis-berenguer-biografia-y-textos-ineditos\\\/#breadcrumb\"},\"inLanguage\":\"es\",\"potentialAction\":[{\"@type\":\"ReadAction\",\"target\":[\"https:\\\/\\\/edicionesalfar.es\\\/es\\\/producto\\\/los-pasos-perdidos-de-luis-berenguer-biografia-y-textos-ineditos\\\/\"]}]},{\"@type\":\"ImageObject\",\"inLanguage\":\"es\",\"@id\":\"https:\\\/\\\/edicionesalfar.es\\\/es\\\/producto\\\/los-pasos-perdidos-de-luis-berenguer-biografia-y-textos-ineditos\\\/#primaryimage\",\"url\":\"https:\\\/\\\/edicionesalfar.es\\\/es\\\/wp-content\\\/uploads\\\/2019\\\/05\\\/lospasosperdidosde.jpg\",\"contentUrl\":\"https:\\\/\\\/edicionesalfar.es\\\/es\\\/wp-content\\\/uploads\\\/2019\\\/05\\\/lospasosperdidosde.jpg\"},{\"@type\":\"BreadcrumbList\",\"@id\":\"https:\\\/\\\/edicionesalfar.es\\\/es\\\/producto\\\/los-pasos-perdidos-de-luis-berenguer-biografia-y-textos-ineditos\\\/#breadcrumb\",\"itemListElement\":[{\"@type\":\"ListItem\",\"position\":1,\"name\":\"Portada\",\"item\":\"https:\\\/\\\/edicionesalfar.es\\\/es\\\/\"},{\"@type\":\"ListItem\",\"position\":2,\"name\":\"Cat\u00e1logo\",\"item\":\"https:\\\/\\\/edicionesalfar.es\\\/es\\\/catalogo\\\/\"},{\"@type\":\"ListItem\",\"position\":3,\"name\":\"LOS PASOS PERDIDOS DE LUIS BERENGUER: Biograf\u00eda y textos in\u00e9ditos\"}]},{\"@type\":\"WebSite\",\"@id\":\"https:\\\/\\\/edicionesalfar.es\\\/es\\\/#website\",\"url\":\"https:\\\/\\\/edicionesalfar.es\\\/es\\\/\",\"name\":\"Ediciones Alfar\",\"description\":\"\",\"potentialAction\":[{\"@type\":\"SearchAction\",\"target\":{\"@type\":\"EntryPoint\",\"urlTemplate\":\"https:\\\/\\\/edicionesalfar.es\\\/es\\\/?s={search_term_string}\"},\"query-input\":{\"@type\":\"PropertyValueSpecification\",\"valueRequired\":true,\"valueName\":\"search_term_string\"}}],\"inLanguage\":\"es\"}]}<\/script>\n<!-- \/ Yoast SEO plugin. -->","yoast_head_json":{"title":"LOS PASOS PERDIDOS DE LUIS BERENGUER: Biograf\u00eda y textos in\u00e9ditos                      - Ediciones Alfar","robots":{"index":"index","follow":"follow","max-snippet":"max-snippet:-1","max-image-preview":"max-image-preview:large","max-video-preview":"max-video-preview:-1"},"canonical":"https:\/\/edicionesalfar.es\/es\/producto\/los-pasos-perdidos-de-luis-berenguer-biografia-y-textos-ineditos\/","og_locale":"es_ES","og_type":"article","og_title":"LOS PASOS PERDIDOS DE LUIS BERENGUER: Biograf\u00eda y textos in\u00e9ditos                      - Ediciones Alfar","og_description":"Recorrido por la vida y obra de L. Berenguer (1923-1979), autor de El mundo de Juan Lob\u00f3n, Marea escorada, Le\u00f1a verde, Sotavento, Cr\u00f3nica de los olvidados, etc.","og_url":"https:\/\/edicionesalfar.es\/es\/producto\/los-pasos-perdidos-de-luis-berenguer-biografia-y-textos-ineditos\/","og_site_name":"Ediciones Alfar","og_image":[{"url":"https:\/\/edicionesalfar.es\/es\/wp-content\/uploads\/2019\/05\/lospasosperdidosde.jpg","width":1,"height":1,"type":"image\/jpeg"}],"twitter_card":"summary_large_image","schema":{"@context":"https:\/\/schema.org","@graph":[{"@type":"WebPage","@id":"https:\/\/edicionesalfar.es\/es\/producto\/los-pasos-perdidos-de-luis-berenguer-biografia-y-textos-ineditos\/","url":"https:\/\/edicionesalfar.es\/es\/producto\/los-pasos-perdidos-de-luis-berenguer-biografia-y-textos-ineditos\/","name":"LOS PASOS PERDIDOS DE LUIS BERENGUER: Biograf\u00eda y textos in\u00e9ditos - Ediciones Alfar","isPartOf":{"@id":"https:\/\/edicionesalfar.es\/es\/#website"},"primaryImageOfPage":{"@id":"https:\/\/edicionesalfar.es\/es\/producto\/los-pasos-perdidos-de-luis-berenguer-biografia-y-textos-ineditos\/#primaryimage"},"image":{"@id":"https:\/\/edicionesalfar.es\/es\/producto\/los-pasos-perdidos-de-luis-berenguer-biografia-y-textos-ineditos\/#primaryimage"},"thumbnailUrl":"https:\/\/edicionesalfar.es\/es\/wp-content\/uploads\/2019\/05\/lospasosperdidosde.jpg","datePublished":"2019-07-11T05:49:37+00:00","breadcrumb":{"@id":"https:\/\/edicionesalfar.es\/es\/producto\/los-pasos-perdidos-de-luis-berenguer-biografia-y-textos-ineditos\/#breadcrumb"},"inLanguage":"es","potentialAction":[{"@type":"ReadAction","target":["https:\/\/edicionesalfar.es\/es\/producto\/los-pasos-perdidos-de-luis-berenguer-biografia-y-textos-ineditos\/"]}]},{"@type":"ImageObject","inLanguage":"es","@id":"https:\/\/edicionesalfar.es\/es\/producto\/los-pasos-perdidos-de-luis-berenguer-biografia-y-textos-ineditos\/#primaryimage","url":"https:\/\/edicionesalfar.es\/es\/wp-content\/uploads\/2019\/05\/lospasosperdidosde.jpg","contentUrl":"https:\/\/edicionesalfar.es\/es\/wp-content\/uploads\/2019\/05\/lospasosperdidosde.jpg"},{"@type":"BreadcrumbList","@id":"https:\/\/edicionesalfar.es\/es\/producto\/los-pasos-perdidos-de-luis-berenguer-biografia-y-textos-ineditos\/#breadcrumb","itemListElement":[{"@type":"ListItem","position":1,"name":"Portada","item":"https:\/\/edicionesalfar.es\/es\/"},{"@type":"ListItem","position":2,"name":"Cat\u00e1logo","item":"https:\/\/edicionesalfar.es\/es\/catalogo\/"},{"@type":"ListItem","position":3,"name":"LOS PASOS PERDIDOS DE LUIS BERENGUER: Biograf\u00eda y textos in\u00e9ditos"}]},{"@type":"WebSite","@id":"https:\/\/edicionesalfar.es\/es\/#website","url":"https:\/\/edicionesalfar.es\/es\/","name":"Ediciones Alfar","description":"","potentialAction":[{"@type":"SearchAction","target":{"@type":"EntryPoint","urlTemplate":"https:\/\/edicionesalfar.es\/es\/?s={search_term_string}"},"query-input":{"@type":"PropertyValueSpecification","valueRequired":true,"valueName":"search_term_string"}}],"inLanguage":"es"}]}},"_links":{"self":[{"href":"https:\/\/edicionesalfar.es\/es\/wp-json\/wp\/v2\/product\/13762","targetHints":{"allow":["GET"]}}],"collection":[{"href":"https:\/\/edicionesalfar.es\/es\/wp-json\/wp\/v2\/product"}],"about":[{"href":"https:\/\/edicionesalfar.es\/es\/wp-json\/wp\/v2\/types\/product"}],"replies":[{"embeddable":true,"href":"https:\/\/edicionesalfar.es\/es\/wp-json\/wp\/v2\/comments?post=13762"}],"wp:featuredmedia":[{"embeddable":true,"href":"https:\/\/edicionesalfar.es\/es\/wp-json\/wp\/v2\/media\/13763"}],"wp:attachment":[{"href":"https:\/\/edicionesalfar.es\/es\/wp-json\/wp\/v2\/media?parent=13762"}],"wp:term":[{"taxonomy":"product_brand","embeddable":true,"href":"https:\/\/edicionesalfar.es\/es\/wp-json\/wp\/v2\/product_brand?post=13762"},{"taxonomy":"product_cat","embeddable":true,"href":"https:\/\/edicionesalfar.es\/es\/wp-json\/wp\/v2\/product_cat?post=13762"},{"taxonomy":"product_tag","embeddable":true,"href":"https:\/\/edicionesalfar.es\/es\/wp-json\/wp\/v2\/product_tag?post=13762"}],"curies":[{"name":"wp","href":"https:\/\/api.w.org\/{rel}","templated":true}]}}

LOS PASOS PERDIDOS DE LUIS BERENGUER: Biografía y textos inéditos

<p>LOS PASOS PERDIDOS DE LUIS BERENGUER: Biografía y textos inéditos</p>

<p><span style="font-size: 10pt;"><span style="font-family: georgia,palatino;">Recorrido por la vida y obra de L. Berenguer (1923-1979), autor  de <em>El mundo de Juan Lobón</em>, <em>Marea escorada</em>, <em>Leña verde</em>, <em> Sotavento</em>, <em>Crónica de los olvidados</em>, etc.</span></span></p>

<!-- This site is optimized with the Yoast SEO plugin v27.4 - https://yoast.com/product/yoast-seo-wordpress/ -->
<title>LOS PASOS PERDIDOS DE LUIS BERENGUER: Biografía y textos inéditos                      - Ediciones Alfar</title>
<meta name="robots" content="index, follow, max-snippet:-1, max-image-preview:large, max-video-preview:-1" />
<link rel="canonical" href="https://edicionesalfar.es/es/producto/los-pasos-perdidos-de-luis-berenguer-biografia-y-textos-ineditos/" />
<meta property="og:locale" content="es_ES" />
<meta property="og:type" content="article" />
<meta property="og:title" content="LOS PASOS PERDIDOS DE LUIS BERENGUER: Biografía y textos inéditos                      - Ediciones Alfar" />
<meta property="og:description" content="Recorrido por la vida y obra de L. Berenguer (1923-1979), autor de El mundo de Juan Lobón, Marea escorada, Leña verde, Sotavento, Crónica de los olvidados, etc." />
<meta property="og:url" content="https://edicionesalfar.es/es/producto/los-pasos-perdidos-de-luis-berenguer-biografia-y-textos-ineditos/" />
<meta property="og:site_name" content="Ediciones Alfar" />
<meta property="og:image" content="https://edicionesalfar.es/es/wp-content/uploads/2019/05/lospasosperdidosde.jpg" />
	<meta property="og:image:width" content="1" />
	<meta property="og:image:height" content="1" />
	<meta property="og:image:type" content="image/jpeg" />
<meta name="twitter:card" content="summary_large_image" />
<script type="application/ld+json" class="yoast-schema-graph">{"@context":"https:\/\/schema.org","@graph":[{"@type":"WebPage","@id":"https:\/\/edicionesalfar.es\/es\/producto\/los-pasos-perdidos-de-luis-berenguer-biografia-y-textos-ineditos\/","url":"https:\/\/edicionesalfar.es\/es\/producto\/los-pasos-perdidos-de-luis-berenguer-biografia-y-textos-ineditos\/","name":"LOS PASOS PERDIDOS DE LUIS BERENGUER: Biografía y textos inéditos - Ediciones Alfar","isPartOf":{"@id":"https:\/\/edicionesalfar.es\/es\/#website"},"primaryImageOfPage":{"@id":"https:\/\/edicionesalfar.es\/es\/producto\/los-pasos-perdidos-de-luis-berenguer-biografia-y-textos-ineditos\/#primaryimage"},"image":{"@id":"https:\/\/edicionesalfar.es\/es\/producto\/los-pasos-perdidos-de-luis-berenguer-biografia-y-textos-ineditos\/#primaryimage"},"thumbnailUrl":"https:\/\/edicionesalfar.es\/es\/wp-content\/uploads\/2019\/05\/lospasosperdidosde.jpg","datePublished":"2019-07-11T05:49:37+00:00","breadcrumb":{"@id":"https:\/\/edicionesalfar.es\/es\/producto\/los-pasos-perdidos-de-luis-berenguer-biografia-y-textos-ineditos\/#breadcrumb"},"inLanguage":"es","potentialAction":[{"@type":"ReadAction","target":["https:\/\/edicionesalfar.es\/es\/producto\/los-pasos-perdidos-de-luis-berenguer-biografia-y-textos-ineditos\/"]}]},{"@type":"ImageObject","inLanguage":"es","@id":"https:\/\/edicionesalfar.es\/es\/producto\/los-pasos-perdidos-de-luis-berenguer-biografia-y-textos-ineditos\/#primaryimage","url":"https:\/\/edicionesalfar.es\/es\/wp-content\/uploads\/2019\/05\/lospasosperdidosde.jpg","contentUrl":"https:\/\/edicionesalfar.es\/es\/wp-content\/uploads\/2019\/05\/lospasosperdidosde.jpg"},{"@type":"BreadcrumbList","@id":"https:\/\/edicionesalfar.es\/es\/producto\/los-pasos-perdidos-de-luis-berenguer-biografia-y-textos-ineditos\/#breadcrumb","itemListElement":[{"@type":"ListItem","position":1,"name":"Portada","item":"https:\/\/edicionesalfar.es\/es\/"},{"@type":"ListItem","position":2,"name":"Catálogo","item":"https:\/\/edicionesalfar.es\/es\/catalogo\/"},{"@type":"ListItem","position":3,"name":"LOS PASOS PERDIDOS DE LUIS BERENGUER: Biografía y textos inéditos"}]},{"@type":"WebSite","@id":"https:\/\/edicionesalfar.es\/es\/#website","url":"https:\/\/edicionesalfar.es\/es\/","name":"Ediciones Alfar","description":"","potentialAction":[{"@type":"SearchAction","target":{"@type":"EntryPoint","urlTemplate":"https:\/\/edicionesalfar.es\/es\/?s={search_term_string}"},"query-input":{"@type":"PropertyValueSpecification","valueRequired":true,"valueName":"search_term_string"}}],"inLanguage":"es"}]}</script>
<!-- / Yoast SEO plugin. -->

LOS PASOS PERDIDOS DE LUIS BERENGUER: Biografía y textos inéditos                      - Ediciones Alfar

Recorrido por la vida y obra de L. Berenguer (1923-1979), autor de El mundo de Juan Lobón, Marea escorada, Leña verde, Sotavento, Crónica de los olvidados, etc.

LOS PASOS PERDIDOS DE LUIS BERENGUER: Biografía y textos inéditos - Ediciones Alfar

Catálogo
