{"id":13760,"date":"2019-07-11T05:49:36","date_gmt":"2019-07-11T05:49:36","guid":{"rendered":"http:\/\/www.edicionesalfar.es\/web-wordpress\/?post_type=product\\&#021;p="},"modified":"-0001-11-30T00:00:00","modified_gmt":"-0001-11-29T22:00:00","slug":"cine-literatura-y-propaganda-de-los-santos-inocentes-a-el-dia-de-la-bestia","status":"publish","type":"product","link":"https:\/\/edicionesalfar.es\/es\/producto\/cine-literatura-y-propaganda-de-los-santos-inocentes-a-el-dia-de-la-bestia\/","title":{"rendered":"CINE, LITERATURA Y PROPAGANDA. De Los Santos Inocentes a El d\u00eda de la bestia"},"content":{"rendered":"<p>CINE, LITERATURA Y PROPAGANDA. De Los Santos Inocentes a El d\u00eda de la bestia<\/p>\n","protected":false},"excerpt":{"rendered":"<p><strong> <\/strong><span style=\"font-size: 10pt;\"><span style=\"font-family: georgia,palatino;\">Se trata de un aproximaci\u00f3n te\u00f3rica al fen\u00f3meno de la propaganda  y de una aplicaci\u00f3n pr\u00e1ctica en la que se analizan obras literarias y  cinematogr\u00e1ficas desde el punto de vista propagand\u00edstico, es decir, como  veh\u00edculos culturales de propagaci\u00f3n de ideas y valores de todo tipo.<\/span><\/span><\/p>\n<p>\u00a0<\/p>\n","protected":false},"featured_media":13761,"comment_status":"open","ping_status":"open","template":"","meta":{"_acf_changed":false,"_et_pb_use_builder":"","_et_pb_old_content":"","_et_gb_content_width":""},"product_brand":[],"product_cat":[21],"product_tag":[],"class_list":{"0":"post-13760","1":"product","2":"type-product","3":"status-publish","4":"has-post-thumbnail","6":"product_cat-estudios-literarios","8":"first","9":"instock","10":"taxable","11":"shipping-taxable","12":"purchasable","13":"product-type-simple"},"acf":[],"yoast_head":"<!-- This site is optimized with the Yoast SEO plugin v27.4 - https:\/\/yoast.com\/product\/yoast-seo-wordpress\/ -->\n<title>CINE, LITERATURA Y PROPAGANDA. De Los Santos Inocentes a El d\u00eda de la bestia                          - Ediciones Alfar<\/title>\n<meta name=\"robots\" content=\"index, follow, max-snippet:-1, max-image-preview:large, max-video-preview:-1\" \/>\n<link rel=\"canonical\" href=\"https:\/\/edicionesalfar.es\/es\/producto\/cine-literatura-y-propaganda-de-los-santos-inocentes-a-el-dia-de-la-bestia\/\" \/>\n<meta property=\"og:locale\" content=\"es_ES\" \/>\n<meta property=\"og:type\" content=\"article\" \/>\n<meta property=\"og:title\" content=\"CINE, LITERATURA Y PROPAGANDA. De Los Santos Inocentes a El d\u00eda de la bestia                          - Ediciones Alfar\" \/>\n<meta property=\"og:description\" content=\"Se trata de un aproximaci\u00f3n te\u00f3rica al fen\u00f3meno de la propaganda y de una aplicaci\u00f3n pr\u00e1ctica en la que se analizan obras literarias y cinematogr\u00e1ficas desde el punto de vista propagand\u00edstico, es decir, como veh\u00edculos culturales de propagaci\u00f3n de ideas y valores de todo tipo. \u00a0\" \/>\n<meta property=\"og:url\" content=\"https:\/\/edicionesalfar.es\/es\/producto\/cine-literatura-y-propaganda-de-los-santos-inocentes-a-el-dia-de-la-bestia\/\" \/>\n<meta property=\"og:site_name\" content=\"Ediciones Alfar\" \/>\n<meta property=\"og:image\" content=\"https:\/\/edicionesalfar.es\/es\/wp-content\/uploads\/2019\/05\/cineliteratura.jpg\" \/>\n\t<meta property=\"og:image:width\" content=\"1\" \/>\n\t<meta property=\"og:image:height\" content=\"1\" \/>\n\t<meta property=\"og:image:type\" content=\"image\/jpeg\" \/>\n<meta name=\"twitter:card\" content=\"summary_large_image\" \/>\n<script type=\"application\/ld+json\" class=\"yoast-schema-graph\">{\"@context\":\"https:\\\/\\\/schema.org\",\"@graph\":[{\"@type\":\"WebPage\",\"@id\":\"https:\\\/\\\/edicionesalfar.es\\\/es\\\/producto\\\/cine-literatura-y-propaganda-de-los-santos-inocentes-a-el-dia-de-la-bestia\\\/\",\"url\":\"https:\\\/\\\/edicionesalfar.es\\\/es\\\/producto\\\/cine-literatura-y-propaganda-de-los-santos-inocentes-a-el-dia-de-la-bestia\\\/\",\"name\":\"CINE, LITERATURA Y PROPAGANDA. De Los Santos Inocentes a El d\u00eda de la bestia - Ediciones Alfar\",\"isPartOf\":{\"@id\":\"https:\\\/\\\/edicionesalfar.es\\\/es\\\/#website\"},\"primaryImageOfPage\":{\"@id\":\"https:\\\/\\\/edicionesalfar.es\\\/es\\\/producto\\\/cine-literatura-y-propaganda-de-los-santos-inocentes-a-el-dia-de-la-bestia\\\/#primaryimage\"},\"image\":{\"@id\":\"https:\\\/\\\/edicionesalfar.es\\\/es\\\/producto\\\/cine-literatura-y-propaganda-de-los-santos-inocentes-a-el-dia-de-la-bestia\\\/#primaryimage\"},\"thumbnailUrl\":\"https:\\\/\\\/edicionesalfar.es\\\/es\\\/wp-content\\\/uploads\\\/2019\\\/05\\\/cineliteratura.jpg\",\"datePublished\":\"2019-07-11T05:49:36+00:00\",\"breadcrumb\":{\"@id\":\"https:\\\/\\\/edicionesalfar.es\\\/es\\\/producto\\\/cine-literatura-y-propaganda-de-los-santos-inocentes-a-el-dia-de-la-bestia\\\/#breadcrumb\"},\"inLanguage\":\"es\",\"potentialAction\":[{\"@type\":\"ReadAction\",\"target\":[\"https:\\\/\\\/edicionesalfar.es\\\/es\\\/producto\\\/cine-literatura-y-propaganda-de-los-santos-inocentes-a-el-dia-de-la-bestia\\\/\"]}]},{\"@type\":\"ImageObject\",\"inLanguage\":\"es\",\"@id\":\"https:\\\/\\\/edicionesalfar.es\\\/es\\\/producto\\\/cine-literatura-y-propaganda-de-los-santos-inocentes-a-el-dia-de-la-bestia\\\/#primaryimage\",\"url\":\"https:\\\/\\\/edicionesalfar.es\\\/es\\\/wp-content\\\/uploads\\\/2019\\\/05\\\/cineliteratura.jpg\",\"contentUrl\":\"https:\\\/\\\/edicionesalfar.es\\\/es\\\/wp-content\\\/uploads\\\/2019\\\/05\\\/cineliteratura.jpg\"},{\"@type\":\"BreadcrumbList\",\"@id\":\"https:\\\/\\\/edicionesalfar.es\\\/es\\\/producto\\\/cine-literatura-y-propaganda-de-los-santos-inocentes-a-el-dia-de-la-bestia\\\/#breadcrumb\",\"itemListElement\":[{\"@type\":\"ListItem\",\"position\":1,\"name\":\"Portada\",\"item\":\"https:\\\/\\\/edicionesalfar.es\\\/es\\\/\"},{\"@type\":\"ListItem\",\"position\":2,\"name\":\"Cat\u00e1logo\",\"item\":\"https:\\\/\\\/edicionesalfar.es\\\/es\\\/catalogo\\\/\"},{\"@type\":\"ListItem\",\"position\":3,\"name\":\"CINE, LITERATURA Y PROPAGANDA. De Los Santos Inocentes a El d\u00eda de la bestia\"}]},{\"@type\":\"WebSite\",\"@id\":\"https:\\\/\\\/edicionesalfar.es\\\/es\\\/#website\",\"url\":\"https:\\\/\\\/edicionesalfar.es\\\/es\\\/\",\"name\":\"Ediciones Alfar\",\"description\":\"\",\"potentialAction\":[{\"@type\":\"SearchAction\",\"target\":{\"@type\":\"EntryPoint\",\"urlTemplate\":\"https:\\\/\\\/edicionesalfar.es\\\/es\\\/?s={search_term_string}\"},\"query-input\":{\"@type\":\"PropertyValueSpecification\",\"valueRequired\":true,\"valueName\":\"search_term_string\"}}],\"inLanguage\":\"es\"}]}<\/script>\n<!-- \/ Yoast SEO plugin. -->","yoast_head_json":{"title":"CINE, LITERATURA Y PROPAGANDA. De Los Santos Inocentes a El d\u00eda de la bestia                          - Ediciones Alfar","robots":{"index":"index","follow":"follow","max-snippet":"max-snippet:-1","max-image-preview":"max-image-preview:large","max-video-preview":"max-video-preview:-1"},"canonical":"https:\/\/edicionesalfar.es\/es\/producto\/cine-literatura-y-propaganda-de-los-santos-inocentes-a-el-dia-de-la-bestia\/","og_locale":"es_ES","og_type":"article","og_title":"CINE, LITERATURA Y PROPAGANDA. De Los Santos Inocentes a El d\u00eda de la bestia                          - Ediciones Alfar","og_description":"Se trata de un aproximaci\u00f3n te\u00f3rica al fen\u00f3meno de la propaganda y de una aplicaci\u00f3n pr\u00e1ctica en la que se analizan obras literarias y cinematogr\u00e1ficas desde el punto de vista propagand\u00edstico, es decir, como veh\u00edculos culturales de propagaci\u00f3n de ideas y valores de todo tipo. \u00a0","og_url":"https:\/\/edicionesalfar.es\/es\/producto\/cine-literatura-y-propaganda-de-los-santos-inocentes-a-el-dia-de-la-bestia\/","og_site_name":"Ediciones Alfar","og_image":[{"url":"https:\/\/edicionesalfar.es\/es\/wp-content\/uploads\/2019\/05\/cineliteratura.jpg","width":1,"height":1,"type":"image\/jpeg"}],"twitter_card":"summary_large_image","schema":{"@context":"https:\/\/schema.org","@graph":[{"@type":"WebPage","@id":"https:\/\/edicionesalfar.es\/es\/producto\/cine-literatura-y-propaganda-de-los-santos-inocentes-a-el-dia-de-la-bestia\/","url":"https:\/\/edicionesalfar.es\/es\/producto\/cine-literatura-y-propaganda-de-los-santos-inocentes-a-el-dia-de-la-bestia\/","name":"CINE, LITERATURA Y PROPAGANDA. De Los Santos Inocentes a El d\u00eda de la bestia - Ediciones Alfar","isPartOf":{"@id":"https:\/\/edicionesalfar.es\/es\/#website"},"primaryImageOfPage":{"@id":"https:\/\/edicionesalfar.es\/es\/producto\/cine-literatura-y-propaganda-de-los-santos-inocentes-a-el-dia-de-la-bestia\/#primaryimage"},"image":{"@id":"https:\/\/edicionesalfar.es\/es\/producto\/cine-literatura-y-propaganda-de-los-santos-inocentes-a-el-dia-de-la-bestia\/#primaryimage"},"thumbnailUrl":"https:\/\/edicionesalfar.es\/es\/wp-content\/uploads\/2019\/05\/cineliteratura.jpg","datePublished":"2019-07-11T05:49:36+00:00","breadcrumb":{"@id":"https:\/\/edicionesalfar.es\/es\/producto\/cine-literatura-y-propaganda-de-los-santos-inocentes-a-el-dia-de-la-bestia\/#breadcrumb"},"inLanguage":"es","potentialAction":[{"@type":"ReadAction","target":["https:\/\/edicionesalfar.es\/es\/producto\/cine-literatura-y-propaganda-de-los-santos-inocentes-a-el-dia-de-la-bestia\/"]}]},{"@type":"ImageObject","inLanguage":"es","@id":"https:\/\/edicionesalfar.es\/es\/producto\/cine-literatura-y-propaganda-de-los-santos-inocentes-a-el-dia-de-la-bestia\/#primaryimage","url":"https:\/\/edicionesalfar.es\/es\/wp-content\/uploads\/2019\/05\/cineliteratura.jpg","contentUrl":"https:\/\/edicionesalfar.es\/es\/wp-content\/uploads\/2019\/05\/cineliteratura.jpg"},{"@type":"BreadcrumbList","@id":"https:\/\/edicionesalfar.es\/es\/producto\/cine-literatura-y-propaganda-de-los-santos-inocentes-a-el-dia-de-la-bestia\/#breadcrumb","itemListElement":[{"@type":"ListItem","position":1,"name":"Portada","item":"https:\/\/edicionesalfar.es\/es\/"},{"@type":"ListItem","position":2,"name":"Cat\u00e1logo","item":"https:\/\/edicionesalfar.es\/es\/catalogo\/"},{"@type":"ListItem","position":3,"name":"CINE, LITERATURA Y PROPAGANDA. De Los Santos Inocentes a El d\u00eda de la bestia"}]},{"@type":"WebSite","@id":"https:\/\/edicionesalfar.es\/es\/#website","url":"https:\/\/edicionesalfar.es\/es\/","name":"Ediciones Alfar","description":"","potentialAction":[{"@type":"SearchAction","target":{"@type":"EntryPoint","urlTemplate":"https:\/\/edicionesalfar.es\/es\/?s={search_term_string}"},"query-input":{"@type":"PropertyValueSpecification","valueRequired":true,"valueName":"search_term_string"}}],"inLanguage":"es"}]}},"_links":{"self":[{"href":"https:\/\/edicionesalfar.es\/es\/wp-json\/wp\/v2\/product\/13760","targetHints":{"allow":["GET"]}}],"collection":[{"href":"https:\/\/edicionesalfar.es\/es\/wp-json\/wp\/v2\/product"}],"about":[{"href":"https:\/\/edicionesalfar.es\/es\/wp-json\/wp\/v2\/types\/product"}],"replies":[{"embeddable":true,"href":"https:\/\/edicionesalfar.es\/es\/wp-json\/wp\/v2\/comments?post=13760"}],"wp:featuredmedia":[{"embeddable":true,"href":"https:\/\/edicionesalfar.es\/es\/wp-json\/wp\/v2\/media\/13761"}],"wp:attachment":[{"href":"https:\/\/edicionesalfar.es\/es\/wp-json\/wp\/v2\/media?parent=13760"}],"wp:term":[{"taxonomy":"product_brand","embeddable":true,"href":"https:\/\/edicionesalfar.es\/es\/wp-json\/wp\/v2\/product_brand?post=13760"},{"taxonomy":"product_cat","embeddable":true,"href":"https:\/\/edicionesalfar.es\/es\/wp-json\/wp\/v2\/product_cat?post=13760"},{"taxonomy":"product_tag","embeddable":true,"href":"https:\/\/edicionesalfar.es\/es\/wp-json\/wp\/v2\/product_tag?post=13760"}],"curies":[{"name":"wp","href":"https:\/\/api.w.org\/{rel}","templated":true}]}}

CINE, LITERATURA Y PROPAGANDA. De Los Santos Inocentes a El día de la bestia

<p>CINE, LITERATURA Y PROPAGANDA. De Los Santos Inocentes a El día de la bestia</p>

<p><strong> </strong><span style="font-size: 10pt;"><span style="font-family: georgia,palatino;">Se trata de un aproximación teórica al fenómeno de la propaganda  y de una aplicación práctica en la que se analizan obras literarias y  cinematográficas desde el punto de vista propagandístico, es decir, como  vehículos culturales de propagación de ideas y valores de todo tipo.</span></span></p>
<p> </p>

<!-- This site is optimized with the Yoast SEO plugin v27.4 - https://yoast.com/product/yoast-seo-wordpress/ -->
<title>CINE, LITERATURA Y PROPAGANDA. De Los Santos Inocentes a El día de la bestia                          - Ediciones Alfar</title>
<meta name="robots" content="index, follow, max-snippet:-1, max-image-preview:large, max-video-preview:-1" />
<link rel="canonical" href="https://edicionesalfar.es/es/producto/cine-literatura-y-propaganda-de-los-santos-inocentes-a-el-dia-de-la-bestia/" />
<meta property="og:locale" content="es_ES" />
<meta property="og:type" content="article" />
<meta property="og:title" content="CINE, LITERATURA Y PROPAGANDA. De Los Santos Inocentes a El día de la bestia                          - Ediciones Alfar" />
<meta property="og:description" content="Se trata de un aproximación teórica al fenómeno de la propaganda y de una aplicación práctica en la que se analizan obras literarias y cinematográficas desde el punto de vista propagandístico, es decir, como vehículos culturales de propagación de ideas y valores de todo tipo.  " />
<meta property="og:url" content="https://edicionesalfar.es/es/producto/cine-literatura-y-propaganda-de-los-santos-inocentes-a-el-dia-de-la-bestia/" />
<meta property="og:site_name" content="Ediciones Alfar" />
<meta property="og:image" content="https://edicionesalfar.es/es/wp-content/uploads/2019/05/cineliteratura.jpg" />
	<meta property="og:image:width" content="1" />
	<meta property="og:image:height" content="1" />
	<meta property="og:image:type" content="image/jpeg" />
<meta name="twitter:card" content="summary_large_image" />
<script type="application/ld+json" class="yoast-schema-graph">{"@context":"https:\/\/schema.org","@graph":[{"@type":"WebPage","@id":"https:\/\/edicionesalfar.es\/es\/producto\/cine-literatura-y-propaganda-de-los-santos-inocentes-a-el-dia-de-la-bestia\/","url":"https:\/\/edicionesalfar.es\/es\/producto\/cine-literatura-y-propaganda-de-los-santos-inocentes-a-el-dia-de-la-bestia\/","name":"CINE, LITERATURA Y PROPAGANDA. De Los Santos Inocentes a El día de la bestia - Ediciones Alfar","isPartOf":{"@id":"https:\/\/edicionesalfar.es\/es\/#website"},"primaryImageOfPage":{"@id":"https:\/\/edicionesalfar.es\/es\/producto\/cine-literatura-y-propaganda-de-los-santos-inocentes-a-el-dia-de-la-bestia\/#primaryimage"},"image":{"@id":"https:\/\/edicionesalfar.es\/es\/producto\/cine-literatura-y-propaganda-de-los-santos-inocentes-a-el-dia-de-la-bestia\/#primaryimage"},"thumbnailUrl":"https:\/\/edicionesalfar.es\/es\/wp-content\/uploads\/2019\/05\/cineliteratura.jpg","datePublished":"2019-07-11T05:49:36+00:00","breadcrumb":{"@id":"https:\/\/edicionesalfar.es\/es\/producto\/cine-literatura-y-propaganda-de-los-santos-inocentes-a-el-dia-de-la-bestia\/#breadcrumb"},"inLanguage":"es","potentialAction":[{"@type":"ReadAction","target":["https:\/\/edicionesalfar.es\/es\/producto\/cine-literatura-y-propaganda-de-los-santos-inocentes-a-el-dia-de-la-bestia\/"]}]},{"@type":"ImageObject","inLanguage":"es","@id":"https:\/\/edicionesalfar.es\/es\/producto\/cine-literatura-y-propaganda-de-los-santos-inocentes-a-el-dia-de-la-bestia\/#primaryimage","url":"https:\/\/edicionesalfar.es\/es\/wp-content\/uploads\/2019\/05\/cineliteratura.jpg","contentUrl":"https:\/\/edicionesalfar.es\/es\/wp-content\/uploads\/2019\/05\/cineliteratura.jpg"},{"@type":"BreadcrumbList","@id":"https:\/\/edicionesalfar.es\/es\/producto\/cine-literatura-y-propaganda-de-los-santos-inocentes-a-el-dia-de-la-bestia\/#breadcrumb","itemListElement":[{"@type":"ListItem","position":1,"name":"Portada","item":"https:\/\/edicionesalfar.es\/es\/"},{"@type":"ListItem","position":2,"name":"Catálogo","item":"https:\/\/edicionesalfar.es\/es\/catalogo\/"},{"@type":"ListItem","position":3,"name":"CINE, LITERATURA Y PROPAGANDA. De Los Santos Inocentes a El día de la bestia"}]},{"@type":"WebSite","@id":"https:\/\/edicionesalfar.es\/es\/#website","url":"https:\/\/edicionesalfar.es\/es\/","name":"Ediciones Alfar","description":"","potentialAction":[{"@type":"SearchAction","target":{"@type":"EntryPoint","urlTemplate":"https:\/\/edicionesalfar.es\/es\/?s={search_term_string}"},"query-input":{"@type":"PropertyValueSpecification","valueRequired":true,"valueName":"search_term_string"}}],"inLanguage":"es"}]}</script>
<!-- / Yoast SEO plugin. -->

CINE, LITERATURA Y PROPAGANDA. De Los Santos Inocentes a El día de la bestia                          - Ediciones Alfar

Se trata de un aproximación teórica al fenómeno de la propaganda y de una aplicación práctica en la que se analizan obras literarias y cinematográficas desde el punto de vista propagandístico, es decir, como vehículos culturales de propagación de ideas y valores de todo tipo.

CINE, LITERATURA Y PROPAGANDA. De Los Santos Inocentes a El día de la bestia - Ediciones Alfar

Catálogo
