{"id":13638,"date":"2019-07-11T05:48:34","date_gmt":"2019-07-11T05:48:34","guid":{"rendered":"http:\/\/www.edicionesalfar.es\/web-wordpress\/?post_type=product&#038;#022;p="},"modified":"2022-05-16T18:58:20","modified_gmt":"2022-05-16T16:58:20","slug":"la-bisagra-ensayo-sobre-complejidad-crisis-y-comunicacion","status":"publish","type":"product","link":"https:\/\/edicionesalfar.es\/es\/producto\/la-bisagra-ensayo-sobre-complejidad-crisis-y-comunicacion\/","title":{"rendered":"LA BISAGRA. Ensayo sobre complejidad, crisis y comunicaci\u00f3n"},"content":{"rendered":"<p>LA BISAGRA. Ensayo sobre complejidad, crisis y comunicaci\u00f3n<\/p>\n","protected":false},"excerpt":{"rendered":"<p>Una \u00a0reflexi\u00f3n sobre la comunicaci\u00f3n y la informaci\u00f3n entendidas como elementos de \u201cbisagra\u201d que nos vinculan, al mismo \u00a0tiempo que nos distinguen.<\/p>\n<p><a href=\"http:\/\/www.todoebook.com\/LA-BISAGRA_-ENSAYO-SOBRE-COMPLEJIDAD_-CRISIS-Y-COMUNICACION-ANGEL-ACOSTA-ROMERO-EDICIONES-ALFAR-S_A_-LibroEbook-0000019570035.html\" target=\"_blank\" rel=\"noopener\"><span style=\"color: #0358a8;\"><img decoding=\"async\" style=\"border-width: initial; border-color: initial;\" src=\"http:\/\/www.edicionesalfar.es\/logo-todoebook.gif\" alt=\"\" \/><\/span> DISPONIBLE EN\u00a0<span style=\"color: #3366ff;\">TODO EBOOK<\/span><\/a><\/p>\n","protected":false},"featured_media":13639,"comment_status":"open","ping_status":"closed","template":"","meta":{"_acf_changed":false,"_et_pb_use_builder":"","_et_pb_old_content":"","_et_gb_content_width":""},"product_brand":[],"product_cat":[421,22],"product_tag":[],"class_list":{"0":"post-13638","1":"product","2":"type-product","3":"status-publish","4":"has-post-thumbnail","6":"product_cat-acosta-romero-angel","7":"product_cat-estudios-comunicacion","9":"first","10":"instock","11":"taxable","12":"shipping-taxable","13":"purchasable","14":"product-type-simple"},"acf":[],"yoast_head":"<!-- This site is optimized with the Yoast SEO plugin v27.5 - https:\/\/yoast.com\/product\/yoast-seo-wordpress\/ -->\n<title>LA BISAGRA. Ensayo sobre complejidad, crisis y comunicaci\u00f3n - Ediciones Alfar<\/title>\n<meta name=\"robots\" content=\"index, follow, max-snippet:-1, max-image-preview:large, max-video-preview:-1\" \/>\n<link rel=\"canonical\" href=\"https:\/\/edicionesalfar.es\/es\/producto\/la-bisagra-ensayo-sobre-complejidad-crisis-y-comunicacion\/\" \/>\n<meta property=\"og:locale\" content=\"es_ES\" \/>\n<meta property=\"og:type\" content=\"article\" \/>\n<meta property=\"og:title\" content=\"LA BISAGRA. Ensayo sobre complejidad, crisis y comunicaci\u00f3n - Ediciones Alfar\" \/>\n<meta property=\"og:description\" content=\"Una \u00a0reflexi\u00f3n sobre la comunicaci\u00f3n y la informaci\u00f3n entendidas como elementos de \u201cbisagra\u201d que nos vinculan, al mismo \u00a0tiempo que nos distinguen.   DISPONIBLE EN\u00a0TODO EBOOK\" \/>\n<meta property=\"og:url\" content=\"https:\/\/edicionesalfar.es\/es\/producto\/la-bisagra-ensayo-sobre-complejidad-crisis-y-comunicacion\/\" \/>\n<meta property=\"og:site_name\" content=\"Ediciones Alfar\" \/>\n<meta property=\"article:modified_time\" content=\"2022-05-16T16:58:20+00:00\" \/>\n<meta property=\"og:image\" content=\"https:\/\/edicionesalfar.es\/es\/wp-content\/uploads\/2019\/05\/La-bisagra.jpg\" \/>\n\t<meta property=\"og:image:width\" content=\"1\" \/>\n\t<meta property=\"og:image:height\" content=\"1\" \/>\n\t<meta property=\"og:image:type\" content=\"image\/jpeg\" \/>\n<meta name=\"twitter:card\" content=\"summary_large_image\" \/>\n<script type=\"application\/ld+json\" class=\"yoast-schema-graph\">{\"@context\":\"https:\\\/\\\/schema.org\",\"@graph\":[{\"@type\":\"WebPage\",\"@id\":\"https:\\\/\\\/edicionesalfar.es\\\/es\\\/producto\\\/la-bisagra-ensayo-sobre-complejidad-crisis-y-comunicacion\\\/\",\"url\":\"https:\\\/\\\/edicionesalfar.es\\\/es\\\/producto\\\/la-bisagra-ensayo-sobre-complejidad-crisis-y-comunicacion\\\/\",\"name\":\"LA BISAGRA. Ensayo sobre complejidad, crisis y comunicaci\u00f3n - Ediciones Alfar\",\"isPartOf\":{\"@id\":\"https:\\\/\\\/edicionesalfar.es\\\/es\\\/#website\"},\"primaryImageOfPage\":{\"@id\":\"https:\\\/\\\/edicionesalfar.es\\\/es\\\/producto\\\/la-bisagra-ensayo-sobre-complejidad-crisis-y-comunicacion\\\/#primaryimage\"},\"image\":{\"@id\":\"https:\\\/\\\/edicionesalfar.es\\\/es\\\/producto\\\/la-bisagra-ensayo-sobre-complejidad-crisis-y-comunicacion\\\/#primaryimage\"},\"thumbnailUrl\":\"https:\\\/\\\/edicionesalfar.es\\\/es\\\/wp-content\\\/uploads\\\/2019\\\/05\\\/La-bisagra.jpg\",\"datePublished\":\"2019-07-11T05:48:34+00:00\",\"dateModified\":\"2022-05-16T16:58:20+00:00\",\"breadcrumb\":{\"@id\":\"https:\\\/\\\/edicionesalfar.es\\\/es\\\/producto\\\/la-bisagra-ensayo-sobre-complejidad-crisis-y-comunicacion\\\/#breadcrumb\"},\"inLanguage\":\"es\",\"potentialAction\":[{\"@type\":\"ReadAction\",\"target\":[\"https:\\\/\\\/edicionesalfar.es\\\/es\\\/producto\\\/la-bisagra-ensayo-sobre-complejidad-crisis-y-comunicacion\\\/\"]}]},{\"@type\":\"ImageObject\",\"inLanguage\":\"es\",\"@id\":\"https:\\\/\\\/edicionesalfar.es\\\/es\\\/producto\\\/la-bisagra-ensayo-sobre-complejidad-crisis-y-comunicacion\\\/#primaryimage\",\"url\":\"https:\\\/\\\/edicionesalfar.es\\\/es\\\/wp-content\\\/uploads\\\/2019\\\/05\\\/La-bisagra.jpg\",\"contentUrl\":\"https:\\\/\\\/edicionesalfar.es\\\/es\\\/wp-content\\\/uploads\\\/2019\\\/05\\\/La-bisagra.jpg\"},{\"@type\":\"BreadcrumbList\",\"@id\":\"https:\\\/\\\/edicionesalfar.es\\\/es\\\/producto\\\/la-bisagra-ensayo-sobre-complejidad-crisis-y-comunicacion\\\/#breadcrumb\",\"itemListElement\":[{\"@type\":\"ListItem\",\"position\":1,\"name\":\"Portada\",\"item\":\"https:\\\/\\\/edicionesalfar.es\\\/es\\\/\"},{\"@type\":\"ListItem\",\"position\":2,\"name\":\"Cat\u00e1logo\",\"item\":\"https:\\\/\\\/edicionesalfar.es\\\/es\\\/catalogo\\\/\"},{\"@type\":\"ListItem\",\"position\":3,\"name\":\"LA BISAGRA. Ensayo sobre complejidad, crisis y comunicaci\u00f3n\"}]},{\"@type\":\"WebSite\",\"@id\":\"https:\\\/\\\/edicionesalfar.es\\\/es\\\/#website\",\"url\":\"https:\\\/\\\/edicionesalfar.es\\\/es\\\/\",\"name\":\"Ediciones Alfar\",\"description\":\"\",\"potentialAction\":[{\"@type\":\"SearchAction\",\"target\":{\"@type\":\"EntryPoint\",\"urlTemplate\":\"https:\\\/\\\/edicionesalfar.es\\\/es\\\/?s={search_term_string}\"},\"query-input\":{\"@type\":\"PropertyValueSpecification\",\"valueRequired\":true,\"valueName\":\"search_term_string\"}}],\"inLanguage\":\"es\"}]}<\/script>\n<!-- \/ Yoast SEO plugin. -->","yoast_head_json":{"title":"LA BISAGRA. Ensayo sobre complejidad, crisis y comunicaci\u00f3n - Ediciones Alfar","robots":{"index":"index","follow":"follow","max-snippet":"max-snippet:-1","max-image-preview":"max-image-preview:large","max-video-preview":"max-video-preview:-1"},"canonical":"https:\/\/edicionesalfar.es\/es\/producto\/la-bisagra-ensayo-sobre-complejidad-crisis-y-comunicacion\/","og_locale":"es_ES","og_type":"article","og_title":"LA BISAGRA. Ensayo sobre complejidad, crisis y comunicaci\u00f3n - Ediciones Alfar","og_description":"Una \u00a0reflexi\u00f3n sobre la comunicaci\u00f3n y la informaci\u00f3n entendidas como elementos de \u201cbisagra\u201d que nos vinculan, al mismo \u00a0tiempo que nos distinguen.   DISPONIBLE EN\u00a0TODO EBOOK","og_url":"https:\/\/edicionesalfar.es\/es\/producto\/la-bisagra-ensayo-sobre-complejidad-crisis-y-comunicacion\/","og_site_name":"Ediciones Alfar","article_modified_time":"2022-05-16T16:58:20+00:00","og_image":[{"url":"https:\/\/edicionesalfar.es\/es\/wp-content\/uploads\/2019\/05\/La-bisagra.jpg","width":1,"height":1,"type":"image\/jpeg"}],"twitter_card":"summary_large_image","schema":{"@context":"https:\/\/schema.org","@graph":[{"@type":"WebPage","@id":"https:\/\/edicionesalfar.es\/es\/producto\/la-bisagra-ensayo-sobre-complejidad-crisis-y-comunicacion\/","url":"https:\/\/edicionesalfar.es\/es\/producto\/la-bisagra-ensayo-sobre-complejidad-crisis-y-comunicacion\/","name":"LA BISAGRA. Ensayo sobre complejidad, crisis y comunicaci\u00f3n - Ediciones Alfar","isPartOf":{"@id":"https:\/\/edicionesalfar.es\/es\/#website"},"primaryImageOfPage":{"@id":"https:\/\/edicionesalfar.es\/es\/producto\/la-bisagra-ensayo-sobre-complejidad-crisis-y-comunicacion\/#primaryimage"},"image":{"@id":"https:\/\/edicionesalfar.es\/es\/producto\/la-bisagra-ensayo-sobre-complejidad-crisis-y-comunicacion\/#primaryimage"},"thumbnailUrl":"https:\/\/edicionesalfar.es\/es\/wp-content\/uploads\/2019\/05\/La-bisagra.jpg","datePublished":"2019-07-11T05:48:34+00:00","dateModified":"2022-05-16T16:58:20+00:00","breadcrumb":{"@id":"https:\/\/edicionesalfar.es\/es\/producto\/la-bisagra-ensayo-sobre-complejidad-crisis-y-comunicacion\/#breadcrumb"},"inLanguage":"es","potentialAction":[{"@type":"ReadAction","target":["https:\/\/edicionesalfar.es\/es\/producto\/la-bisagra-ensayo-sobre-complejidad-crisis-y-comunicacion\/"]}]},{"@type":"ImageObject","inLanguage":"es","@id":"https:\/\/edicionesalfar.es\/es\/producto\/la-bisagra-ensayo-sobre-complejidad-crisis-y-comunicacion\/#primaryimage","url":"https:\/\/edicionesalfar.es\/es\/wp-content\/uploads\/2019\/05\/La-bisagra.jpg","contentUrl":"https:\/\/edicionesalfar.es\/es\/wp-content\/uploads\/2019\/05\/La-bisagra.jpg"},{"@type":"BreadcrumbList","@id":"https:\/\/edicionesalfar.es\/es\/producto\/la-bisagra-ensayo-sobre-complejidad-crisis-y-comunicacion\/#breadcrumb","itemListElement":[{"@type":"ListItem","position":1,"name":"Portada","item":"https:\/\/edicionesalfar.es\/es\/"},{"@type":"ListItem","position":2,"name":"Cat\u00e1logo","item":"https:\/\/edicionesalfar.es\/es\/catalogo\/"},{"@type":"ListItem","position":3,"name":"LA BISAGRA. Ensayo sobre complejidad, crisis y comunicaci\u00f3n"}]},{"@type":"WebSite","@id":"https:\/\/edicionesalfar.es\/es\/#website","url":"https:\/\/edicionesalfar.es\/es\/","name":"Ediciones Alfar","description":"","potentialAction":[{"@type":"SearchAction","target":{"@type":"EntryPoint","urlTemplate":"https:\/\/edicionesalfar.es\/es\/?s={search_term_string}"},"query-input":{"@type":"PropertyValueSpecification","valueRequired":true,"valueName":"search_term_string"}}],"inLanguage":"es"}]}},"_links":{"self":[{"href":"https:\/\/edicionesalfar.es\/es\/wp-json\/wp\/v2\/product\/13638","targetHints":{"allow":["GET"]}}],"collection":[{"href":"https:\/\/edicionesalfar.es\/es\/wp-json\/wp\/v2\/product"}],"about":[{"href":"https:\/\/edicionesalfar.es\/es\/wp-json\/wp\/v2\/types\/product"}],"replies":[{"embeddable":true,"href":"https:\/\/edicionesalfar.es\/es\/wp-json\/wp\/v2\/comments?post=13638"}],"wp:featuredmedia":[{"embeddable":true,"href":"https:\/\/edicionesalfar.es\/es\/wp-json\/wp\/v2\/media\/13639"}],"wp:attachment":[{"href":"https:\/\/edicionesalfar.es\/es\/wp-json\/wp\/v2\/media?parent=13638"}],"wp:term":[{"taxonomy":"product_brand","embeddable":true,"href":"https:\/\/edicionesalfar.es\/es\/wp-json\/wp\/v2\/product_brand?post=13638"},{"taxonomy":"product_cat","embeddable":true,"href":"https:\/\/edicionesalfar.es\/es\/wp-json\/wp\/v2\/product_cat?post=13638"},{"taxonomy":"product_tag","embeddable":true,"href":"https:\/\/edicionesalfar.es\/es\/wp-json\/wp\/v2\/product_tag?post=13638"}],"curies":[{"name":"wp","href":"https:\/\/api.w.org\/{rel}","templated":true}]}}

LA BISAGRA. Ensayo sobre complejidad, crisis y comunicación

<p>LA BISAGRA. Ensayo sobre complejidad, crisis y comunicación</p>

<p>Una  reflexión sobre la comunicación y la información entendidas como elementos de “bisagra” que nos vinculan, al mismo  tiempo que nos distinguen.</p>
<p><a href="http://www.todoebook.com/LA-BISAGRA_-ENSAYO-SOBRE-COMPLEJIDAD_-CRISIS-Y-COMUNICACION-ANGEL-ACOSTA-ROMERO-EDICIONES-ALFAR-S_A_-LibroEbook-0000019570035.html" target="_blank" rel="noopener"><span style="color: #0358a8;"><img decoding="async" style="border-width: initial; border-color: initial;" src="http://www.edicionesalfar.es/logo-todoebook.gif" alt="" /></span> DISPONIBLE EN <span style="color: #3366ff;">TODO EBOOK</span></a></p>

<!-- This site is optimized with the Yoast SEO plugin v27.5 - https://yoast.com/product/yoast-seo-wordpress/ -->
<title>LA BISAGRA. Ensayo sobre complejidad, crisis y comunicación - Ediciones Alfar</title>
<meta name="robots" content="index, follow, max-snippet:-1, max-image-preview:large, max-video-preview:-1" />
<link rel="canonical" href="https://edicionesalfar.es/es/producto/la-bisagra-ensayo-sobre-complejidad-crisis-y-comunicacion/" />
<meta property="og:locale" content="es_ES" />
<meta property="og:type" content="article" />
<meta property="og:title" content="LA BISAGRA. Ensayo sobre complejidad, crisis y comunicación - Ediciones Alfar" />
<meta property="og:description" content="Una  reflexión sobre la comunicación y la información entendidas como elementos de “bisagra” que nos vinculan, al mismo  tiempo que nos distinguen.   DISPONIBLE EN TODO EBOOK" />
<meta property="og:url" content="https://edicionesalfar.es/es/producto/la-bisagra-ensayo-sobre-complejidad-crisis-y-comunicacion/" />
<meta property="og:site_name" content="Ediciones Alfar" />
<meta property="article:modified_time" content="2022-05-16T16:58:20+00:00" />
<meta property="og:image" content="https://edicionesalfar.es/es/wp-content/uploads/2019/05/La-bisagra.jpg" />
	<meta property="og:image:width" content="1" />
	<meta property="og:image:height" content="1" />
	<meta property="og:image:type" content="image/jpeg" />
<meta name="twitter:card" content="summary_large_image" />
<script type="application/ld+json" class="yoast-schema-graph">{"@context":"https:\/\/schema.org","@graph":[{"@type":"WebPage","@id":"https:\/\/edicionesalfar.es\/es\/producto\/la-bisagra-ensayo-sobre-complejidad-crisis-y-comunicacion\/","url":"https:\/\/edicionesalfar.es\/es\/producto\/la-bisagra-ensayo-sobre-complejidad-crisis-y-comunicacion\/","name":"LA BISAGRA. Ensayo sobre complejidad, crisis y comunicación - Ediciones Alfar","isPartOf":{"@id":"https:\/\/edicionesalfar.es\/es\/#website"},"primaryImageOfPage":{"@id":"https:\/\/edicionesalfar.es\/es\/producto\/la-bisagra-ensayo-sobre-complejidad-crisis-y-comunicacion\/#primaryimage"},"image":{"@id":"https:\/\/edicionesalfar.es\/es\/producto\/la-bisagra-ensayo-sobre-complejidad-crisis-y-comunicacion\/#primaryimage"},"thumbnailUrl":"https:\/\/edicionesalfar.es\/es\/wp-content\/uploads\/2019\/05\/La-bisagra.jpg","datePublished":"2019-07-11T05:48:34+00:00","dateModified":"2022-05-16T16:58:20+00:00","breadcrumb":{"@id":"https:\/\/edicionesalfar.es\/es\/producto\/la-bisagra-ensayo-sobre-complejidad-crisis-y-comunicacion\/#breadcrumb"},"inLanguage":"es","potentialAction":[{"@type":"ReadAction","target":["https:\/\/edicionesalfar.es\/es\/producto\/la-bisagra-ensayo-sobre-complejidad-crisis-y-comunicacion\/"]}]},{"@type":"ImageObject","inLanguage":"es","@id":"https:\/\/edicionesalfar.es\/es\/producto\/la-bisagra-ensayo-sobre-complejidad-crisis-y-comunicacion\/#primaryimage","url":"https:\/\/edicionesalfar.es\/es\/wp-content\/uploads\/2019\/05\/La-bisagra.jpg","contentUrl":"https:\/\/edicionesalfar.es\/es\/wp-content\/uploads\/2019\/05\/La-bisagra.jpg"},{"@type":"BreadcrumbList","@id":"https:\/\/edicionesalfar.es\/es\/producto\/la-bisagra-ensayo-sobre-complejidad-crisis-y-comunicacion\/#breadcrumb","itemListElement":[{"@type":"ListItem","position":1,"name":"Portada","item":"https:\/\/edicionesalfar.es\/es\/"},{"@type":"ListItem","position":2,"name":"Catálogo","item":"https:\/\/edicionesalfar.es\/es\/catalogo\/"},{"@type":"ListItem","position":3,"name":"LA BISAGRA. Ensayo sobre complejidad, crisis y comunicación"}]},{"@type":"WebSite","@id":"https:\/\/edicionesalfar.es\/es\/#website","url":"https:\/\/edicionesalfar.es\/es\/","name":"Ediciones Alfar","description":"","potentialAction":[{"@type":"SearchAction","target":{"@type":"EntryPoint","urlTemplate":"https:\/\/edicionesalfar.es\/es\/?s={search_term_string}"},"query-input":{"@type":"PropertyValueSpecification","valueRequired":true,"valueName":"search_term_string"}}],"inLanguage":"es"}]}</script>
<!-- / Yoast SEO plugin. -->

LA BISAGRA. Ensayo sobre complejidad, crisis y comunicación - Ediciones Alfar

Una  reflexión sobre la comunicación y la información entendidas como elementos de “bisagra” que nos vinculan, al mismo  tiempo que nos distinguen.   DISPONIBLE EN TODO EBOOK

Catálogo
