{"id":121154,"date":"2025-04-16T13:28:10","date_gmt":"2025-04-16T11:28:10","guid":{"rendered":"https:\/\/edicionesalfar.es\/es\/?post_type=product&#038;p=121154"},"modified":"2025-04-16T13:29:40","modified_gmt":"2025-04-16T11:29:40","slug":"la-hija-del-viento","status":"publish","type":"product","link":"https:\/\/edicionesalfar.es\/es\/producto\/la-hija-del-viento\/","title":{"rendered":"La hija del viento"},"content":{"rendered":"<p>La hija del viento es la historia de Irmaen, una ni\u00f1a africana que en el a\u00f1o 1700 es capturada por esclavistas y llevada a Jamaica para trabajar en los campos de algod\u00f3n. En esta isla, la brutalidad de los negreros ingleses provoca una mortandad alt\u00edsima entre los esclavos, generando una selecci\u00f3n gen\u00e9tica natural en la que solo los m\u00e1s fuertes pueden sobrevivir. Irmaen, impulsada por su instinto de libertad, desaf\u00eda el destino y se convierte en s\u00edmbolo de resistencia. Tres siglos despu\u00e9s el a\u00f1o 2000 un entrenador de atletismo descubre las extraordinarias cualidades de una de sus descendientes. La velocidad corre por su sangre forjada a trav\u00e9s de generaciones de lucha y supervivencia. Conocedora de su enorme potencial una empresa la entrenar\u00e1 en secreto buscando convertirla en la persona m\u00e1s r\u00e1pida del mundo. M\u00e1s que una historia de deporte, la hija del viento es un relato sobre la herencia, la identidad y la fuerza de mujeres que se niegan a ser doblegadas. El viento, la luna y el esp\u00edritu de la madre tierra les ayudar\u00e1n a salir victoriosas de la dura batalla de la vida. Esta novela nos sumerge en un viaje de lucha, determinaci\u00f3n y libertad, donde rendirse no est\u00e1 permitido.<\/p>\n<p><img decoding=\"async\" class=\"wp-image-121155 alignleft\" src=\"https:\/\/edicionesalfar.es\/es\/wp-content\/uploads\/2025\/04\/IMG_20230906_135537-226x300.jpg\" alt=\"\" width=\"140\" height=\"186\" \/><\/p>\n<p>Jose \u00c1ngel\u00a0Fulgencio nacido en Bilbao en 1963 es licenciado en empresariales y toda su vida laboral ha estado relacionada con el marketing y la publicidad. Es escritor de varios cuentos infantiles ilustrados en los que intenta ense\u00f1ar a los ni\u00f1os temas trascendentales como el miedo la muerte, la derrota en el deporte y los nuevos modelos de familia entre otros. Su primer libro titulado \u00abBrinkos\u00bb trata sobre el patriarcado, la relaci\u00f3n entre las diferentes razas y la libertad. En este libro los protagonistas no son personas sino conejos y liebres.<\/p>\n","protected":false},"excerpt":{"rendered":"<p>La hija del viento es la historia de Irmaen, una ni\u00f1a africana que en el a\u00f1o 1700 es capturada por esclavistas y llevada a Jamaica para trabajar en los campos de algod\u00f3n. En esta isla, la brutalidad de los negreros ingleses provoca una mortandad alt\u00edsima entre los esclavos, generando una selecci\u00f3n gen\u00e9tica natural en la que solo los m\u00e1s fuertes pueden sobrevivir. Irmaen, impulsada por su instinto de libertad, desaf\u00eda el destino y se convierte en s\u00edmbolo de resistencia.<\/p>\n","protected":false},"featured_media":121156,"comment_status":"closed","ping_status":"closed","template":"","meta":{"_acf_changed":false,"_et_pb_use_builder":"","_et_pb_old_content":"","_et_gb_content_width":""},"product_brand":[],"product_cat":[372,375,619,47],"product_tag":[],"class_list":{"0":"post-121154","1":"product","2":"type-product","3":"status-publish","4":"has-post-thumbnail","6":"product_cat-alfar","7":"product_cat-editoriales","8":"product_cat-fulgencio-jose-angel","9":"product_cat-otras-narrativas","11":"first","12":"instock","13":"sale","14":"taxable","15":"shipping-taxable","16":"purchasable","17":"product-type-simple"},"acf":[],"yoast_head":"<!-- This site is optimized with the Yoast SEO plugin v27.4 - https:\/\/yoast.com\/product\/yoast-seo-wordpress\/ -->\n<title>La hija del viento - Ediciones Alfar<\/title>\n<meta name=\"description\" content=\"La hija del viento es la historia de Irmaen, una ni\u00f1a africana que en el a\u00f1o 1700 es capturada por esclavistas y llevada a Jamaica para trabajar en los campos de algod\u00f3n. En esta isla, la brutalidad de los negreros ingleses provoca una mortandad alt\u00edsima entre los esclavos, generando una selecci\u00f3n gen\u00e9tica natural en la que solo los m\u00e1s fuertes pueden sobrevivir. Irmaen, impulsada por su instinto de libertad, desaf\u00eda el destino y se convierte en s\u00edmbolo de resistencia.\" \/>\n<meta name=\"robots\" content=\"index, follow, max-snippet:-1, max-image-preview:large, max-video-preview:-1\" \/>\n<link rel=\"canonical\" href=\"https:\/\/edicionesalfar.es\/es\/producto\/la-hija-del-viento\/\" \/>\n<meta property=\"og:locale\" content=\"es_ES\" \/>\n<meta property=\"og:type\" content=\"article\" \/>\n<meta property=\"og:title\" content=\"La hija del viento - Ediciones Alfar\" \/>\n<meta property=\"og:description\" content=\"La hija del viento es la historia de Irmaen, una ni\u00f1a africana que en el a\u00f1o 1700 es capturada por esclavistas y llevada a Jamaica para trabajar en los campos de algod\u00f3n. En esta isla, la brutalidad de los negreros ingleses provoca una mortandad alt\u00edsima entre los esclavos, generando una selecci\u00f3n gen\u00e9tica natural en la que solo los m\u00e1s fuertes pueden sobrevivir. Irmaen, impulsada por su instinto de libertad, desaf\u00eda el destino y se convierte en s\u00edmbolo de resistencia.\" \/>\n<meta property=\"og:url\" content=\"https:\/\/edicionesalfar.es\/es\/producto\/la-hija-del-viento\/\" \/>\n<meta property=\"og:site_name\" content=\"Ediciones Alfar\" \/>\n<meta property=\"article:modified_time\" content=\"2025-04-16T11:29:40+00:00\" \/>\n<meta property=\"og:image\" content=\"https:\/\/edicionesalfar.es\/es\/wp-content\/uploads\/2025\/04\/9788410286214-scaled.jpg\" \/>\n\t<meta property=\"og:image:width\" content=\"1809\" \/>\n\t<meta property=\"og:image:height\" content=\"2560\" \/>\n\t<meta property=\"og:image:type\" content=\"image\/jpeg\" \/>\n<meta name=\"twitter:card\" content=\"summary_large_image\" \/>\n<meta name=\"twitter:label1\" content=\"Tiempo de lectura\" \/>\n\t<meta name=\"twitter:data1\" content=\"2 minutos\" \/>\n<script type=\"application\/ld+json\" class=\"yoast-schema-graph\">{\"@context\":\"https:\\\/\\\/schema.org\",\"@graph\":[{\"@type\":\"WebPage\",\"@id\":\"https:\\\/\\\/edicionesalfar.es\\\/es\\\/producto\\\/la-hija-del-viento\\\/\",\"url\":\"https:\\\/\\\/edicionesalfar.es\\\/es\\\/producto\\\/la-hija-del-viento\\\/\",\"name\":\"La hija del viento - Ediciones Alfar\",\"isPartOf\":{\"@id\":\"https:\\\/\\\/edicionesalfar.es\\\/es\\\/#website\"},\"primaryImageOfPage\":{\"@id\":\"https:\\\/\\\/edicionesalfar.es\\\/es\\\/producto\\\/la-hija-del-viento\\\/#primaryimage\"},\"image\":{\"@id\":\"https:\\\/\\\/edicionesalfar.es\\\/es\\\/producto\\\/la-hija-del-viento\\\/#primaryimage\"},\"thumbnailUrl\":\"https:\\\/\\\/edicionesalfar.es\\\/es\\\/wp-content\\\/uploads\\\/2025\\\/04\\\/9788410286214-scaled.jpg\",\"datePublished\":\"2025-04-16T11:28:10+00:00\",\"dateModified\":\"2025-04-16T11:29:40+00:00\",\"description\":\"La hija del viento es la historia de Irmaen, una ni\u00f1a africana que en el a\u00f1o 1700 es capturada por esclavistas y llevada a Jamaica para trabajar en los campos de algod\u00f3n. En esta isla, la brutalidad de los negreros ingleses provoca una mortandad alt\u00edsima entre los esclavos, generando una selecci\u00f3n gen\u00e9tica natural en la que solo los m\u00e1s fuertes pueden sobrevivir. Irmaen, impulsada por su instinto de libertad, desaf\u00eda el destino y se convierte en s\u00edmbolo de resistencia.\",\"breadcrumb\":{\"@id\":\"https:\\\/\\\/edicionesalfar.es\\\/es\\\/producto\\\/la-hija-del-viento\\\/#breadcrumb\"},\"inLanguage\":\"es\",\"potentialAction\":[{\"@type\":\"ReadAction\",\"target\":[\"https:\\\/\\\/edicionesalfar.es\\\/es\\\/producto\\\/la-hija-del-viento\\\/\"]}]},{\"@type\":\"ImageObject\",\"inLanguage\":\"es\",\"@id\":\"https:\\\/\\\/edicionesalfar.es\\\/es\\\/producto\\\/la-hija-del-viento\\\/#primaryimage\",\"url\":\"https:\\\/\\\/edicionesalfar.es\\\/es\\\/wp-content\\\/uploads\\\/2025\\\/04\\\/9788410286214-scaled.jpg\",\"contentUrl\":\"https:\\\/\\\/edicionesalfar.es\\\/es\\\/wp-content\\\/uploads\\\/2025\\\/04\\\/9788410286214-scaled.jpg\",\"width\":1809,\"height\":2560},{\"@type\":\"BreadcrumbList\",\"@id\":\"https:\\\/\\\/edicionesalfar.es\\\/es\\\/producto\\\/la-hija-del-viento\\\/#breadcrumb\",\"itemListElement\":[{\"@type\":\"ListItem\",\"position\":1,\"name\":\"Portada\",\"item\":\"https:\\\/\\\/edicionesalfar.es\\\/es\\\/\"},{\"@type\":\"ListItem\",\"position\":2,\"name\":\"Cat\u00e1logo\",\"item\":\"https:\\\/\\\/edicionesalfar.es\\\/es\\\/catalogo\\\/\"},{\"@type\":\"ListItem\",\"position\":3,\"name\":\"La hija del viento\"}]},{\"@type\":\"WebSite\",\"@id\":\"https:\\\/\\\/edicionesalfar.es\\\/es\\\/#website\",\"url\":\"https:\\\/\\\/edicionesalfar.es\\\/es\\\/\",\"name\":\"Ediciones Alfar\",\"description\":\"\",\"potentialAction\":[{\"@type\":\"SearchAction\",\"target\":{\"@type\":\"EntryPoint\",\"urlTemplate\":\"https:\\\/\\\/edicionesalfar.es\\\/es\\\/?s={search_term_string}\"},\"query-input\":{\"@type\":\"PropertyValueSpecification\",\"valueRequired\":true,\"valueName\":\"search_term_string\"}}],\"inLanguage\":\"es\"}]}<\/script>\n<!-- \/ Yoast SEO plugin. -->","yoast_head_json":{"title":"La hija del viento - Ediciones Alfar","description":"La hija del viento es la historia de Irmaen, una ni\u00f1a africana que en el a\u00f1o 1700 es capturada por esclavistas y llevada a Jamaica para trabajar en los campos de algod\u00f3n. En esta isla, la brutalidad de los negreros ingleses provoca una mortandad alt\u00edsima entre los esclavos, generando una selecci\u00f3n gen\u00e9tica natural en la que solo los m\u00e1s fuertes pueden sobrevivir. Irmaen, impulsada por su instinto de libertad, desaf\u00eda el destino y se convierte en s\u00edmbolo de resistencia.","robots":{"index":"index","follow":"follow","max-snippet":"max-snippet:-1","max-image-preview":"max-image-preview:large","max-video-preview":"max-video-preview:-1"},"canonical":"https:\/\/edicionesalfar.es\/es\/producto\/la-hija-del-viento\/","og_locale":"es_ES","og_type":"article","og_title":"La hija del viento - Ediciones Alfar","og_description":"La hija del viento es la historia de Irmaen, una ni\u00f1a africana que en el a\u00f1o 1700 es capturada por esclavistas y llevada a Jamaica para trabajar en los campos de algod\u00f3n. En esta isla, la brutalidad de los negreros ingleses provoca una mortandad alt\u00edsima entre los esclavos, generando una selecci\u00f3n gen\u00e9tica natural en la que solo los m\u00e1s fuertes pueden sobrevivir. Irmaen, impulsada por su instinto de libertad, desaf\u00eda el destino y se convierte en s\u00edmbolo de resistencia.","og_url":"https:\/\/edicionesalfar.es\/es\/producto\/la-hija-del-viento\/","og_site_name":"Ediciones Alfar","article_modified_time":"2025-04-16T11:29:40+00:00","og_image":[{"width":1809,"height":2560,"url":"https:\/\/edicionesalfar.es\/es\/wp-content\/uploads\/2025\/04\/9788410286214-scaled.jpg","type":"image\/jpeg"}],"twitter_card":"summary_large_image","twitter_misc":{"Tiempo de lectura":"2 minutos"},"schema":{"@context":"https:\/\/schema.org","@graph":[{"@type":"WebPage","@id":"https:\/\/edicionesalfar.es\/es\/producto\/la-hija-del-viento\/","url":"https:\/\/edicionesalfar.es\/es\/producto\/la-hija-del-viento\/","name":"La hija del viento - Ediciones Alfar","isPartOf":{"@id":"https:\/\/edicionesalfar.es\/es\/#website"},"primaryImageOfPage":{"@id":"https:\/\/edicionesalfar.es\/es\/producto\/la-hija-del-viento\/#primaryimage"},"image":{"@id":"https:\/\/edicionesalfar.es\/es\/producto\/la-hija-del-viento\/#primaryimage"},"thumbnailUrl":"https:\/\/edicionesalfar.es\/es\/wp-content\/uploads\/2025\/04\/9788410286214-scaled.jpg","datePublished":"2025-04-16T11:28:10+00:00","dateModified":"2025-04-16T11:29:40+00:00","description":"La hija del viento es la historia de Irmaen, una ni\u00f1a africana que en el a\u00f1o 1700 es capturada por esclavistas y llevada a Jamaica para trabajar en los campos de algod\u00f3n. En esta isla, la brutalidad de los negreros ingleses provoca una mortandad alt\u00edsima entre los esclavos, generando una selecci\u00f3n gen\u00e9tica natural en la que solo los m\u00e1s fuertes pueden sobrevivir. Irmaen, impulsada por su instinto de libertad, desaf\u00eda el destino y se convierte en s\u00edmbolo de resistencia.","breadcrumb":{"@id":"https:\/\/edicionesalfar.es\/es\/producto\/la-hija-del-viento\/#breadcrumb"},"inLanguage":"es","potentialAction":[{"@type":"ReadAction","target":["https:\/\/edicionesalfar.es\/es\/producto\/la-hija-del-viento\/"]}]},{"@type":"ImageObject","inLanguage":"es","@id":"https:\/\/edicionesalfar.es\/es\/producto\/la-hija-del-viento\/#primaryimage","url":"https:\/\/edicionesalfar.es\/es\/wp-content\/uploads\/2025\/04\/9788410286214-scaled.jpg","contentUrl":"https:\/\/edicionesalfar.es\/es\/wp-content\/uploads\/2025\/04\/9788410286214-scaled.jpg","width":1809,"height":2560},{"@type":"BreadcrumbList","@id":"https:\/\/edicionesalfar.es\/es\/producto\/la-hija-del-viento\/#breadcrumb","itemListElement":[{"@type":"ListItem","position":1,"name":"Portada","item":"https:\/\/edicionesalfar.es\/es\/"},{"@type":"ListItem","position":2,"name":"Cat\u00e1logo","item":"https:\/\/edicionesalfar.es\/es\/catalogo\/"},{"@type":"ListItem","position":3,"name":"La hija del viento"}]},{"@type":"WebSite","@id":"https:\/\/edicionesalfar.es\/es\/#website","url":"https:\/\/edicionesalfar.es\/es\/","name":"Ediciones Alfar","description":"","potentialAction":[{"@type":"SearchAction","target":{"@type":"EntryPoint","urlTemplate":"https:\/\/edicionesalfar.es\/es\/?s={search_term_string}"},"query-input":{"@type":"PropertyValueSpecification","valueRequired":true,"valueName":"search_term_string"}}],"inLanguage":"es"}]}},"_links":{"self":[{"href":"https:\/\/edicionesalfar.es\/es\/wp-json\/wp\/v2\/product\/121154","targetHints":{"allow":["GET"]}}],"collection":[{"href":"https:\/\/edicionesalfar.es\/es\/wp-json\/wp\/v2\/product"}],"about":[{"href":"https:\/\/edicionesalfar.es\/es\/wp-json\/wp\/v2\/types\/product"}],"replies":[{"embeddable":true,"href":"https:\/\/edicionesalfar.es\/es\/wp-json\/wp\/v2\/comments?post=121154"}],"wp:featuredmedia":[{"embeddable":true,"href":"https:\/\/edicionesalfar.es\/es\/wp-json\/wp\/v2\/media\/121156"}],"wp:attachment":[{"href":"https:\/\/edicionesalfar.es\/es\/wp-json\/wp\/v2\/media?parent=121154"}],"wp:term":[{"taxonomy":"product_brand","embeddable":true,"href":"https:\/\/edicionesalfar.es\/es\/wp-json\/wp\/v2\/product_brand?post=121154"},{"taxonomy":"product_cat","embeddable":true,"href":"https:\/\/edicionesalfar.es\/es\/wp-json\/wp\/v2\/product_cat?post=121154"},{"taxonomy":"product_tag","embeddable":true,"href":"https:\/\/edicionesalfar.es\/es\/wp-json\/wp\/v2\/product_tag?post=121154"}],"curies":[{"name":"wp","href":"https:\/\/api.w.org\/{rel}","templated":true}]}}

<p>La hija del viento es la historia de Irmaen, una niña africana que en el año 1700 es capturada por esclavistas y llevada a Jamaica para trabajar en los campos de algodón. En esta isla, la brutalidad de los negreros ingleses provoca una mortandad altísima entre los esclavos, generando una selección genética natural en la que solo los más fuertes pueden sobrevivir. Irmaen, impulsada por su instinto de libertad, desafía el destino y se convierte en símbolo de resistencia. Tres siglos después el año 2000 un entrenador de atletismo descubre las extraordinarias cualidades de una de sus descendientes. La velocidad corre por su sangre forjada a través de generaciones de lucha y supervivencia. Conocedora de su enorme potencial una empresa la entrenará en secreto buscando convertirla en la persona más rápida del mundo. Más que una historia de deporte, la hija del viento es un relato sobre la herencia, la identidad y la fuerza de mujeres que se niegan a ser doblegadas. El viento, la luna y el espíritu de la madre tierra les ayudarán a salir victoriosas de la dura batalla de la vida. Esta novela nos sumerge en un viaje de lucha, determinación y libertad, donde rendirse no está permitido.</p>
<p><img decoding="async" class="wp-image-121155 alignleft" src="https://edicionesalfar.es/es/wp-content/uploads/2025/04/IMG_20230906_135537-226x300.jpg" alt="" width="140" height="186" /></p>
<p>Jose Ángel Fulgencio nacido en Bilbao en 1963 es licenciado en empresariales y toda su vida laboral ha estado relacionada con el marketing y la publicidad. Es escritor de varios cuentos infantiles ilustrados en los que intenta enseñar a los niños temas trascendentales como el miedo la muerte, la derrota en el deporte y los nuevos modelos de familia entre otros. Su primer libro titulado «Brinkos» trata sobre el patriarcado, la relación entre las diferentes razas y la libertad. En este libro los protagonistas no son personas sino conejos y liebres.</p>

<p>La hija del viento es la historia de Irmaen, una niña africana que en el año 1700 es capturada por esclavistas y llevada a Jamaica para trabajar en los campos de algodón. En esta isla, la brutalidad de los negreros ingleses provoca una mortandad altísima entre los esclavos, generando una selección genética natural en la que solo los más fuertes pueden sobrevivir. Irmaen, impulsada por su instinto de libertad, desafía el destino y se convierte en símbolo de resistencia.</p>

<!-- This site is optimized with the Yoast SEO plugin v27.4 - https://yoast.com/product/yoast-seo-wordpress/ -->
<title>La hija del viento - Ediciones Alfar</title>
<meta name="description" content="La hija del viento es la historia de Irmaen, una niña africana que en el año 1700 es capturada por esclavistas y llevada a Jamaica para trabajar en los campos de algodón. En esta isla, la brutalidad de los negreros ingleses provoca una mortandad altísima entre los esclavos, generando una selección genética natural en la que solo los más fuertes pueden sobrevivir. Irmaen, impulsada por su instinto de libertad, desafía el destino y se convierte en símbolo de resistencia." />
<meta name="robots" content="index, follow, max-snippet:-1, max-image-preview:large, max-video-preview:-1" />
<link rel="canonical" href="https://edicionesalfar.es/es/producto/la-hija-del-viento/" />
<meta property="og:locale" content="es_ES" />
<meta property="og:type" content="article" />
<meta property="og:title" content="La hija del viento - Ediciones Alfar" />
<meta property="og:description" content="La hija del viento es la historia de Irmaen, una niña africana que en el año 1700 es capturada por esclavistas y llevada a Jamaica para trabajar en los campos de algodón. En esta isla, la brutalidad de los negreros ingleses provoca una mortandad altísima entre los esclavos, generando una selección genética natural en la que solo los más fuertes pueden sobrevivir. Irmaen, impulsada por su instinto de libertad, desafía el destino y se convierte en símbolo de resistencia." />
<meta property="og:url" content="https://edicionesalfar.es/es/producto/la-hija-del-viento/" />
<meta property="og:site_name" content="Ediciones Alfar" />
<meta property="article:modified_time" content="2025-04-16T11:29:40+00:00" />
<meta property="og:image" content="https://edicionesalfar.es/es/wp-content/uploads/2025/04/9788410286214-scaled.jpg" />
	<meta property="og:image:width" content="1809" />
	<meta property="og:image:height" content="2560" />
	<meta property="og:image:type" content="image/jpeg" />
<meta name="twitter:card" content="summary_large_image" />
<meta name="twitter:label1" content="Tiempo de lectura" />
	<meta name="twitter:data1" content="2 minutos" />
<script type="application/ld+json" class="yoast-schema-graph">{"@context":"https:\/\/schema.org","@graph":[{"@type":"WebPage","@id":"https:\/\/edicionesalfar.es\/es\/producto\/la-hija-del-viento\/","url":"https:\/\/edicionesalfar.es\/es\/producto\/la-hija-del-viento\/","name":"La hija del viento - Ediciones Alfar","isPartOf":{"@id":"https:\/\/edicionesalfar.es\/es\/#website"},"primaryImageOfPage":{"@id":"https:\/\/edicionesalfar.es\/es\/producto\/la-hija-del-viento\/#primaryimage"},"image":{"@id":"https:\/\/edicionesalfar.es\/es\/producto\/la-hija-del-viento\/#primaryimage"},"thumbnailUrl":"https:\/\/edicionesalfar.es\/es\/wp-content\/uploads\/2025\/04\/9788410286214-scaled.jpg","datePublished":"2025-04-16T11:28:10+00:00","dateModified":"2025-04-16T11:29:40+00:00","description":"La hija del viento es la historia de Irmaen, una niña africana que en el año 1700 es capturada por esclavistas y llevada a Jamaica para trabajar en los campos de algodón. En esta isla, la brutalidad de los negreros ingleses provoca una mortandad altísima entre los esclavos, generando una selección genética natural en la que solo los más fuertes pueden sobrevivir. Irmaen, impulsada por su instinto de libertad, desafía el destino y se convierte en símbolo de resistencia.","breadcrumb":{"@id":"https:\/\/edicionesalfar.es\/es\/producto\/la-hija-del-viento\/#breadcrumb"},"inLanguage":"es","potentialAction":[{"@type":"ReadAction","target":["https:\/\/edicionesalfar.es\/es\/producto\/la-hija-del-viento\/"]}]},{"@type":"ImageObject","inLanguage":"es","@id":"https:\/\/edicionesalfar.es\/es\/producto\/la-hija-del-viento\/#primaryimage","url":"https:\/\/edicionesalfar.es\/es\/wp-content\/uploads\/2025\/04\/9788410286214-scaled.jpg","contentUrl":"https:\/\/edicionesalfar.es\/es\/wp-content\/uploads\/2025\/04\/9788410286214-scaled.jpg","width":1809,"height":2560},{"@type":"BreadcrumbList","@id":"https:\/\/edicionesalfar.es\/es\/producto\/la-hija-del-viento\/#breadcrumb","itemListElement":[{"@type":"ListItem","position":1,"name":"Portada","item":"https:\/\/edicionesalfar.es\/es\/"},{"@type":"ListItem","position":2,"name":"Catálogo","item":"https:\/\/edicionesalfar.es\/es\/catalogo\/"},{"@type":"ListItem","position":3,"name":"La hija del viento"}]},{"@type":"WebSite","@id":"https:\/\/edicionesalfar.es\/es\/#website","url":"https:\/\/edicionesalfar.es\/es\/","name":"Ediciones Alfar","description":"","potentialAction":[{"@type":"SearchAction","target":{"@type":"EntryPoint","urlTemplate":"https:\/\/edicionesalfar.es\/es\/?s={search_term_string}"},"query-input":{"@type":"PropertyValueSpecification","valueRequired":true,"valueName":"search_term_string"}}],"inLanguage":"es"}]}</script>
<!-- / Yoast SEO plugin. -->

La hija del viento es la historia de Irmaen, una niña africana que en el año 1700 es capturada por esclavistas y llevada a Jamaica para trabajar en los campos de algodón. En esta isla, la brutalidad de los negreros ingleses provoca una mortandad altísima entre los esclavos, generando una selección genética natural en la que solo los más fuertes pueden sobrevivir. Irmaen, impulsada por su instinto de libertad, desafía el destino y se convierte en símbolo de resistencia.

Catálogo
