{"id":120865,"date":"2024-11-15T09:41:54","date_gmt":"2024-11-15T08:41:54","guid":{"rendered":"https:\/\/edicionesalfar.es\/es\/?post_type=product&#038;p=120865"},"modified":"2024-11-15T09:41:58","modified_gmt":"2024-11-15T08:41:58","slug":"la-sonrisa-del-observador","status":"publish","type":"product","link":"https:\/\/edicionesalfar.es\/es\/producto\/la-sonrisa-del-observador\/","title":{"rendered":"La sonrisa del observador"},"content":{"rendered":"<p>La sonrisa del observador compila las esencias de la extensa obra literaria compartida por Fernando Garc\u00eda Calder\u00f3n con su camarada y confidente F. Laboa, testimoniando el amor profesado tanto al relato con vocaci\u00f3n de novela como a la miniatura que habita la p\u00e1gina aislada, mundo plano sin finisterre ni posibilidad de conquista. Fragmentado en siete bloques diversos, su mejor sumario lo ofrece el jurado que premi\u00f3 el segundo de ellos \u2014 da t\u00edtulo al libro\u2014 \u201cpor la magn\u00edfica estructura literaria del relato y por conseguir transmitir, mediante un lenguaje \u00e1gil y culto, el calor humano de un personaje que lucha contra la soledad\u201d. Una lucha que da cabida a todas las emociones, a todos los sentimientos, desbordando la condici\u00f3n del h\u00e9roe hasta alcanzar el olimpo de los mortales.<\/p>\n<p><strong>FERNANDO GARC\u00cdA CALDER\u00d3N<\/strong>. Fernando Garc\u00eda Calder\u00f3n desarrolla su vida literaria entre Sevilla y Madrid desde el lejano 1989 en que vio la luz su primer relato enviado a concurso. Autor de las elogiadas novelas El vuelo de los halcones en la noche, La jud\u00eda m\u00e1s hermosa y Para olvidar qui\u00e9n fuiste, el presente libro constituye su decimocuarta aventura editorial. Apenas dos semanas sin festivos, apunta \u00e9l. Apasionado del relato, como atestiguan los numerosos premios y reconocimientos recibidos, confi\u00f3 siempre su obra corta a Ediciones Alfar.<\/p>\n","protected":false},"excerpt":{"rendered":"<p>La sonrisa del observador compila las esencias de la extensa obra literaria compartida por Fernando Garc\u00eda Calder\u00f3n con su camarada y confidente F. Laboa, testimoniando el amor profesado tanto al relato con vocaci\u00f3n de novela como a la miniatura que habita la p\u00e1gina aislada, mundo plano sin finisterre ni posibilidad de conquista. Fragmentado en siete bloques diversos, su mejor sumario lo ofrece el jurado que premi\u00f3 el segundo de ellos \u2014 da t\u00edtulo al libro\u2014 \u201cpor la magn\u00edfica estructura literaria del relato y por conseguir transmitir, mediante un lenguaje \u00e1gil y culto, el calor humano de un personaje que lucha contra la soledad\u201d. Una lucha que da cabida a todas las emociones, a todos los sentimientos, desbordando la condici\u00f3n del h\u00e9roe hasta alcanzar el olimpo de los mortales.<\/p>\n<p><strong>FERNANDO GARC\u00cdA CALDER\u00d3N<\/strong>. Fernando Garc\u00eda Calder\u00f3n desarrolla su vida literaria entre Sevilla y Madrid desde el lejano 1989 en que vio la luz su primer relato enviado a concurso. Autor de las elogiadas novelas El vuelo de los halcones en la noche, La jud\u00eda m\u00e1s hermosa y Para olvidar qui\u00e9n fuiste, el presente libro constituye su decimocuarta aventura editorial. Apenas dos semanas sin festivos, apunta \u00e9l. Apasionado del relato, como atestiguan los numerosos premios y reconocimientos recibidos, confi\u00f3 siempre su obra corta a Ediciones Alfar.<\/p>\n","protected":false},"featured_media":120866,"comment_status":"closed","ping_status":"closed","template":"","meta":{"_acf_changed":false,"_et_pb_use_builder":"","_et_pb_old_content":"","_et_gb_content_width":""},"product_brand":[],"product_cat":[372,376,578,47],"product_tag":[],"class_list":{"0":"post-120865","1":"product","2":"type-product","3":"status-publish","4":"has-post-thumbnail","6":"product_cat-alfar","7":"product_cat-autores","8":"product_cat-garcia-calderon-fernando","9":"product_cat-otras-narrativas","11":"first","12":"instock","13":"taxable","14":"shipping-taxable","15":"purchasable","16":"product-type-simple"},"acf":[],"yoast_head":"<!-- This site is optimized with the Yoast SEO plugin v27.5 - https:\/\/yoast.com\/product\/yoast-seo-wordpress\/ -->\n<title>La sonrisa del observador - Ediciones Alfar<\/title>\n<meta name=\"robots\" content=\"index, follow, max-snippet:-1, max-image-preview:large, max-video-preview:-1\" \/>\n<link rel=\"canonical\" href=\"https:\/\/edicionesalfar.es\/es\/producto\/la-sonrisa-del-observador\/\" \/>\n<meta property=\"og:locale\" content=\"es_ES\" \/>\n<meta property=\"og:type\" content=\"article\" \/>\n<meta property=\"og:title\" content=\"La sonrisa del observador - Ediciones Alfar\" \/>\n<meta property=\"og:description\" content=\"La sonrisa del observador compila las esencias de la extensa obra literaria compartida por Fernando Garc\u00eda Calder\u00f3n con su camarada y confidente F. Laboa, testimoniando el amor profesado tanto al relato con vocaci\u00f3n de novela como a la miniatura que habita la p\u00e1gina aislada, mundo plano sin finisterre ni posibilidad de conquista. Fragmentado en siete bloques diversos, su mejor sumario lo ofrece el jurado que premi\u00f3 el segundo de ellos \u2014 da t\u00edtulo al libro\u2014 \u201cpor la magn\u00edfica estructura literaria del relato y por conseguir transmitir, mediante un lenguaje \u00e1gil y culto, el calor humano de un personaje que lucha contra la soledad\u201d. Una lucha que da cabida a todas las emociones, a todos los sentimientos, desbordando la condici\u00f3n del h\u00e9roe hasta alcanzar el olimpo de los mortales.  FERNANDO GARC\u00cdA CALDER\u00d3N. Fernando Garc\u00eda Calder\u00f3n desarrolla su vida literaria entre Sevilla y Madrid desde el lejano 1989 en que vio la luz su primer relato enviado a concurso. Autor de las elogiadas novelas El vuelo de los halcones en la noche, La jud\u00eda m\u00e1s hermosa y Para olvidar qui\u00e9n fuiste, el presente libro constituye su decimocuarta aventura editorial. Apenas dos semanas sin festivos, apunta \u00e9l. Apasionado del relato, como atestiguan los numerosos premios y reconocimientos recibidos, confi\u00f3 siempre su obra corta a Ediciones Alfar.\" \/>\n<meta property=\"og:url\" content=\"https:\/\/edicionesalfar.es\/es\/producto\/la-sonrisa-del-observador\/\" \/>\n<meta property=\"og:site_name\" content=\"Ediciones Alfar\" \/>\n<meta property=\"article:modified_time\" content=\"2024-11-15T08:41:58+00:00\" \/>\n<meta property=\"og:image\" content=\"https:\/\/edicionesalfar.es\/es\/wp-content\/uploads\/2024\/11\/9788478989973.jpg\" \/>\n\t<meta property=\"og:image:width\" content=\"1765\" \/>\n\t<meta property=\"og:image:height\" content=\"2473\" \/>\n\t<meta property=\"og:image:type\" content=\"image\/jpeg\" \/>\n<meta name=\"twitter:card\" content=\"summary_large_image\" \/>\n<meta name=\"twitter:label1\" content=\"Tiempo de lectura\" \/>\n\t<meta name=\"twitter:data1\" content=\"2 minutos\" \/>\n<script type=\"application\/ld+json\" class=\"yoast-schema-graph\">{\"@context\":\"https:\\\/\\\/schema.org\",\"@graph\":[{\"@type\":\"WebPage\",\"@id\":\"https:\\\/\\\/edicionesalfar.es\\\/es\\\/producto\\\/la-sonrisa-del-observador\\\/\",\"url\":\"https:\\\/\\\/edicionesalfar.es\\\/es\\\/producto\\\/la-sonrisa-del-observador\\\/\",\"name\":\"La sonrisa del observador - Ediciones Alfar\",\"isPartOf\":{\"@id\":\"https:\\\/\\\/edicionesalfar.es\\\/es\\\/#website\"},\"primaryImageOfPage\":{\"@id\":\"https:\\\/\\\/edicionesalfar.es\\\/es\\\/producto\\\/la-sonrisa-del-observador\\\/#primaryimage\"},\"image\":{\"@id\":\"https:\\\/\\\/edicionesalfar.es\\\/es\\\/producto\\\/la-sonrisa-del-observador\\\/#primaryimage\"},\"thumbnailUrl\":\"https:\\\/\\\/edicionesalfar.es\\\/es\\\/wp-content\\\/uploads\\\/2024\\\/11\\\/9788478989973.jpg\",\"datePublished\":\"2024-11-15T08:41:54+00:00\",\"dateModified\":\"2024-11-15T08:41:58+00:00\",\"breadcrumb\":{\"@id\":\"https:\\\/\\\/edicionesalfar.es\\\/es\\\/producto\\\/la-sonrisa-del-observador\\\/#breadcrumb\"},\"inLanguage\":\"es\",\"potentialAction\":[{\"@type\":\"ReadAction\",\"target\":[\"https:\\\/\\\/edicionesalfar.es\\\/es\\\/producto\\\/la-sonrisa-del-observador\\\/\"]}]},{\"@type\":\"ImageObject\",\"inLanguage\":\"es\",\"@id\":\"https:\\\/\\\/edicionesalfar.es\\\/es\\\/producto\\\/la-sonrisa-del-observador\\\/#primaryimage\",\"url\":\"https:\\\/\\\/edicionesalfar.es\\\/es\\\/wp-content\\\/uploads\\\/2024\\\/11\\\/9788478989973.jpg\",\"contentUrl\":\"https:\\\/\\\/edicionesalfar.es\\\/es\\\/wp-content\\\/uploads\\\/2024\\\/11\\\/9788478989973.jpg\",\"width\":1765,\"height\":2473},{\"@type\":\"BreadcrumbList\",\"@id\":\"https:\\\/\\\/edicionesalfar.es\\\/es\\\/producto\\\/la-sonrisa-del-observador\\\/#breadcrumb\",\"itemListElement\":[{\"@type\":\"ListItem\",\"position\":1,\"name\":\"Portada\",\"item\":\"https:\\\/\\\/edicionesalfar.es\\\/es\\\/\"},{\"@type\":\"ListItem\",\"position\":2,\"name\":\"Cat\u00e1logo\",\"item\":\"https:\\\/\\\/edicionesalfar.es\\\/es\\\/catalogo\\\/\"},{\"@type\":\"ListItem\",\"position\":3,\"name\":\"La sonrisa del observador\"}]},{\"@type\":\"WebSite\",\"@id\":\"https:\\\/\\\/edicionesalfar.es\\\/es\\\/#website\",\"url\":\"https:\\\/\\\/edicionesalfar.es\\\/es\\\/\",\"name\":\"Ediciones Alfar\",\"description\":\"\",\"potentialAction\":[{\"@type\":\"SearchAction\",\"target\":{\"@type\":\"EntryPoint\",\"urlTemplate\":\"https:\\\/\\\/edicionesalfar.es\\\/es\\\/?s={search_term_string}\"},\"query-input\":{\"@type\":\"PropertyValueSpecification\",\"valueRequired\":true,\"valueName\":\"search_term_string\"}}],\"inLanguage\":\"es\"}]}<\/script>\n<!-- \/ Yoast SEO plugin. -->","yoast_head_json":{"title":"La sonrisa del observador - Ediciones Alfar","robots":{"index":"index","follow":"follow","max-snippet":"max-snippet:-1","max-image-preview":"max-image-preview:large","max-video-preview":"max-video-preview:-1"},"canonical":"https:\/\/edicionesalfar.es\/es\/producto\/la-sonrisa-del-observador\/","og_locale":"es_ES","og_type":"article","og_title":"La sonrisa del observador - Ediciones Alfar","og_description":"La sonrisa del observador compila las esencias de la extensa obra literaria compartida por Fernando Garc\u00eda Calder\u00f3n con su camarada y confidente F. Laboa, testimoniando el amor profesado tanto al relato con vocaci\u00f3n de novela como a la miniatura que habita la p\u00e1gina aislada, mundo plano sin finisterre ni posibilidad de conquista. Fragmentado en siete bloques diversos, su mejor sumario lo ofrece el jurado que premi\u00f3 el segundo de ellos \u2014 da t\u00edtulo al libro\u2014 \u201cpor la magn\u00edfica estructura literaria del relato y por conseguir transmitir, mediante un lenguaje \u00e1gil y culto, el calor humano de un personaje que lucha contra la soledad\u201d. Una lucha que da cabida a todas las emociones, a todos los sentimientos, desbordando la condici\u00f3n del h\u00e9roe hasta alcanzar el olimpo de los mortales.  FERNANDO GARC\u00cdA CALDER\u00d3N. Fernando Garc\u00eda Calder\u00f3n desarrolla su vida literaria entre Sevilla y Madrid desde el lejano 1989 en que vio la luz su primer relato enviado a concurso. Autor de las elogiadas novelas El vuelo de los halcones en la noche, La jud\u00eda m\u00e1s hermosa y Para olvidar qui\u00e9n fuiste, el presente libro constituye su decimocuarta aventura editorial. Apenas dos semanas sin festivos, apunta \u00e9l. Apasionado del relato, como atestiguan los numerosos premios y reconocimientos recibidos, confi\u00f3 siempre su obra corta a Ediciones Alfar.","og_url":"https:\/\/edicionesalfar.es\/es\/producto\/la-sonrisa-del-observador\/","og_site_name":"Ediciones Alfar","article_modified_time":"2024-11-15T08:41:58+00:00","og_image":[{"width":1765,"height":2473,"url":"https:\/\/edicionesalfar.es\/es\/wp-content\/uploads\/2024\/11\/9788478989973.jpg","type":"image\/jpeg"}],"twitter_card":"summary_large_image","twitter_misc":{"Tiempo de lectura":"2 minutos"},"schema":{"@context":"https:\/\/schema.org","@graph":[{"@type":"WebPage","@id":"https:\/\/edicionesalfar.es\/es\/producto\/la-sonrisa-del-observador\/","url":"https:\/\/edicionesalfar.es\/es\/producto\/la-sonrisa-del-observador\/","name":"La sonrisa del observador - Ediciones Alfar","isPartOf":{"@id":"https:\/\/edicionesalfar.es\/es\/#website"},"primaryImageOfPage":{"@id":"https:\/\/edicionesalfar.es\/es\/producto\/la-sonrisa-del-observador\/#primaryimage"},"image":{"@id":"https:\/\/edicionesalfar.es\/es\/producto\/la-sonrisa-del-observador\/#primaryimage"},"thumbnailUrl":"https:\/\/edicionesalfar.es\/es\/wp-content\/uploads\/2024\/11\/9788478989973.jpg","datePublished":"2024-11-15T08:41:54+00:00","dateModified":"2024-11-15T08:41:58+00:00","breadcrumb":{"@id":"https:\/\/edicionesalfar.es\/es\/producto\/la-sonrisa-del-observador\/#breadcrumb"},"inLanguage":"es","potentialAction":[{"@type":"ReadAction","target":["https:\/\/edicionesalfar.es\/es\/producto\/la-sonrisa-del-observador\/"]}]},{"@type":"ImageObject","inLanguage":"es","@id":"https:\/\/edicionesalfar.es\/es\/producto\/la-sonrisa-del-observador\/#primaryimage","url":"https:\/\/edicionesalfar.es\/es\/wp-content\/uploads\/2024\/11\/9788478989973.jpg","contentUrl":"https:\/\/edicionesalfar.es\/es\/wp-content\/uploads\/2024\/11\/9788478989973.jpg","width":1765,"height":2473},{"@type":"BreadcrumbList","@id":"https:\/\/edicionesalfar.es\/es\/producto\/la-sonrisa-del-observador\/#breadcrumb","itemListElement":[{"@type":"ListItem","position":1,"name":"Portada","item":"https:\/\/edicionesalfar.es\/es\/"},{"@type":"ListItem","position":2,"name":"Cat\u00e1logo","item":"https:\/\/edicionesalfar.es\/es\/catalogo\/"},{"@type":"ListItem","position":3,"name":"La sonrisa del observador"}]},{"@type":"WebSite","@id":"https:\/\/edicionesalfar.es\/es\/#website","url":"https:\/\/edicionesalfar.es\/es\/","name":"Ediciones Alfar","description":"","potentialAction":[{"@type":"SearchAction","target":{"@type":"EntryPoint","urlTemplate":"https:\/\/edicionesalfar.es\/es\/?s={search_term_string}"},"query-input":{"@type":"PropertyValueSpecification","valueRequired":true,"valueName":"search_term_string"}}],"inLanguage":"es"}]}},"_links":{"self":[{"href":"https:\/\/edicionesalfar.es\/es\/wp-json\/wp\/v2\/product\/120865","targetHints":{"allow":["GET"]}}],"collection":[{"href":"https:\/\/edicionesalfar.es\/es\/wp-json\/wp\/v2\/product"}],"about":[{"href":"https:\/\/edicionesalfar.es\/es\/wp-json\/wp\/v2\/types\/product"}],"replies":[{"embeddable":true,"href":"https:\/\/edicionesalfar.es\/es\/wp-json\/wp\/v2\/comments?post=120865"}],"wp:featuredmedia":[{"embeddable":true,"href":"https:\/\/edicionesalfar.es\/es\/wp-json\/wp\/v2\/media\/120866"}],"wp:attachment":[{"href":"https:\/\/edicionesalfar.es\/es\/wp-json\/wp\/v2\/media?parent=120865"}],"wp:term":[{"taxonomy":"product_brand","embeddable":true,"href":"https:\/\/edicionesalfar.es\/es\/wp-json\/wp\/v2\/product_brand?post=120865"},{"taxonomy":"product_cat","embeddable":true,"href":"https:\/\/edicionesalfar.es\/es\/wp-json\/wp\/v2\/product_cat?post=120865"},{"taxonomy":"product_tag","embeddable":true,"href":"https:\/\/edicionesalfar.es\/es\/wp-json\/wp\/v2\/product_tag?post=120865"}],"curies":[{"name":"wp","href":"https:\/\/api.w.org\/{rel}","templated":true}]}}

<p>La sonrisa del observador compila las esencias de la extensa obra literaria compartida por Fernando García Calderón con su camarada y confidente F. Laboa, testimoniando el amor profesado tanto al relato con vocación de novela como a la miniatura que habita la página aislada, mundo plano sin finisterre ni posibilidad de conquista. Fragmentado en siete bloques diversos, su mejor sumario lo ofrece el jurado que premió el segundo de ellos — da título al libro— “por la magnífica estructura literaria del relato y por conseguir transmitir, mediante un lenguaje ágil y culto, el calor humano de un personaje que lucha contra la soledad”. Una lucha que da cabida a todas las emociones, a todos los sentimientos, desbordando la condición del héroe hasta alcanzar el olimpo de los mortales.</p>
<p><strong>FERNANDO GARCÍA CALDERÓN</strong>. Fernando García Calderón desarrolla su vida literaria entre Sevilla y Madrid desde el lejano 1989 en que vio la luz su primer relato enviado a concurso. Autor de las elogiadas novelas El vuelo de los halcones en la noche, La judía más hermosa y Para olvidar quién fuiste, el presente libro constituye su decimocuarta aventura editorial. Apenas dos semanas sin festivos, apunta él. Apasionado del relato, como atestiguan los numerosos premios y reconocimientos recibidos, confió siempre su obra corta a Ediciones Alfar.</p>

<!-- This site is optimized with the Yoast SEO plugin v27.5 - https://yoast.com/product/yoast-seo-wordpress/ -->
<title>La sonrisa del observador - Ediciones Alfar</title>
<meta name="robots" content="index, follow, max-snippet:-1, max-image-preview:large, max-video-preview:-1" />
<link rel="canonical" href="https://edicionesalfar.es/es/producto/la-sonrisa-del-observador/" />
<meta property="og:locale" content="es_ES" />
<meta property="og:type" content="article" />
<meta property="og:title" content="La sonrisa del observador - Ediciones Alfar" />
<meta property="og:description" content="La sonrisa del observador compila las esencias de la extensa obra literaria compartida por Fernando García Calderón con su camarada y confidente F. Laboa, testimoniando el amor profesado tanto al relato con vocación de novela como a la miniatura que habita la página aislada, mundo plano sin finisterre ni posibilidad de conquista. Fragmentado en siete bloques diversos, su mejor sumario lo ofrece el jurado que premió el segundo de ellos — da título al libro— “por la magnífica estructura literaria del relato y por conseguir transmitir, mediante un lenguaje ágil y culto, el calor humano de un personaje que lucha contra la soledad”. Una lucha que da cabida a todas las emociones, a todos los sentimientos, desbordando la condición del héroe hasta alcanzar el olimpo de los mortales.  FERNANDO GARCÍA CALDERÓN. Fernando García Calderón desarrolla su vida literaria entre Sevilla y Madrid desde el lejano 1989 en que vio la luz su primer relato enviado a concurso. Autor de las elogiadas novelas El vuelo de los halcones en la noche, La judía más hermosa y Para olvidar quién fuiste, el presente libro constituye su decimocuarta aventura editorial. Apenas dos semanas sin festivos, apunta él. Apasionado del relato, como atestiguan los numerosos premios y reconocimientos recibidos, confió siempre su obra corta a Ediciones Alfar." />
<meta property="og:url" content="https://edicionesalfar.es/es/producto/la-sonrisa-del-observador/" />
<meta property="og:site_name" content="Ediciones Alfar" />
<meta property="article:modified_time" content="2024-11-15T08:41:58+00:00" />
<meta property="og:image" content="https://edicionesalfar.es/es/wp-content/uploads/2024/11/9788478989973.jpg" />
	<meta property="og:image:width" content="1765" />
	<meta property="og:image:height" content="2473" />
	<meta property="og:image:type" content="image/jpeg" />
<meta name="twitter:card" content="summary_large_image" />
<meta name="twitter:label1" content="Tiempo de lectura" />
	<meta name="twitter:data1" content="2 minutos" />
<script type="application/ld+json" class="yoast-schema-graph">{"@context":"https:\/\/schema.org","@graph":[{"@type":"WebPage","@id":"https:\/\/edicionesalfar.es\/es\/producto\/la-sonrisa-del-observador\/","url":"https:\/\/edicionesalfar.es\/es\/producto\/la-sonrisa-del-observador\/","name":"La sonrisa del observador - Ediciones Alfar","isPartOf":{"@id":"https:\/\/edicionesalfar.es\/es\/#website"},"primaryImageOfPage":{"@id":"https:\/\/edicionesalfar.es\/es\/producto\/la-sonrisa-del-observador\/#primaryimage"},"image":{"@id":"https:\/\/edicionesalfar.es\/es\/producto\/la-sonrisa-del-observador\/#primaryimage"},"thumbnailUrl":"https:\/\/edicionesalfar.es\/es\/wp-content\/uploads\/2024\/11\/9788478989973.jpg","datePublished":"2024-11-15T08:41:54+00:00","dateModified":"2024-11-15T08:41:58+00:00","breadcrumb":{"@id":"https:\/\/edicionesalfar.es\/es\/producto\/la-sonrisa-del-observador\/#breadcrumb"},"inLanguage":"es","potentialAction":[{"@type":"ReadAction","target":["https:\/\/edicionesalfar.es\/es\/producto\/la-sonrisa-del-observador\/"]}]},{"@type":"ImageObject","inLanguage":"es","@id":"https:\/\/edicionesalfar.es\/es\/producto\/la-sonrisa-del-observador\/#primaryimage","url":"https:\/\/edicionesalfar.es\/es\/wp-content\/uploads\/2024\/11\/9788478989973.jpg","contentUrl":"https:\/\/edicionesalfar.es\/es\/wp-content\/uploads\/2024\/11\/9788478989973.jpg","width":1765,"height":2473},{"@type":"BreadcrumbList","@id":"https:\/\/edicionesalfar.es\/es\/producto\/la-sonrisa-del-observador\/#breadcrumb","itemListElement":[{"@type":"ListItem","position":1,"name":"Portada","item":"https:\/\/edicionesalfar.es\/es\/"},{"@type":"ListItem","position":2,"name":"Catálogo","item":"https:\/\/edicionesalfar.es\/es\/catalogo\/"},{"@type":"ListItem","position":3,"name":"La sonrisa del observador"}]},{"@type":"WebSite","@id":"https:\/\/edicionesalfar.es\/es\/#website","url":"https:\/\/edicionesalfar.es\/es\/","name":"Ediciones Alfar","description":"","potentialAction":[{"@type":"SearchAction","target":{"@type":"EntryPoint","urlTemplate":"https:\/\/edicionesalfar.es\/es\/?s={search_term_string}"},"query-input":{"@type":"PropertyValueSpecification","valueRequired":true,"valueName":"search_term_string"}}],"inLanguage":"es"}]}</script>
<!-- / Yoast SEO plugin. -->

La sonrisa del observador compila las esencias de la extensa obra literaria compartida por Fernando García Calderón con su camarada y confidente F. Laboa, testimoniando el amor profesado tanto al relato con vocación de novela como a la miniatura que habita la página aislada, mundo plano sin finisterre ni posibilidad de conquista. Fragmentado en siete bloques diversos, su mejor sumario lo ofrece el jurado que premió el segundo de ellos — da título al libro— “por la magnífica estructura literaria del relato y por conseguir transmitir, mediante un lenguaje ágil y culto, el calor humano de un personaje que lucha contra la soledad”. Una lucha que da cabida a todas las emociones, a todos los sentimientos, desbordando la condición del héroe hasta alcanzar el olimpo de los mortales.  FERNANDO GARCÍA CALDERÓN. Fernando García Calderón desarrolla su vida literaria entre Sevilla y Madrid desde el lejano 1989 en que vio la luz su primer relato enviado a concurso. Autor de las elogiadas novelas El vuelo de los halcones en la noche, La judía más hermosa y Para olvidar quién fuiste, el presente libro constituye su decimocuarta aventura editorial. Apenas dos semanas sin festivos, apunta él. Apasionado del relato, como atestiguan los numerosos premios y reconocimientos recibidos, confió siempre su obra corta a Ediciones Alfar.

Catálogo
