{"id":120005,"date":"2023-09-12T09:12:18","date_gmt":"2023-09-12T07:12:18","guid":{"rendered":"https:\/\/edicionesalfar.es\/es\/?post_type=product&#038;p=120005"},"modified":"2024-10-17T07:45:56","modified_gmt":"2024-10-17T05:45:56","slug":"barrio","status":"publish","type":"product","link":"https:\/\/edicionesalfar.es\/es\/producto\/barrio\/","title":{"rendered":"Barrio"},"content":{"rendered":"<p>Triana, el lugar m\u00e1s aut\u00e9ntico de Sevilla, es hasta mediados del siglo XX un entorno \u00fanico de convivencia. En sus corrales de vecinos viven los m\u00e1s pobres habitantes de esta parte de la ciudad. Desde estos espacios de fraternidad se protegen del hambre o la miseria y empujan sus d\u00edas con dignidad y alegr\u00eda a partes iguales. Pero la llegada a la ciudad del vasco Cayetano Barinaga revienta la vida de estos desdichados. La pl\u00e1cida existencia de un rico beato, de un flamenco con poca vocaci\u00f3n para el trabajo y de muchos otros se ve truncada por la avaricia de los poderosos. Primero, una familia recogida en una casucha abandonada; despu\u00e9s, los vecinos de un corral, en su mayor\u00eda gitanos; y poco a poco el resto de los inquilinos de esas infraviviendas son obligados a abandonar sus hogares. El plan para su expulsi\u00f3n cuenta con la ayuda de pol\u00edticos corruptos y la complicidad de alguna destacada personalidad de la capital. Jos\u00e9, un ni\u00f1o que malvive con su desastroso padre, es testigo y protagonista de estos sucesos. De la mano del chiquillo transitamos por las calles del arrabal conociendo a sus personajes y el amargo sufrimiento que en sus vidas ha dejado la resaca de la guerra. Varias d\u00e9cadas despu\u00e9s, no se puede mirar m\u00e1s all\u00e1 del r\u00edo que parte Sevilla sin reconocer la cicatriz que este episodio dej\u00f3 en el alma de Triana.<\/p>\n","protected":false},"excerpt":{"rendered":"<p>Triana, el lugar m\u00e1s aut\u00e9ntico de Sevilla, es hasta mediados del siglo XX un entorno \u00fanico de convivencia. En sus corrales de vecinos viven los m\u00e1s pobres habitantes de esta parte de la ciudad. Desde estos espacios de fraternidad se protegen del hambre o la miseria y empujan sus d\u00edas con dignidad y alegr\u00eda a partes iguales. Pero la llegada a la ciudad del vasco Cayetano Barinaga revienta la vida de estos desdichados.<\/p>\n","protected":false},"featured_media":120006,"comment_status":"closed","ping_status":"closed","template":"","meta":{"_acf_changed":false,"_et_pb_use_builder":"","_et_pb_old_content":"","_et_gb_content_width":""},"product_brand":[],"product_cat":[15],"product_tag":[],"class_list":{"0":"post-120005","1":"product","2":"type-product","3":"status-publish","4":"has-post-thumbnail","6":"product_cat-sin-categorizar","8":"first","9":"instock","10":"taxable","11":"shipping-taxable","12":"purchasable","13":"product-type-simple"},"acf":[],"yoast_head":"<!-- This site is optimized with the Yoast SEO plugin v27.4 - https:\/\/yoast.com\/product\/yoast-seo-wordpress\/ -->\n<title>Barrio - Ediciones Alfar<\/title>\n<meta name=\"robots\" content=\"index, follow, max-snippet:-1, max-image-preview:large, max-video-preview:-1\" \/>\n<link rel=\"canonical\" href=\"https:\/\/edicionesalfar.es\/es\/producto\/barrio\/\" \/>\n<meta property=\"og:locale\" content=\"es_ES\" \/>\n<meta property=\"og:type\" content=\"article\" \/>\n<meta property=\"og:title\" content=\"Barrio - Ediciones Alfar\" \/>\n<meta property=\"og:description\" content=\"Triana, el lugar m\u00e1s aut\u00e9ntico de Sevilla, es hasta mediados del siglo XX un entorno \u00fanico de convivencia. En sus corrales de vecinos viven los m\u00e1s pobres habitantes de esta parte de la ciudad. Desde estos espacios de fraternidad se protegen del hambre o la miseria y empujan sus d\u00edas con dignidad y alegr\u00eda a partes iguales. Pero la llegada a la ciudad del vasco Cayetano Barinaga revienta la vida de estos desdichados.\" \/>\n<meta property=\"og:url\" content=\"https:\/\/edicionesalfar.es\/es\/producto\/barrio\/\" \/>\n<meta property=\"og:site_name\" content=\"Ediciones Alfar\" \/>\n<meta property=\"article:modified_time\" content=\"2024-10-17T05:45:56+00:00\" \/>\n<meta property=\"og:image\" content=\"https:\/\/edicionesalfar.es\/es\/wp-content\/uploads\/2023\/09\/9788478989737-732x1024.jpg\" \/>\n\t<meta property=\"og:image:width\" content=\"732\" \/>\n\t<meta property=\"og:image:height\" content=\"1024\" \/>\n\t<meta property=\"og:image:type\" content=\"image\/jpeg\" \/>\n<meta name=\"twitter:card\" content=\"summary_large_image\" \/>\n<meta name=\"twitter:label1\" content=\"Tiempo de lectura\" \/>\n\t<meta name=\"twitter:data1\" content=\"2 minutos\" \/>\n<script type=\"application\/ld+json\" class=\"yoast-schema-graph\">{\"@context\":\"https:\\\/\\\/schema.org\",\"@graph\":[{\"@type\":\"WebPage\",\"@id\":\"https:\\\/\\\/edicionesalfar.es\\\/es\\\/producto\\\/barrio\\\/\",\"url\":\"https:\\\/\\\/edicionesalfar.es\\\/es\\\/producto\\\/barrio\\\/\",\"name\":\"Barrio - Ediciones Alfar\",\"isPartOf\":{\"@id\":\"https:\\\/\\\/edicionesalfar.es\\\/es\\\/#website\"},\"primaryImageOfPage\":{\"@id\":\"https:\\\/\\\/edicionesalfar.es\\\/es\\\/producto\\\/barrio\\\/#primaryimage\"},\"image\":{\"@id\":\"https:\\\/\\\/edicionesalfar.es\\\/es\\\/producto\\\/barrio\\\/#primaryimage\"},\"thumbnailUrl\":\"https:\\\/\\\/edicionesalfar.es\\\/es\\\/wp-content\\\/uploads\\\/2023\\\/09\\\/9788478989737.jpg\",\"datePublished\":\"2023-09-12T07:12:18+00:00\",\"dateModified\":\"2024-10-17T05:45:56+00:00\",\"breadcrumb\":{\"@id\":\"https:\\\/\\\/edicionesalfar.es\\\/es\\\/producto\\\/barrio\\\/#breadcrumb\"},\"inLanguage\":\"es\",\"potentialAction\":[{\"@type\":\"ReadAction\",\"target\":[\"https:\\\/\\\/edicionesalfar.es\\\/es\\\/producto\\\/barrio\\\/\"]}]},{\"@type\":\"ImageObject\",\"inLanguage\":\"es\",\"@id\":\"https:\\\/\\\/edicionesalfar.es\\\/es\\\/producto\\\/barrio\\\/#primaryimage\",\"url\":\"https:\\\/\\\/edicionesalfar.es\\\/es\\\/wp-content\\\/uploads\\\/2023\\\/09\\\/9788478989737.jpg\",\"contentUrl\":\"https:\\\/\\\/edicionesalfar.es\\\/es\\\/wp-content\\\/uploads\\\/2023\\\/09\\\/9788478989737.jpg\",\"width\":1772,\"height\":2480},{\"@type\":\"BreadcrumbList\",\"@id\":\"https:\\\/\\\/edicionesalfar.es\\\/es\\\/producto\\\/barrio\\\/#breadcrumb\",\"itemListElement\":[{\"@type\":\"ListItem\",\"position\":1,\"name\":\"Portada\",\"item\":\"https:\\\/\\\/edicionesalfar.es\\\/es\\\/\"},{\"@type\":\"ListItem\",\"position\":2,\"name\":\"Cat\u00e1logo\",\"item\":\"https:\\\/\\\/edicionesalfar.es\\\/es\\\/catalogo\\\/\"},{\"@type\":\"ListItem\",\"position\":3,\"name\":\"Barrio\"}]},{\"@type\":\"WebSite\",\"@id\":\"https:\\\/\\\/edicionesalfar.es\\\/es\\\/#website\",\"url\":\"https:\\\/\\\/edicionesalfar.es\\\/es\\\/\",\"name\":\"Ediciones Alfar\",\"description\":\"\",\"potentialAction\":[{\"@type\":\"SearchAction\",\"target\":{\"@type\":\"EntryPoint\",\"urlTemplate\":\"https:\\\/\\\/edicionesalfar.es\\\/es\\\/?s={search_term_string}\"},\"query-input\":{\"@type\":\"PropertyValueSpecification\",\"valueRequired\":true,\"valueName\":\"search_term_string\"}}],\"inLanguage\":\"es\"}]}<\/script>\n<!-- \/ Yoast SEO plugin. -->","yoast_head_json":{"title":"Barrio - Ediciones Alfar","robots":{"index":"index","follow":"follow","max-snippet":"max-snippet:-1","max-image-preview":"max-image-preview:large","max-video-preview":"max-video-preview:-1"},"canonical":"https:\/\/edicionesalfar.es\/es\/producto\/barrio\/","og_locale":"es_ES","og_type":"article","og_title":"Barrio - Ediciones Alfar","og_description":"Triana, el lugar m\u00e1s aut\u00e9ntico de Sevilla, es hasta mediados del siglo XX un entorno \u00fanico de convivencia. En sus corrales de vecinos viven los m\u00e1s pobres habitantes de esta parte de la ciudad. Desde estos espacios de fraternidad se protegen del hambre o la miseria y empujan sus d\u00edas con dignidad y alegr\u00eda a partes iguales. Pero la llegada a la ciudad del vasco Cayetano Barinaga revienta la vida de estos desdichados.","og_url":"https:\/\/edicionesalfar.es\/es\/producto\/barrio\/","og_site_name":"Ediciones Alfar","article_modified_time":"2024-10-17T05:45:56+00:00","og_image":[{"width":732,"height":1024,"url":"https:\/\/edicionesalfar.es\/es\/wp-content\/uploads\/2023\/09\/9788478989737-732x1024.jpg","type":"image\/jpeg"}],"twitter_card":"summary_large_image","twitter_misc":{"Tiempo de lectura":"2 minutos"},"schema":{"@context":"https:\/\/schema.org","@graph":[{"@type":"WebPage","@id":"https:\/\/edicionesalfar.es\/es\/producto\/barrio\/","url":"https:\/\/edicionesalfar.es\/es\/producto\/barrio\/","name":"Barrio - Ediciones Alfar","isPartOf":{"@id":"https:\/\/edicionesalfar.es\/es\/#website"},"primaryImageOfPage":{"@id":"https:\/\/edicionesalfar.es\/es\/producto\/barrio\/#primaryimage"},"image":{"@id":"https:\/\/edicionesalfar.es\/es\/producto\/barrio\/#primaryimage"},"thumbnailUrl":"https:\/\/edicionesalfar.es\/es\/wp-content\/uploads\/2023\/09\/9788478989737.jpg","datePublished":"2023-09-12T07:12:18+00:00","dateModified":"2024-10-17T05:45:56+00:00","breadcrumb":{"@id":"https:\/\/edicionesalfar.es\/es\/producto\/barrio\/#breadcrumb"},"inLanguage":"es","potentialAction":[{"@type":"ReadAction","target":["https:\/\/edicionesalfar.es\/es\/producto\/barrio\/"]}]},{"@type":"ImageObject","inLanguage":"es","@id":"https:\/\/edicionesalfar.es\/es\/producto\/barrio\/#primaryimage","url":"https:\/\/edicionesalfar.es\/es\/wp-content\/uploads\/2023\/09\/9788478989737.jpg","contentUrl":"https:\/\/edicionesalfar.es\/es\/wp-content\/uploads\/2023\/09\/9788478989737.jpg","width":1772,"height":2480},{"@type":"BreadcrumbList","@id":"https:\/\/edicionesalfar.es\/es\/producto\/barrio\/#breadcrumb","itemListElement":[{"@type":"ListItem","position":1,"name":"Portada","item":"https:\/\/edicionesalfar.es\/es\/"},{"@type":"ListItem","position":2,"name":"Cat\u00e1logo","item":"https:\/\/edicionesalfar.es\/es\/catalogo\/"},{"@type":"ListItem","position":3,"name":"Barrio"}]},{"@type":"WebSite","@id":"https:\/\/edicionesalfar.es\/es\/#website","url":"https:\/\/edicionesalfar.es\/es\/","name":"Ediciones Alfar","description":"","potentialAction":[{"@type":"SearchAction","target":{"@type":"EntryPoint","urlTemplate":"https:\/\/edicionesalfar.es\/es\/?s={search_term_string}"},"query-input":{"@type":"PropertyValueSpecification","valueRequired":true,"valueName":"search_term_string"}}],"inLanguage":"es"}]}},"_links":{"self":[{"href":"https:\/\/edicionesalfar.es\/es\/wp-json\/wp\/v2\/product\/120005","targetHints":{"allow":["GET"]}}],"collection":[{"href":"https:\/\/edicionesalfar.es\/es\/wp-json\/wp\/v2\/product"}],"about":[{"href":"https:\/\/edicionesalfar.es\/es\/wp-json\/wp\/v2\/types\/product"}],"replies":[{"embeddable":true,"href":"https:\/\/edicionesalfar.es\/es\/wp-json\/wp\/v2\/comments?post=120005"}],"wp:featuredmedia":[{"embeddable":true,"href":"https:\/\/edicionesalfar.es\/es\/wp-json\/wp\/v2\/media\/120006"}],"wp:attachment":[{"href":"https:\/\/edicionesalfar.es\/es\/wp-json\/wp\/v2\/media?parent=120005"}],"wp:term":[{"taxonomy":"product_brand","embeddable":true,"href":"https:\/\/edicionesalfar.es\/es\/wp-json\/wp\/v2\/product_brand?post=120005"},{"taxonomy":"product_cat","embeddable":true,"href":"https:\/\/edicionesalfar.es\/es\/wp-json\/wp\/v2\/product_cat?post=120005"},{"taxonomy":"product_tag","embeddable":true,"href":"https:\/\/edicionesalfar.es\/es\/wp-json\/wp\/v2\/product_tag?post=120005"}],"curies":[{"name":"wp","href":"https:\/\/api.w.org\/{rel}","templated":true}]}}

<p>Triana, el lugar más auténtico de Sevilla, es hasta mediados del siglo XX un entorno único de convivencia. En sus corrales de vecinos viven los más pobres habitantes de esta parte de la ciudad. Desde estos espacios de fraternidad se protegen del hambre o la miseria y empujan sus días con dignidad y alegría a partes iguales. Pero la llegada a la ciudad del vasco Cayetano Barinaga revienta la vida de estos desdichados. La plácida existencia de un rico beato, de un flamenco con poca vocación para el trabajo y de muchos otros se ve truncada por la avaricia de los poderosos. Primero, una familia recogida en una casucha abandonada; después, los vecinos de un corral, en su mayoría gitanos; y poco a poco el resto de los inquilinos de esas infraviviendas son obligados a abandonar sus hogares. El plan para su expulsión cuenta con la ayuda de políticos corruptos y la complicidad de alguna destacada personalidad de la capital. José, un niño que malvive con su desastroso padre, es testigo y protagonista de estos sucesos. De la mano del chiquillo transitamos por las calles del arrabal conociendo a sus personajes y el amargo sufrimiento que en sus vidas ha dejado la resaca de la guerra. Varias décadas después, no se puede mirar más allá del río que parte Sevilla sin reconocer la cicatriz que este episodio dejó en el alma de Triana.</p>

<p>Triana, el lugar más auténtico de Sevilla, es hasta mediados del siglo XX un entorno único de convivencia. En sus corrales de vecinos viven los más pobres habitantes de esta parte de la ciudad. Desde estos espacios de fraternidad se protegen del hambre o la miseria y empujan sus días con dignidad y alegría a partes iguales. Pero la llegada a la ciudad del vasco Cayetano Barinaga revienta la vida de estos desdichados.</p>

<!-- This site is optimized with the Yoast SEO plugin v27.4 - https://yoast.com/product/yoast-seo-wordpress/ -->
<title>Barrio - Ediciones Alfar</title>
<meta name="robots" content="index, follow, max-snippet:-1, max-image-preview:large, max-video-preview:-1" />
<link rel="canonical" href="https://edicionesalfar.es/es/producto/barrio/" />
<meta property="og:locale" content="es_ES" />
<meta property="og:type" content="article" />
<meta property="og:title" content="Barrio - Ediciones Alfar" />
<meta property="og:description" content="Triana, el lugar más auténtico de Sevilla, es hasta mediados del siglo XX un entorno único de convivencia. En sus corrales de vecinos viven los más pobres habitantes de esta parte de la ciudad. Desde estos espacios de fraternidad se protegen del hambre o la miseria y empujan sus días con dignidad y alegría a partes iguales. Pero la llegada a la ciudad del vasco Cayetano Barinaga revienta la vida de estos desdichados." />
<meta property="og:url" content="https://edicionesalfar.es/es/producto/barrio/" />
<meta property="og:site_name" content="Ediciones Alfar" />
<meta property="article:modified_time" content="2024-10-17T05:45:56+00:00" />
<meta property="og:image" content="https://edicionesalfar.es/es/wp-content/uploads/2023/09/9788478989737-732x1024.jpg" />
	<meta property="og:image:width" content="732" />
	<meta property="og:image:height" content="1024" />
	<meta property="og:image:type" content="image/jpeg" />
<meta name="twitter:card" content="summary_large_image" />
<meta name="twitter:label1" content="Tiempo de lectura" />
	<meta name="twitter:data1" content="2 minutos" />
<script type="application/ld+json" class="yoast-schema-graph">{"@context":"https:\/\/schema.org","@graph":[{"@type":"WebPage","@id":"https:\/\/edicionesalfar.es\/es\/producto\/barrio\/","url":"https:\/\/edicionesalfar.es\/es\/producto\/barrio\/","name":"Barrio - Ediciones Alfar","isPartOf":{"@id":"https:\/\/edicionesalfar.es\/es\/#website"},"primaryImageOfPage":{"@id":"https:\/\/edicionesalfar.es\/es\/producto\/barrio\/#primaryimage"},"image":{"@id":"https:\/\/edicionesalfar.es\/es\/producto\/barrio\/#primaryimage"},"thumbnailUrl":"https:\/\/edicionesalfar.es\/es\/wp-content\/uploads\/2023\/09\/9788478989737.jpg","datePublished":"2023-09-12T07:12:18+00:00","dateModified":"2024-10-17T05:45:56+00:00","breadcrumb":{"@id":"https:\/\/edicionesalfar.es\/es\/producto\/barrio\/#breadcrumb"},"inLanguage":"es","potentialAction":[{"@type":"ReadAction","target":["https:\/\/edicionesalfar.es\/es\/producto\/barrio\/"]}]},{"@type":"ImageObject","inLanguage":"es","@id":"https:\/\/edicionesalfar.es\/es\/producto\/barrio\/#primaryimage","url":"https:\/\/edicionesalfar.es\/es\/wp-content\/uploads\/2023\/09\/9788478989737.jpg","contentUrl":"https:\/\/edicionesalfar.es\/es\/wp-content\/uploads\/2023\/09\/9788478989737.jpg","width":1772,"height":2480},{"@type":"BreadcrumbList","@id":"https:\/\/edicionesalfar.es\/es\/producto\/barrio\/#breadcrumb","itemListElement":[{"@type":"ListItem","position":1,"name":"Portada","item":"https:\/\/edicionesalfar.es\/es\/"},{"@type":"ListItem","position":2,"name":"Catálogo","item":"https:\/\/edicionesalfar.es\/es\/catalogo\/"},{"@type":"ListItem","position":3,"name":"Barrio"}]},{"@type":"WebSite","@id":"https:\/\/edicionesalfar.es\/es\/#website","url":"https:\/\/edicionesalfar.es\/es\/","name":"Ediciones Alfar","description":"","potentialAction":[{"@type":"SearchAction","target":{"@type":"EntryPoint","urlTemplate":"https:\/\/edicionesalfar.es\/es\/?s={search_term_string}"},"query-input":{"@type":"PropertyValueSpecification","valueRequired":true,"valueName":"search_term_string"}}],"inLanguage":"es"}]}</script>
<!-- / Yoast SEO plugin. -->

Triana, el lugar más auténtico de Sevilla, es hasta mediados del siglo XX un entorno único de convivencia. En sus corrales de vecinos viven los más pobres habitantes de esta parte de la ciudad. Desde estos espacios de fraternidad se protegen del hambre o la miseria y empujan sus días con dignidad y alegría a partes iguales. Pero la llegada a la ciudad del vasco Cayetano Barinaga revienta la vida de estos desdichados.

Catálogo
