{"id":119518,"date":"2023-01-28T01:49:04","date_gmt":"2023-01-28T00:49:04","guid":{"rendered":"https:\/\/edicionesalfar.es\/es\/?post_type=product&#038;p=119518"},"modified":"2023-03-20T10:39:12","modified_gmt":"2023-03-20T09:39:12","slug":"versos-de-abismos-y-ausencias","status":"publish","type":"product","link":"https:\/\/edicionesalfar.es\/es\/producto\/versos-de-abismos-y-ausencias\/","title":{"rendered":"Versos de abismos y ausencias"},"content":{"rendered":"<p>El periodista de ABC Sevilla, Andr\u00e9s Gonz\u00e1lez-Barba, se estrena como poeta con Versos de abismos y ausencias.<\/p>\n<p>El amor, la ausencia del ser amado, el desarraigo, el paso del tiempo, la soledad y, por encima todo, el caos ante el abismo. La lectura de estos poemas invita a viajar por los recovecos del alma humana bajo la sombra permanente de una realidad cuyo punto de fuga busca siempre el infinito.<\/p>\n<p><img decoding=\"async\" class=\"wp-image-119520 alignleft\" src=\"https:\/\/edicionesalfar.es\/es\/wp-content\/uploads\/2019\/07\/20230119_143833.jpg\" alt=\"\" width=\"129\" height=\"105\" \/>Al final de esta traves\u00eda se vislumbra qu\u00e9 elementos adversos marcan el destino y c\u00f3mo el amor puede ser el \u00fanico camino posible hacia la salvaci\u00f3n.<\/p>\n<p>Andr\u00e9s Gonz\u00e1lez-Barba (Sevilla, 1974) ha publicado las novelas La muerte de Patrick O\u2019Connelly, El testamento de Mr. Hyde, El enigma Murillo, El \u00faltimo tren de la estaci\u00f3n del norte y Los diarios de Regent Street. Es asimismo autor de los libros de relatos Las voces del mar y otros cuentos y La noche de Lear y otros cuentos navide\u00f1os. Igualmente escribi\u00f3 la novela juvenil El sue\u00f1o de Titania y la serie de cuentos infantiles Las aventuras de Laura Holmes.\u00a0 Versos de abismos y ausencias es su primer poemario.<\/p>\n","protected":false},"excerpt":{"rendered":"<p>Primer poemario del periodista de ABC de Sevilla, Andr\u00e9s Gonz\u00e1lez-Barba.<\/p>\n<p>El amor, la ausencia del ser amado, el desarraigo, el paso del tiempo, la soledad y, por encima todo, el caos ante el abismo; son las claves para poder descubrir la poes\u00eda de Andr\u00e9s.<\/p>\n","protected":false},"featured_media":119679,"comment_status":"closed","ping_status":"closed","template":"","meta":{"_acf_changed":false,"_et_pb_use_builder":"","_et_pb_old_content":"","_et_gb_content_width":""},"product_brand":[],"product_cat":[372,376,375,563,48],"product_tag":[],"class_list":{"0":"post-119518","1":"product","2":"type-product","3":"status-publish","4":"has-post-thumbnail","6":"product_cat-alfar","7":"product_cat-autores","8":"product_cat-editoriales","9":"product_cat-gonzalez-barba-andres","10":"product_cat-otras-poesias","12":"first","13":"instock","14":"sale","15":"taxable","16":"shipping-taxable","17":"purchasable","18":"product-type-simple"},"acf":[],"yoast_head":"<!-- This site is optimized with the Yoast SEO plugin v27.5 - https:\/\/yoast.com\/product\/yoast-seo-wordpress\/ -->\n<title>Versos de abismos y ausencias - Ediciones Alfar<\/title>\n<meta name=\"robots\" content=\"index, follow, max-snippet:-1, max-image-preview:large, max-video-preview:-1\" \/>\n<link rel=\"canonical\" href=\"https:\/\/edicionesalfar.es\/es\/producto\/versos-de-abismos-y-ausencias\/\" \/>\n<meta property=\"og:locale\" content=\"es_ES\" \/>\n<meta property=\"og:type\" content=\"article\" \/>\n<meta property=\"og:title\" content=\"Versos de abismos y ausencias - Ediciones Alfar\" \/>\n<meta property=\"og:description\" content=\"Primer poemario del periodista de ABC de Sevilla, Andr\u00e9s Gonz\u00e1lez-Barba.  El amor, la ausencia del ser amado, el desarraigo, el paso del tiempo, la soledad y, por encima todo, el caos ante el abismo; son las claves para poder descubrir la poes\u00eda de Andr\u00e9s.\" \/>\n<meta property=\"og:url\" content=\"https:\/\/edicionesalfar.es\/es\/producto\/versos-de-abismos-y-ausencias\/\" \/>\n<meta property=\"og:site_name\" content=\"Ediciones Alfar\" \/>\n<meta property=\"article:modified_time\" content=\"2023-03-20T09:39:12+00:00\" \/>\n<meta property=\"og:image\" content=\"https:\/\/edicionesalfar.es\/es\/wp-content\/uploads\/2023\/01\/9788478989638_cubierta-1.jpg\" \/>\n\t<meta property=\"og:image:width\" content=\"367\" \/>\n\t<meta property=\"og:image:height\" content=\"580\" \/>\n\t<meta property=\"og:image:type\" content=\"image\/jpeg\" \/>\n<meta name=\"twitter:card\" content=\"summary_large_image\" \/>\n<meta name=\"twitter:label1\" content=\"Tiempo de lectura\" \/>\n\t<meta name=\"twitter:data1\" content=\"2 minutos\" \/>\n<script type=\"application\/ld+json\" class=\"yoast-schema-graph\">{\"@context\":\"https:\\\/\\\/schema.org\",\"@graph\":[{\"@type\":\"WebPage\",\"@id\":\"https:\\\/\\\/edicionesalfar.es\\\/es\\\/producto\\\/versos-de-abismos-y-ausencias\\\/\",\"url\":\"https:\\\/\\\/edicionesalfar.es\\\/es\\\/producto\\\/versos-de-abismos-y-ausencias\\\/\",\"name\":\"Versos de abismos y ausencias - Ediciones Alfar\",\"isPartOf\":{\"@id\":\"https:\\\/\\\/edicionesalfar.es\\\/es\\\/#website\"},\"primaryImageOfPage\":{\"@id\":\"https:\\\/\\\/edicionesalfar.es\\\/es\\\/producto\\\/versos-de-abismos-y-ausencias\\\/#primaryimage\"},\"image\":{\"@id\":\"https:\\\/\\\/edicionesalfar.es\\\/es\\\/producto\\\/versos-de-abismos-y-ausencias\\\/#primaryimage\"},\"thumbnailUrl\":\"https:\\\/\\\/edicionesalfar.es\\\/es\\\/wp-content\\\/uploads\\\/2023\\\/01\\\/9788478989638_cubierta-1.jpg\",\"datePublished\":\"2023-01-28T00:49:04+00:00\",\"dateModified\":\"2023-03-20T09:39:12+00:00\",\"breadcrumb\":{\"@id\":\"https:\\\/\\\/edicionesalfar.es\\\/es\\\/producto\\\/versos-de-abismos-y-ausencias\\\/#breadcrumb\"},\"inLanguage\":\"es\",\"potentialAction\":[{\"@type\":\"ReadAction\",\"target\":[\"https:\\\/\\\/edicionesalfar.es\\\/es\\\/producto\\\/versos-de-abismos-y-ausencias\\\/\"]}]},{\"@type\":\"ImageObject\",\"inLanguage\":\"es\",\"@id\":\"https:\\\/\\\/edicionesalfar.es\\\/es\\\/producto\\\/versos-de-abismos-y-ausencias\\\/#primaryimage\",\"url\":\"https:\\\/\\\/edicionesalfar.es\\\/es\\\/wp-content\\\/uploads\\\/2023\\\/01\\\/9788478989638_cubierta-1.jpg\",\"contentUrl\":\"https:\\\/\\\/edicionesalfar.es\\\/es\\\/wp-content\\\/uploads\\\/2023\\\/01\\\/9788478989638_cubierta-1.jpg\",\"width\":367,\"height\":580},{\"@type\":\"BreadcrumbList\",\"@id\":\"https:\\\/\\\/edicionesalfar.es\\\/es\\\/producto\\\/versos-de-abismos-y-ausencias\\\/#breadcrumb\",\"itemListElement\":[{\"@type\":\"ListItem\",\"position\":1,\"name\":\"Portada\",\"item\":\"https:\\\/\\\/edicionesalfar.es\\\/es\\\/\"},{\"@type\":\"ListItem\",\"position\":2,\"name\":\"Cat\u00e1logo\",\"item\":\"https:\\\/\\\/edicionesalfar.es\\\/es\\\/catalogo\\\/\"},{\"@type\":\"ListItem\",\"position\":3,\"name\":\"Versos de abismos y ausencias\"}]},{\"@type\":\"WebSite\",\"@id\":\"https:\\\/\\\/edicionesalfar.es\\\/es\\\/#website\",\"url\":\"https:\\\/\\\/edicionesalfar.es\\\/es\\\/\",\"name\":\"Ediciones Alfar\",\"description\":\"\",\"potentialAction\":[{\"@type\":\"SearchAction\",\"target\":{\"@type\":\"EntryPoint\",\"urlTemplate\":\"https:\\\/\\\/edicionesalfar.es\\\/es\\\/?s={search_term_string}\"},\"query-input\":{\"@type\":\"PropertyValueSpecification\",\"valueRequired\":true,\"valueName\":\"search_term_string\"}}],\"inLanguage\":\"es\"}]}<\/script>\n<!-- \/ Yoast SEO plugin. -->","yoast_head_json":{"title":"Versos de abismos y ausencias - Ediciones Alfar","robots":{"index":"index","follow":"follow","max-snippet":"max-snippet:-1","max-image-preview":"max-image-preview:large","max-video-preview":"max-video-preview:-1"},"canonical":"https:\/\/edicionesalfar.es\/es\/producto\/versos-de-abismos-y-ausencias\/","og_locale":"es_ES","og_type":"article","og_title":"Versos de abismos y ausencias - Ediciones Alfar","og_description":"Primer poemario del periodista de ABC de Sevilla, Andr\u00e9s Gonz\u00e1lez-Barba.  El amor, la ausencia del ser amado, el desarraigo, el paso del tiempo, la soledad y, por encima todo, el caos ante el abismo; son las claves para poder descubrir la poes\u00eda de Andr\u00e9s.","og_url":"https:\/\/edicionesalfar.es\/es\/producto\/versos-de-abismos-y-ausencias\/","og_site_name":"Ediciones Alfar","article_modified_time":"2023-03-20T09:39:12+00:00","og_image":[{"width":367,"height":580,"url":"https:\/\/edicionesalfar.es\/es\/wp-content\/uploads\/2023\/01\/9788478989638_cubierta-1.jpg","type":"image\/jpeg"}],"twitter_card":"summary_large_image","twitter_misc":{"Tiempo de lectura":"2 minutos"},"schema":{"@context":"https:\/\/schema.org","@graph":[{"@type":"WebPage","@id":"https:\/\/edicionesalfar.es\/es\/producto\/versos-de-abismos-y-ausencias\/","url":"https:\/\/edicionesalfar.es\/es\/producto\/versos-de-abismos-y-ausencias\/","name":"Versos de abismos y ausencias - Ediciones Alfar","isPartOf":{"@id":"https:\/\/edicionesalfar.es\/es\/#website"},"primaryImageOfPage":{"@id":"https:\/\/edicionesalfar.es\/es\/producto\/versos-de-abismos-y-ausencias\/#primaryimage"},"image":{"@id":"https:\/\/edicionesalfar.es\/es\/producto\/versos-de-abismos-y-ausencias\/#primaryimage"},"thumbnailUrl":"https:\/\/edicionesalfar.es\/es\/wp-content\/uploads\/2023\/01\/9788478989638_cubierta-1.jpg","datePublished":"2023-01-28T00:49:04+00:00","dateModified":"2023-03-20T09:39:12+00:00","breadcrumb":{"@id":"https:\/\/edicionesalfar.es\/es\/producto\/versos-de-abismos-y-ausencias\/#breadcrumb"},"inLanguage":"es","potentialAction":[{"@type":"ReadAction","target":["https:\/\/edicionesalfar.es\/es\/producto\/versos-de-abismos-y-ausencias\/"]}]},{"@type":"ImageObject","inLanguage":"es","@id":"https:\/\/edicionesalfar.es\/es\/producto\/versos-de-abismos-y-ausencias\/#primaryimage","url":"https:\/\/edicionesalfar.es\/es\/wp-content\/uploads\/2023\/01\/9788478989638_cubierta-1.jpg","contentUrl":"https:\/\/edicionesalfar.es\/es\/wp-content\/uploads\/2023\/01\/9788478989638_cubierta-1.jpg","width":367,"height":580},{"@type":"BreadcrumbList","@id":"https:\/\/edicionesalfar.es\/es\/producto\/versos-de-abismos-y-ausencias\/#breadcrumb","itemListElement":[{"@type":"ListItem","position":1,"name":"Portada","item":"https:\/\/edicionesalfar.es\/es\/"},{"@type":"ListItem","position":2,"name":"Cat\u00e1logo","item":"https:\/\/edicionesalfar.es\/es\/catalogo\/"},{"@type":"ListItem","position":3,"name":"Versos de abismos y ausencias"}]},{"@type":"WebSite","@id":"https:\/\/edicionesalfar.es\/es\/#website","url":"https:\/\/edicionesalfar.es\/es\/","name":"Ediciones Alfar","description":"","potentialAction":[{"@type":"SearchAction","target":{"@type":"EntryPoint","urlTemplate":"https:\/\/edicionesalfar.es\/es\/?s={search_term_string}"},"query-input":{"@type":"PropertyValueSpecification","valueRequired":true,"valueName":"search_term_string"}}],"inLanguage":"es"}]}},"_links":{"self":[{"href":"https:\/\/edicionesalfar.es\/es\/wp-json\/wp\/v2\/product\/119518","targetHints":{"allow":["GET"]}}],"collection":[{"href":"https:\/\/edicionesalfar.es\/es\/wp-json\/wp\/v2\/product"}],"about":[{"href":"https:\/\/edicionesalfar.es\/es\/wp-json\/wp\/v2\/types\/product"}],"replies":[{"embeddable":true,"href":"https:\/\/edicionesalfar.es\/es\/wp-json\/wp\/v2\/comments?post=119518"}],"wp:featuredmedia":[{"embeddable":true,"href":"https:\/\/edicionesalfar.es\/es\/wp-json\/wp\/v2\/media\/119679"}],"wp:attachment":[{"href":"https:\/\/edicionesalfar.es\/es\/wp-json\/wp\/v2\/media?parent=119518"}],"wp:term":[{"taxonomy":"product_brand","embeddable":true,"href":"https:\/\/edicionesalfar.es\/es\/wp-json\/wp\/v2\/product_brand?post=119518"},{"taxonomy":"product_cat","embeddable":true,"href":"https:\/\/edicionesalfar.es\/es\/wp-json\/wp\/v2\/product_cat?post=119518"},{"taxonomy":"product_tag","embeddable":true,"href":"https:\/\/edicionesalfar.es\/es\/wp-json\/wp\/v2\/product_tag?post=119518"}],"curies":[{"name":"wp","href":"https:\/\/api.w.org\/{rel}","templated":true}]}}

<p>El periodista de ABC Sevilla, Andrés González-Barba, se estrena como poeta con Versos de abismos y ausencias.</p>
<p>El amor, la ausencia del ser amado, el desarraigo, el paso del tiempo, la soledad y, por encima todo, el caos ante el abismo. La lectura de estos poemas invita a viajar por los recovecos del alma humana bajo la sombra permanente de una realidad cuyo punto de fuga busca siempre el infinito.</p>
<p><img decoding="async" class="wp-image-119520 alignleft" src="https://edicionesalfar.es/es/wp-content/uploads/2019/07/20230119_143833.jpg" alt="" width="129" height="105" />Al final de esta travesía se vislumbra qué elementos adversos marcan el destino y cómo el amor puede ser el único camino posible hacia la salvación.</p>
<p>Andrés González-Barba (Sevilla, 1974) ha publicado las novelas La muerte de Patrick O’Connelly, El testamento de Mr. Hyde, El enigma Murillo, El último tren de la estación del norte y Los diarios de Regent Street. Es asimismo autor de los libros de relatos Las voces del mar y otros cuentos y La noche de Lear y otros cuentos navideños. Igualmente escribió la novela juvenil El sueño de Titania y la serie de cuentos infantiles Las aventuras de Laura Holmes.  Versos de abismos y ausencias es su primer poemario.</p>

<p>Primer poemario del periodista de ABC de Sevilla, Andrés González-Barba.</p>
<p>El amor, la ausencia del ser amado, el desarraigo, el paso del tiempo, la soledad y, por encima todo, el caos ante el abismo; son las claves para poder descubrir la poesía de Andrés.</p>

<!-- This site is optimized with the Yoast SEO plugin v27.5 - https://yoast.com/product/yoast-seo-wordpress/ -->
<title>Versos de abismos y ausencias - Ediciones Alfar</title>
<meta name="robots" content="index, follow, max-snippet:-1, max-image-preview:large, max-video-preview:-1" />
<link rel="canonical" href="https://edicionesalfar.es/es/producto/versos-de-abismos-y-ausencias/" />
<meta property="og:locale" content="es_ES" />
<meta property="og:type" content="article" />
<meta property="og:title" content="Versos de abismos y ausencias - Ediciones Alfar" />
<meta property="og:description" content="Primer poemario del periodista de ABC de Sevilla, Andrés González-Barba.  El amor, la ausencia del ser amado, el desarraigo, el paso del tiempo, la soledad y, por encima todo, el caos ante el abismo; son las claves para poder descubrir la poesía de Andrés." />
<meta property="og:url" content="https://edicionesalfar.es/es/producto/versos-de-abismos-y-ausencias/" />
<meta property="og:site_name" content="Ediciones Alfar" />
<meta property="article:modified_time" content="2023-03-20T09:39:12+00:00" />
<meta property="og:image" content="https://edicionesalfar.es/es/wp-content/uploads/2023/01/9788478989638_cubierta-1.jpg" />
	<meta property="og:image:width" content="367" />
	<meta property="og:image:height" content="580" />
	<meta property="og:image:type" content="image/jpeg" />
<meta name="twitter:card" content="summary_large_image" />
<meta name="twitter:label1" content="Tiempo de lectura" />
	<meta name="twitter:data1" content="2 minutos" />
<script type="application/ld+json" class="yoast-schema-graph">{"@context":"https:\/\/schema.org","@graph":[{"@type":"WebPage","@id":"https:\/\/edicionesalfar.es\/es\/producto\/versos-de-abismos-y-ausencias\/","url":"https:\/\/edicionesalfar.es\/es\/producto\/versos-de-abismos-y-ausencias\/","name":"Versos de abismos y ausencias - Ediciones Alfar","isPartOf":{"@id":"https:\/\/edicionesalfar.es\/es\/#website"},"primaryImageOfPage":{"@id":"https:\/\/edicionesalfar.es\/es\/producto\/versos-de-abismos-y-ausencias\/#primaryimage"},"image":{"@id":"https:\/\/edicionesalfar.es\/es\/producto\/versos-de-abismos-y-ausencias\/#primaryimage"},"thumbnailUrl":"https:\/\/edicionesalfar.es\/es\/wp-content\/uploads\/2023\/01\/9788478989638_cubierta-1.jpg","datePublished":"2023-01-28T00:49:04+00:00","dateModified":"2023-03-20T09:39:12+00:00","breadcrumb":{"@id":"https:\/\/edicionesalfar.es\/es\/producto\/versos-de-abismos-y-ausencias\/#breadcrumb"},"inLanguage":"es","potentialAction":[{"@type":"ReadAction","target":["https:\/\/edicionesalfar.es\/es\/producto\/versos-de-abismos-y-ausencias\/"]}]},{"@type":"ImageObject","inLanguage":"es","@id":"https:\/\/edicionesalfar.es\/es\/producto\/versos-de-abismos-y-ausencias\/#primaryimage","url":"https:\/\/edicionesalfar.es\/es\/wp-content\/uploads\/2023\/01\/9788478989638_cubierta-1.jpg","contentUrl":"https:\/\/edicionesalfar.es\/es\/wp-content\/uploads\/2023\/01\/9788478989638_cubierta-1.jpg","width":367,"height":580},{"@type":"BreadcrumbList","@id":"https:\/\/edicionesalfar.es\/es\/producto\/versos-de-abismos-y-ausencias\/#breadcrumb","itemListElement":[{"@type":"ListItem","position":1,"name":"Portada","item":"https:\/\/edicionesalfar.es\/es\/"},{"@type":"ListItem","position":2,"name":"Catálogo","item":"https:\/\/edicionesalfar.es\/es\/catalogo\/"},{"@type":"ListItem","position":3,"name":"Versos de abismos y ausencias"}]},{"@type":"WebSite","@id":"https:\/\/edicionesalfar.es\/es\/#website","url":"https:\/\/edicionesalfar.es\/es\/","name":"Ediciones Alfar","description":"","potentialAction":[{"@type":"SearchAction","target":{"@type":"EntryPoint","urlTemplate":"https:\/\/edicionesalfar.es\/es\/?s={search_term_string}"},"query-input":{"@type":"PropertyValueSpecification","valueRequired":true,"valueName":"search_term_string"}}],"inLanguage":"es"}]}</script>
<!-- / Yoast SEO plugin. -->

Primer poemario del periodista de ABC de Sevilla, Andrés González-Barba.  El amor, la ausencia del ser amado, el desarraigo, el paso del tiempo, la soledad y, por encima todo, el caos ante el abismo; son las claves para poder descubrir la poesía de Andrés.

Catálogo
