{"id":5328,"date":"2019-05-27T10:52:43","date_gmt":"2019-05-27T08:52:43","guid":{"rendered":"http:\/\/www.edicionesalfar.es\/web-wordpress\/?page_id=5328"},"modified":"2023-01-09T13:11:54","modified_gmt":"2023-01-09T12:11:54","slug":"nosotros","status":"publish","type":"page","link":"https:\/\/edicionesalfar.es\/es\/nosotros\/","title":{"rendered":"NOSOTROS"},"content":{"rendered":"<p>&#8211; Ediciones Alfar fue fundada en 1982. La creaci\u00f3n de la editorial fue producto de una cooperativa para fomentar proyectos culturales. Dicha cooperativa estaba formada por un grupo de personas relacionadas todas directamente con el mundo de la cultura, y sobre todo con el mundo universitario. Entre los fundadores de la editorial se encontraban Manuel D\u00edaz Vargas (editor hasta 2008) y Manuel \u00c1ngel V\u00e1zquez Medel, catedr\u00e1tico de Literatura por la Universidad de Sevilla y expresidente del Consejo Audiovisual de Andaluc\u00eda.<\/p>\n<p>&#8211; Desde el principio la apuesta fue por difundir la cultura, el mundo universitario, los nuevos autores, los cl\u00e1sicos&#8230; y, por ello, se crea el lema,\u00a0<em>Cultura con ra\u00edces. Cultura sin fronteras<\/em>. El mismo a\u00f1o de su fundaci\u00f3n, Ediciones Alfar cre\u00f3, junto con otros editores andaluces, la Asociaci\u00f3n de Editores de Andaluc\u00eda, que a\u00fan hoy sigue vigente.<\/p>\n<p>&#8211; Se crearon colecciones como\u00a0<em>Alfar Universidad<\/em>\u00a0y\u00a0<em>Ciencias de la Educaci\u00f3n<\/em>. Gracias a esta labor, Ediciones Alfar mereci\u00f3 el reconocimiento del catedr\u00e1tico Fernando \u201cben\u00e9merita editorial\u201d.<\/p>\n<p>&#8211; Hasta hoy, 41 a\u00f1os despu\u00e9s, Ediciones Alfar sigue potenciando los mismos valores que originaron su creaci\u00f3n. Adapt\u00e1ndose a los nuevos medios y tecnolog\u00edas, potenciando siempre la cultura, los proyectos universitarios y la investigaci\u00f3n. Como muestra de todo esto ofrecemos al lector m\u00faltiples colecciones:<\/p>\n<p><strong>Alfar Universidad<\/strong>. Con m\u00e1s de 230 n\u00fameros ofrecemos estudios universitarios de \u00e1mbitos diversos como literatura, ling\u00fc\u00edstica, historia, comunicaci\u00f3n, m\u00fasica, filosof\u00eda&#8230; son estudios importantes en el mundo acad\u00e9mico con autores de reconocido prestigio como Amelina Correa, Manuel Moreno Alonso, Manuel \u00c1ngel V\u00e1zquez Medle, Diego Mart\u00ednez Torr\u00f3n, Jos\u00e9 \u00c1ngel Valente&#8230;<\/p>\n<p><strong>Mapa y Calendario<\/strong>. Con m\u00e1s de 30 n\u00fameros, abarca estudios concretos sobre historia y filosof\u00eda, con obras de autores como Manuel Moreno Alonso, Ernesto Feria Jald\u00f3n&#8230;<\/p>\n<p><strong>Ciencias de la Educaci\u00f3n<\/strong>. Con estudios relacionados con el mundo de la educaci\u00f3n y la ense\u00f1anza de profesores como Pedro Carbonero, Leonor Buend\u00eda&#8230;<\/p>\n<p>A estas colecciones a\u00f1adimos otras, no menos importantes, pero con menos peso, como\u00a0<em>Alfar Ixbilia<\/em>\u00a0(estudios relacionados con el mundo \u00e1rabe),\u00a0<em>Biblioteca de Autores Contempor\u00e1neos, Biblioteca Infantil y Juvenil, Semi\u00f3tica y Cr\u00edtica<\/em>,\u00a0<em>El Rapto de Europa<\/em>&#8230;<\/p>\n<p>&#8211; En total, en estos 41 a\u00f1os, m\u00e1s de 1500 publicaciones nos hacen ser una de las editoriales andaluzas con mayor y mejor trayectoria a lo largo de estos a\u00f1os.<\/p>\n<p>&#8211; Las obras que se editan en Ediciones Alfar pasan un control de calidad que va desde la editorial a los expertos externos en la material (dependiendo de la misma), de vuelta a la editorial y al autor. Para poder realizar este control contamos con colaboradores externos que forman nuestro comit\u00e9 asesor y cient\u00edfico.<\/p>\n<p>&#8211; Mantenemos siempre la correspondencia con nuestros autores, y todo autor que env\u00eda su obra a nuestro departamento de lectura tiene su respuesta, ya sea de espera, de solicitud de m\u00e1s informaci\u00f3n, de aceptaci\u00f3n o de rechazo.<\/p>\n<p>&#8211; Todo proyecto editorial tiene un largo proceso de edici\u00f3n. Desde la firma del contrato hasta la terminaci\u00f3n de la obra y finalizaci\u00f3n del proyecto en imprenta, esta pasa por un largo proceso en el que ser\u00e1 corregida y revisada por correctores profesionales en, al menos, dos ocasiones. Previamente se ha procedido al dise\u00f1o y maquetaci\u00f3n de la obra siguiendo los criterios de cada colecci\u00f3n. Los autores revisan, como m\u00ednimo, en dos ocasiones, sus obras para as\u00ed comprobar los cambios de \u00faltima hora y las correcciones realizadas por la editorial.<\/p>\n<p>&#8211; En Ediciones Alfar procuramos siempre apostar por proyectos e investigaciones fiables, con criterio, coherente y con una base investigadora previa y demostrable. Apostamos por obras que puedan proporcionar investigaciones novedosas y que consigan ampliar nuestro cat\u00e1logo, tanto en cantidad como en calidad.<\/p>\n<p>&#8211; La apuesta por investigadores e investigaciones en Alfar es continua, y fruto de ello es la publicaci\u00f3n de unas 25 obras al a\u00f1o producto de estudios universitarios, lo que nos hace ser un referente, no solo para potenciales lectores sino tambi\u00e9n para profesores e investigadores universitarios que buscan salida a sus estudios fruto de a\u00f1os de trabajo y dedicaci\u00f3n.<\/p>\n<p>&#8211; Despu\u00e9s de m\u00e1s de 41 a\u00f1os de labor editorial ininterrumpida, el reconocimiento a la labor editorial de Ediciones Alfar es evidente, y fruto de este es el trabajo continuo con numerosas entidades p\u00fablicas como: Universidad de Sevilla, Junta de Andaluc\u00eda, Ministerio de Educaci\u00f3n y Cultura, Universidad de Granada, Universidad de Castilla La Mancha, CSIC, Universidad Pompeu Fabra, Centro de Estudios Andaluces, Agencia de Industrias Culturales, Universit\u00e1 degli Studi di Verona, Akademick\u00fd klub Filozofick\u00e1 fakulta UKF&#8230;<\/p>\n<p>&#8211;\u00a0<strong>Nuestras obras aparecen rese\u00f1adas en revistas cient\u00edficas de \u00f3rganos tan importantes como el CSIC, la Universidad de Pamplona, la Universidad de Sevilla, la Universidad de La Rioja, la revista Maestros de la Filolog\u00eda&#8230;, adem\u00e1s de la prensa m\u00e1s habitual y de car\u00e1cter menos cient\u00edfico. La informaci\u00f3n de nuestras novedades aparece en redes tan importantes como son Infoling, Dialnet, Google Academics, la Red de Bibliotecas Universitarias (REBIUN)&#8230; y Ediciones Alfar aparece en un puesto destacado en el SPI (Scholarly Publishers Indicators in Humanities and Social Sciences) de 2022, \u00faltima realizada.<\/strong><\/p>\n<p>-La comercializaci\u00f3n y promoci\u00f3n de nuestro fondo se hace a trav\u00e9s de distribuidores, en el caso de la venta; y a trav\u00e9s de dos empresas de comunicaci\u00f3n con las que colaboramos habitualmente la promoci\u00f3n. Nuestra distribuci\u00f3n se realiza a trav\u00e9s del servicio de distribuci\u00f3n centralizada y exclusiva de Elkar, cubriendo as\u00ed todo el pa\u00eds con una distribuci\u00f3n de gran eficacia y log\u00edstica. La venta al extranjero se hace a trav\u00e9s de empresas comercializadoras como Casalini (Italia), Proeme, Puvill, Iberoamericana (Sudam\u00e9rica), Digitalia US (EE. UU.), CELESA&#8230; Adem\u00e1s, tenemos presencia en librer\u00edas <em>on-line<\/em>\u00a0tan importantes como Amazon.<\/p>\n<p>&#8211; Un aspecto importante es nuestra presencia en ferias tanto nacionales como internacionales. Es habitual nuestra presencia en ferias del libro como Sevilla, M\u00e1laga, C\u00f3rdoba, Granada y Madrid, y tambi\u00e9n lo es (a trav\u00e9s de organizaciones como la Federaci\u00f3n de Gremios Editores o la Asociaci\u00f3n de Editores de Andaluc\u00eda) en ferias internacionales como Frankfurt, Guadalajara, Bolonia o Londres.<\/p>\n<p>&#8211; La edici\u00f3n de nuestras obras se hace, simult\u00e1neamente, en formato papel y\u00a0<em>ebook<\/em>\u00a0con una clara apuesta por los nuevos formatos electr\u00f3nicos que potencien nuestro mercado y la difusi\u00f3n de nuestras obras.<\/p>\n","protected":false},"excerpt":{"rendered":"<p>&#8211; Ediciones Alfar fue fundada en 1982. La creaci\u00f3n de la editorial fue producto de una cooperativa para fomentar proyectos culturales. Dicha cooperativa estaba formada por un grupo de personas relacionadas todas directamente con el mundo de la cultura, y sobre todo con el mundo universitario. Entre los fundadores de la editorial se encontraban Manuel [&hellip;]<\/p>\n","protected":false},"author":1,"featured_media":0,"parent":0,"menu_order":0,"comment_status":"closed","ping_status":"closed","template":"","meta":{"_acf_changed":false,"_et_pb_use_builder":"off","_et_pb_old_content":"","_et_gb_content_width":"","footnotes":""},"class_list":["post-5328","page","type-page","status-publish","hentry"],"acf":[],"yoast_head":"<!-- This site is optimized with the Yoast SEO plugin v27.5 - https:\/\/yoast.com\/product\/yoast-seo-wordpress\/ -->\n<title>NOSOTROS - Ediciones Alfar<\/title>\n<meta name=\"robots\" content=\"index, follow, max-snippet:-1, max-image-preview:large, max-video-preview:-1\" \/>\n<link rel=\"canonical\" href=\"https:\/\/edicionesalfar.es\/es\/nosotros\/\" \/>\n<meta property=\"og:locale\" content=\"es_ES\" \/>\n<meta property=\"og:type\" content=\"article\" \/>\n<meta property=\"og:title\" content=\"NOSOTROS - Ediciones Alfar\" \/>\n<meta property=\"og:description\" content=\"&#8211; Ediciones Alfar fue fundada en 1982. La creaci\u00f3n de la editorial fue producto de una cooperativa para fomentar proyectos culturales. Dicha cooperativa estaba formada por un grupo de personas relacionadas todas directamente con el mundo de la cultura, y sobre todo con el mundo universitario. Entre los fundadores de la editorial se encontraban Manuel [&hellip;]\" \/>\n<meta property=\"og:url\" content=\"https:\/\/edicionesalfar.es\/es\/nosotros\/\" \/>\n<meta property=\"og:site_name\" content=\"Ediciones Alfar\" \/>\n<meta property=\"article:modified_time\" content=\"2023-01-09T12:11:54+00:00\" \/>\n<meta name=\"twitter:card\" content=\"summary_large_image\" \/>\n<meta name=\"twitter:label1\" content=\"Tiempo de lectura\" \/>\n\t<meta name=\"twitter:data1\" content=\"5 minutos\" \/>\n<script type=\"application\/ld+json\" class=\"yoast-schema-graph\">{\"@context\":\"https:\\\/\\\/schema.org\",\"@graph\":[{\"@type\":\"WebPage\",\"@id\":\"https:\\\/\\\/edicionesalfar.es\\\/es\\\/nosotros\\\/\",\"url\":\"https:\\\/\\\/edicionesalfar.es\\\/es\\\/nosotros\\\/\",\"name\":\"NOSOTROS - Ediciones Alfar\",\"isPartOf\":{\"@id\":\"https:\\\/\\\/edicionesalfar.es\\\/es\\\/#website\"},\"datePublished\":\"2019-05-27T08:52:43+00:00\",\"dateModified\":\"2023-01-09T12:11:54+00:00\",\"breadcrumb\":{\"@id\":\"https:\\\/\\\/edicionesalfar.es\\\/es\\\/nosotros\\\/#breadcrumb\"},\"inLanguage\":\"es\",\"potentialAction\":[{\"@type\":\"ReadAction\",\"target\":[\"https:\\\/\\\/edicionesalfar.es\\\/es\\\/nosotros\\\/\"]}]},{\"@type\":\"BreadcrumbList\",\"@id\":\"https:\\\/\\\/edicionesalfar.es\\\/es\\\/nosotros\\\/#breadcrumb\",\"itemListElement\":[{\"@type\":\"ListItem\",\"position\":1,\"name\":\"Portada\",\"item\":\"https:\\\/\\\/edicionesalfar.es\\\/es\\\/\"},{\"@type\":\"ListItem\",\"position\":2,\"name\":\"NOSOTROS\"}]},{\"@type\":\"WebSite\",\"@id\":\"https:\\\/\\\/edicionesalfar.es\\\/es\\\/#website\",\"url\":\"https:\\\/\\\/edicionesalfar.es\\\/es\\\/\",\"name\":\"Ediciones Alfar\",\"description\":\"\",\"potentialAction\":[{\"@type\":\"SearchAction\",\"target\":{\"@type\":\"EntryPoint\",\"urlTemplate\":\"https:\\\/\\\/edicionesalfar.es\\\/es\\\/?s={search_term_string}\"},\"query-input\":{\"@type\":\"PropertyValueSpecification\",\"valueRequired\":true,\"valueName\":\"search_term_string\"}}],\"inLanguage\":\"es\"}]}<\/script>\n<!-- \/ Yoast SEO plugin. -->","yoast_head_json":{"title":"NOSOTROS - Ediciones Alfar","robots":{"index":"index","follow":"follow","max-snippet":"max-snippet:-1","max-image-preview":"max-image-preview:large","max-video-preview":"max-video-preview:-1"},"canonical":"https:\/\/edicionesalfar.es\/es\/nosotros\/","og_locale":"es_ES","og_type":"article","og_title":"NOSOTROS - Ediciones Alfar","og_description":"&#8211; Ediciones Alfar fue fundada en 1982. La creaci\u00f3n de la editorial fue producto de una cooperativa para fomentar proyectos culturales. Dicha cooperativa estaba formada por un grupo de personas relacionadas todas directamente con el mundo de la cultura, y sobre todo con el mundo universitario. Entre los fundadores de la editorial se encontraban Manuel [&hellip;]","og_url":"https:\/\/edicionesalfar.es\/es\/nosotros\/","og_site_name":"Ediciones Alfar","article_modified_time":"2023-01-09T12:11:54+00:00","twitter_card":"summary_large_image","twitter_misc":{"Tiempo de lectura":"5 minutos"},"schema":{"@context":"https:\/\/schema.org","@graph":[{"@type":"WebPage","@id":"https:\/\/edicionesalfar.es\/es\/nosotros\/","url":"https:\/\/edicionesalfar.es\/es\/nosotros\/","name":"NOSOTROS - Ediciones Alfar","isPartOf":{"@id":"https:\/\/edicionesalfar.es\/es\/#website"},"datePublished":"2019-05-27T08:52:43+00:00","dateModified":"2023-01-09T12:11:54+00:00","breadcrumb":{"@id":"https:\/\/edicionesalfar.es\/es\/nosotros\/#breadcrumb"},"inLanguage":"es","potentialAction":[{"@type":"ReadAction","target":["https:\/\/edicionesalfar.es\/es\/nosotros\/"]}]},{"@type":"BreadcrumbList","@id":"https:\/\/edicionesalfar.es\/es\/nosotros\/#breadcrumb","itemListElement":[{"@type":"ListItem","position":1,"name":"Portada","item":"https:\/\/edicionesalfar.es\/es\/"},{"@type":"ListItem","position":2,"name":"NOSOTROS"}]},{"@type":"WebSite","@id":"https:\/\/edicionesalfar.es\/es\/#website","url":"https:\/\/edicionesalfar.es\/es\/","name":"Ediciones Alfar","description":"","potentialAction":[{"@type":"SearchAction","target":{"@type":"EntryPoint","urlTemplate":"https:\/\/edicionesalfar.es\/es\/?s={search_term_string}"},"query-input":{"@type":"PropertyValueSpecification","valueRequired":true,"valueName":"search_term_string"}}],"inLanguage":"es"}]}},"_links":{"self":[{"href":"https:\/\/edicionesalfar.es\/es\/wp-json\/wp\/v2\/pages\/5328","targetHints":{"allow":["GET"]}}],"collection":[{"href":"https:\/\/edicionesalfar.es\/es\/wp-json\/wp\/v2\/pages"}],"about":[{"href":"https:\/\/edicionesalfar.es\/es\/wp-json\/wp\/v2\/types\/page"}],"author":[{"embeddable":true,"href":"https:\/\/edicionesalfar.es\/es\/wp-json\/wp\/v2\/users\/1"}],"replies":[{"embeddable":true,"href":"https:\/\/edicionesalfar.es\/es\/wp-json\/wp\/v2\/comments?post=5328"}],"version-history":[{"count":28,"href":"https:\/\/edicionesalfar.es\/es\/wp-json\/wp\/v2\/pages\/5328\/revisions"}],"predecessor-version":[{"id":119410,"href":"https:\/\/edicionesalfar.es\/es\/wp-json\/wp\/v2\/pages\/5328\/revisions\/119410"}],"wp:attachment":[{"href":"https:\/\/edicionesalfar.es\/es\/wp-json\/wp\/v2\/media?parent=5328"}],"curies":[{"name":"wp","href":"https:\/\/api.w.org\/{rel}","templated":true}]}}

<p>&#8211; Ediciones Alfar fue fundada en 1982. La creación de la editorial fue producto de una cooperativa para fomentar proyectos culturales. Dicha cooperativa estaba formada por un grupo de personas relacionadas todas directamente con el mundo de la cultura, y sobre todo con el mundo universitario. Entre los fundadores de la editorial se encontraban Manuel Díaz Vargas (editor hasta 2008) y Manuel Ángel Vázquez Medel, catedrático de Literatura por la Universidad de Sevilla y expresidente del Consejo Audiovisual de Andalucía.</p>
<p>&#8211; Desde el principio la apuesta fue por difundir la cultura, el mundo universitario, los nuevos autores, los clásicos&#8230; y, por ello, se crea el lema, <em>Cultura con raíces. Cultura sin fronteras</em>. El mismo año de su fundación, Ediciones Alfar creó, junto con otros editores andaluces, la Asociación de Editores de Andalucía, que aún hoy sigue vigente.</p>
<p>&#8211; Se crearon colecciones como <em>Alfar Universidad</em> y <em>Ciencias de la Educación</em>. Gracias a esta labor, Ediciones Alfar mereció el reconocimiento del catedrático Fernando “benémerita editorial”.</p>
<p>&#8211; Hasta hoy, 41 años después, Ediciones Alfar sigue potenciando los mismos valores que originaron su creación. Adaptándose a los nuevos medios y tecnologías, potenciando siempre la cultura, los proyectos universitarios y la investigación. Como muestra de todo esto ofrecemos al lector múltiples colecciones:</p>
<p><strong>Alfar Universidad</strong>. Con más de 230 números ofrecemos estudios universitarios de ámbitos diversos como literatura, lingüística, historia, comunicación, música, filosofía&#8230; son estudios importantes en el mundo académico con autores de reconocido prestigio como Amelina Correa, Manuel Moreno Alonso, Manuel Ángel Vázquez Medle, Diego Martínez Torrón, José Ángel Valente&#8230;</p>
<p><strong>Mapa y Calendario</strong>. Con más de 30 números, abarca estudios concretos sobre historia y filosofía, con obras de autores como Manuel Moreno Alonso, Ernesto Feria Jaldón&#8230;</p>
<p><strong>Ciencias de la Educación</strong>. Con estudios relacionados con el mundo de la educación y la enseñanza de profesores como Pedro Carbonero, Leonor Buendía&#8230;</p>
<p>A estas colecciones añadimos otras, no menos importantes, pero con menos peso, como <em>Alfar Ixbilia</em> (estudios relacionados con el mundo árabe), <em>Biblioteca de Autores Contemporáneos, Biblioteca Infantil y Juvenil, Semiótica y Crítica</em>, <em>El Rapto de Europa</em>&#8230;</p>
<p>&#8211; En total, en estos 41 años, más de 1500 publicaciones nos hacen ser una de las editoriales andaluzas con mayor y mejor trayectoria a lo largo de estos años.</p>
<p>&#8211; Las obras que se editan en Ediciones Alfar pasan un control de calidad que va desde la editorial a los expertos externos en la material (dependiendo de la misma), de vuelta a la editorial y al autor. Para poder realizar este control contamos con colaboradores externos que forman nuestro comité asesor y científico.</p>
<p>&#8211; Mantenemos siempre la correspondencia con nuestros autores, y todo autor que envía su obra a nuestro departamento de lectura tiene su respuesta, ya sea de espera, de solicitud de más información, de aceptación o de rechazo.</p>
<p>&#8211; Todo proyecto editorial tiene un largo proceso de edición. Desde la firma del contrato hasta la terminación de la obra y finalización del proyecto en imprenta, esta pasa por un largo proceso en el que será corregida y revisada por correctores profesionales en, al menos, dos ocasiones. Previamente se ha procedido al diseño y maquetación de la obra siguiendo los criterios de cada colección. Los autores revisan, como mínimo, en dos ocasiones, sus obras para así comprobar los cambios de última hora y las correcciones realizadas por la editorial.</p>
<p>&#8211; En Ediciones Alfar procuramos siempre apostar por proyectos e investigaciones fiables, con criterio, coherente y con una base investigadora previa y demostrable. Apostamos por obras que puedan proporcionar investigaciones novedosas y que consigan ampliar nuestro catálogo, tanto en cantidad como en calidad.</p>
<p>&#8211; La apuesta por investigadores e investigaciones en Alfar es continua, y fruto de ello es la publicación de unas 25 obras al año producto de estudios universitarios, lo que nos hace ser un referente, no solo para potenciales lectores sino también para profesores e investigadores universitarios que buscan salida a sus estudios fruto de años de trabajo y dedicación.</p>
<p>&#8211; Después de más de 41 años de labor editorial ininterrumpida, el reconocimiento a la labor editorial de Ediciones Alfar es evidente, y fruto de este es el trabajo continuo con numerosas entidades públicas como: Universidad de Sevilla, Junta de Andalucía, Ministerio de Educación y Cultura, Universidad de Granada, Universidad de Castilla La Mancha, CSIC, Universidad Pompeu Fabra, Centro de Estudios Andaluces, Agencia de Industrias Culturales, Universitá degli Studi di Verona, Akademický klub Filozofická fakulta UKF&#8230;</p>
<p>&#8211; <strong>Nuestras obras aparecen reseñadas en revistas científicas de órganos tan importantes como el CSIC, la Universidad de Pamplona, la Universidad de Sevilla, la Universidad de La Rioja, la revista Maestros de la Filología&#8230;, además de la prensa más habitual y de carácter menos científico. La información de nuestras novedades aparece en redes tan importantes como son Infoling, Dialnet, Google Academics, la Red de Bibliotecas Universitarias (REBIUN)&#8230; y Ediciones Alfar aparece en un puesto destacado en el SPI (Scholarly Publishers Indicators in Humanities and Social Sciences) de 2022, última realizada.</strong></p>
<p>-La comercialización y promoción de nuestro fondo se hace a través de distribuidores, en el caso de la venta; y a través de dos empresas de comunicación con las que colaboramos habitualmente la promoción. Nuestra distribución se realiza a través del servicio de distribución centralizada y exclusiva de Elkar, cubriendo así todo el país con una distribución de gran eficacia y logística. La venta al extranjero se hace a través de empresas comercializadoras como Casalini (Italia), Proeme, Puvill, Iberoamericana (Sudamérica), Digitalia US (EE. UU.), CELESA&#8230; Además, tenemos presencia en librerías <em>on-line</em> tan importantes como Amazon.</p>
<p>&#8211; Un aspecto importante es nuestra presencia en ferias tanto nacionales como internacionales. Es habitual nuestra presencia en ferias del libro como Sevilla, Málaga, Córdoba, Granada y Madrid, y también lo es (a través de organizaciones como la Federación de Gremios Editores o la Asociación de Editores de Andalucía) en ferias internacionales como Frankfurt, Guadalajara, Bolonia o Londres.</p>
<p>&#8211; La edición de nuestras obras se hace, simultáneamente, en formato papel y <em>ebook</em> con una clara apuesta por los nuevos formatos electrónicos que potencien nuestro mercado y la difusión de nuestras obras.</p>

<p>&#8211; Ediciones Alfar fue fundada en 1982. La creación de la editorial fue producto de una cooperativa para fomentar proyectos culturales. Dicha cooperativa estaba formada por un grupo de personas relacionadas todas directamente con el mundo de la cultura, y sobre todo con el mundo universitario. Entre los fundadores de la editorial se encontraban Manuel [&hellip;]</p>

<!-- This site is optimized with the Yoast SEO plugin v27.5 - https://yoast.com/product/yoast-seo-wordpress/ -->
<title>NOSOTROS - Ediciones Alfar</title>
<meta name="robots" content="index, follow, max-snippet:-1, max-image-preview:large, max-video-preview:-1" />
<link rel="canonical" href="https://edicionesalfar.es/es/nosotros/" />
<meta property="og:locale" content="es_ES" />
<meta property="og:type" content="article" />
<meta property="og:title" content="NOSOTROS - Ediciones Alfar" />
<meta property="og:description" content="&#8211; Ediciones Alfar fue fundada en 1982. La creación de la editorial fue producto de una cooperativa para fomentar proyectos culturales. Dicha cooperativa estaba formada por un grupo de personas relacionadas todas directamente con el mundo de la cultura, y sobre todo con el mundo universitario. Entre los fundadores de la editorial se encontraban Manuel [&hellip;]" />
<meta property="og:url" content="https://edicionesalfar.es/es/nosotros/" />
<meta property="og:site_name" content="Ediciones Alfar" />
<meta property="article:modified_time" content="2023-01-09T12:11:54+00:00" />
<meta name="twitter:card" content="summary_large_image" />
<meta name="twitter:label1" content="Tiempo de lectura" />
	<meta name="twitter:data1" content="5 minutos" />
<script type="application/ld+json" class="yoast-schema-graph">{"@context":"https:\/\/schema.org","@graph":[{"@type":"WebPage","@id":"https:\/\/edicionesalfar.es\/es\/nosotros\/","url":"https:\/\/edicionesalfar.es\/es\/nosotros\/","name":"NOSOTROS - Ediciones Alfar","isPartOf":{"@id":"https:\/\/edicionesalfar.es\/es\/#website"},"datePublished":"2019-05-27T08:52:43+00:00","dateModified":"2023-01-09T12:11:54+00:00","breadcrumb":{"@id":"https:\/\/edicionesalfar.es\/es\/nosotros\/#breadcrumb"},"inLanguage":"es","potentialAction":[{"@type":"ReadAction","target":["https:\/\/edicionesalfar.es\/es\/nosotros\/"]}]},{"@type":"BreadcrumbList","@id":"https:\/\/edicionesalfar.es\/es\/nosotros\/#breadcrumb","itemListElement":[{"@type":"ListItem","position":1,"name":"Portada","item":"https:\/\/edicionesalfar.es\/es\/"},{"@type":"ListItem","position":2,"name":"NOSOTROS"}]},{"@type":"WebSite","@id":"https:\/\/edicionesalfar.es\/es\/#website","url":"https:\/\/edicionesalfar.es\/es\/","name":"Ediciones Alfar","description":"","potentialAction":[{"@type":"SearchAction","target":{"@type":"EntryPoint","urlTemplate":"https:\/\/edicionesalfar.es\/es\/?s={search_term_string}"},"query-input":{"@type":"PropertyValueSpecification","valueRequired":true,"valueName":"search_term_string"}}],"inLanguage":"es"}]}</script>
<!-- / Yoast SEO plugin. -->

&#8211; Ediciones Alfar fue fundada en 1982. La creación de la editorial fue producto de una cooperativa para fomentar proyectos culturales. Dicha cooperativa estaba formada por un grupo de personas relacionadas todas directamente con el mundo de la cultura, y sobre todo con el mundo universitario. Entre los fundadores de la editorial se encontraban Manuel [&hellip;]
