{"version":"1.0","provider_name":"Ediciones Alfar","provider_url":"https:\/\/edicionesalfar.es\/es","author_name":"entrestrazos","author_url":"https:\/\/edicionesalfar.es\/es\/author\/entrestrazos\/","title":"Rimas 2\u00aa edici\u00f3n - Ediciones Alfar","type":"rich","width":600,"height":338,"html":"<blockquote class=\"wp-embedded-content\" data-secret=\"Z2kXgn53if\"><a href=\"https:\/\/edicionesalfar.es\/es\/producto\/rimas-2-edicion\/\">Rimas 2\u00aa edici\u00f3n<\/a><\/blockquote><iframe sandbox=\"allow-scripts\" security=\"restricted\" src=\"https:\/\/edicionesalfar.es\/es\/producto\/rimas-2-edicion\/embed\/#?secret=Z2kXgn53if\" width=\"600\" height=\"338\" title=\"\u00abRimas 2\u00aa edici\u00f3n\u00bb \u2014 Ediciones Alfar\" data-secret=\"Z2kXgn53if\" frameborder=\"0\" marginwidth=\"0\" marginheight=\"0\" scrolling=\"no\" class=\"wp-embedded-content\"><\/iframe><script type=\"text\/javascript\">\n\/* <![CDATA[ *\/\n\/*! This file is auto-generated *\/\n!function(d,l){\"use strict\";l.querySelector&&d.addEventListener&&\"undefined\"!=typeof URL&&(d.wp=d.wp||{},d.wp.receiveEmbedMessage||(d.wp.receiveEmbedMessage=function(e){var t=e.data;if((t||t.secret||t.message||t.value)&&!\/[^a-zA-Z0-9]\/.test(t.secret)){for(var s,r,n,a=l.querySelectorAll('iframe[data-secret=\"'+t.secret+'\"]'),o=l.querySelectorAll('blockquote[data-secret=\"'+t.secret+'\"]'),c=new RegExp(\"^https?:$\",\"i\"),i=0;i<o.length;i++)o[i].style.display=\"none\";for(i=0;i<a.length;i++)s=a[i],e.source===s.contentWindow&&(s.removeAttribute(\"style\"),\"height\"===t.message?(1e3<(r=parseInt(t.value,10))?r=1e3:~~r<200&&(r=200),s.height=r):\"link\"===t.message&&(r=new URL(s.getAttribute(\"src\")),n=new URL(t.value),c.test(n.protocol))&&n.host===r.host&&l.activeElement===s&&(d.top.location.href=t.value))}},d.addEventListener(\"message\",d.wp.receiveEmbedMessage,!1),l.addEventListener(\"DOMContentLoaded\",function(){for(var e,t,s=l.querySelectorAll(\"iframe.wp-embedded-content\"),r=0;r<s.length;r++)(t=(e=s[r]).getAttribute(\"data-secret\"))||(t=Math.random().toString(36).substring(2,12),e.src+=\"#?secret=\"+t,e.setAttribute(\"data-secret\",t)),e.contentWindow.postMessage({message:\"ready\",secret:t},\"*\")},!1)))}(window,document);\n\/\/# sourceURL=https:\/\/edicionesalfar.es\/es\/wp-includes\/js\/wp-embed.min.js\n\/* ]]> *\/\n<\/script>\n","thumbnail_url":"https:\/\/edicionesalfar.es\/es\/wp-content\/uploads\/2019\/05\/Rimas%202ed.jpg","thumbnail_width":1,"thumbnail_height":1,"description":"LIBROS DE MEJOR VISTA es una colecci\u00f3n especialmente pensada para aquellos que tienen problemas con la \"letra peque\u00f1a\" y el abigarrado texto que caracteriza muchas de las ediciones actuales. Ofrecemos, en una cuidada selecci\u00f3n que alterna los cl\u00e1sicos con autores actuales, obras para neolectores, lectores de vista cansada y, en general, para todos aquellos que quieran deleitarse con la lectura gustosa y c\u00f3moda. \u00a0 El poema en prosa nace con B\u00e9cquer, y B\u00e9cquer es nuestro primer prosista moderno, subjetivo y profundo, con sensibilidad pl\u00e1stica y musical, que sabe adaptar a los estremecimientos de su ser interior las palabras y sabe tambi\u00e9n que la objetividad casi cient\u00edfica en la narraci\u00f3n no tiene por qu\u00e9 impedir el vuelo de la imaginaci\u00f3n ni la sensaci\u00f3n personalmente experimentada (Fernando Ortiz).   LIBROS DE MEJOR VISTA es una colecci\u00f3n especialmente pensada para aquellos que tienen problemas con la \"letra peque\u00f1a\" y el abigarrado texto que caracteriza muchas de las ediciones actuales. Ofrecemos, en una cuidada selecci\u00f3n que alterna los cl\u00e1sicos con autores actuales, obras para neolectores, lectores de vista cansada y, en general, para todos aquellos que quieran deleitarse con la lectura gustosa y c\u00f3moda.  El poema en prosa nace con B\u00e9cquer, y B\u00e9cquer es nuestro primer prosista moderno, subjetivo y profundo, con sensibilidad pl\u00e1stica y musical, que sabe adaptar a los estremecimientos de su ser interior las palabras y sabe tambi\u00e9n que la objetividad casi cient\u00edfica en la narraci\u00f3n no tiene por qu\u00e9 impedir el vuelo de la imaginaci\u00f3n ni la sensaci\u00f3n personalmente experimentada (Fernando Ortiz)."}

Rimas 2ª edición - Ediciones Alfar

<blockquote class="wp-embedded-content" data-secret="Z2kXgn53if"><a href="https://edicionesalfar.es/es/producto/rimas-2-edicion/">Rimas 2ª edición</a></blockquote><iframe sandbox="allow-scripts" security="restricted" src="https://edicionesalfar.es/es/producto/rimas-2-edicion/embed/#?secret=Z2kXgn53if" width="600" height="338" title="«Rimas 2ª edición» — Ediciones Alfar" data-secret="Z2kXgn53if" frameborder="0" marginwidth="0" marginheight="0" scrolling="no" class="wp-embedded-content"></iframe><script type="text/javascript">
/* <![CDATA[ */
/*! This file is auto-generated */
!function(d,l){"use strict";l.querySelector&&d.addEventListener&&"undefined"!=typeof URL&&(d.wp=d.wp||{},d.wp.receiveEmbedMessage||(d.wp.receiveEmbedMessage=function(e){var t=e.data;if((t||t.secret||t.message||t.value)&&!/[^a-zA-Z0-9]/.test(t.secret)){for(var s,r,n,a=l.querySelectorAll('iframe[data-secret="'+t.secret+'"]'),o=l.querySelectorAll('blockquote[data-secret="'+t.secret+'"]'),c=new RegExp("^https?:$","i"),i=0;i<o.length;i++)o[i].style.display="none";for(i=0;i<a.length;i++)s=a[i],e.source===s.contentWindow&&(s.removeAttribute("style"),"height"===t.message?(1e3<(r=parseInt(t.value,10))?r=1e3:~~r<200&&(r=200),s.height=r):"link"===t.message&&(r=new URL(s.getAttribute("src")),n=new URL(t.value),c.test(n.protocol))&&n.host===r.host&&l.activeElement===s&&(d.top.location.href=t.value))}},d.addEventListener("message",d.wp.receiveEmbedMessage,!1),l.addEventListener("DOMContentLoaded",function(){for(var e,t,s=l.querySelectorAll("iframe.wp-embedded-content"),r=0;r<s.length;r++)(t=(e=s[r]).getAttribute("data-secret"))||(t=Math.random().toString(36).substring(2,12),e.src+="#?secret="+t,e.setAttribute("data-secret",t)),e.contentWindow.postMessage({message:"ready",secret:t},"*")},!1)))}(window,document);
//# sourceURL=https://edicionesalfar.es/es/wp-includes/js/wp-embed.min.js
/* ]]> */
</script>

LIBROS DE MEJOR VISTA es una colección especialmente pensada para aquellos que tienen problemas con la "letra pequeña" y el abigarrado texto que caracteriza muchas de las ediciones actuales. Ofrecemos, en una cuidada selección que alterna los clásicos con autores actuales, obras para neolectores, lectores de vista cansada y, en general, para todos aquellos que quieran deleitarse con la lectura gustosa y cómoda.   El poema en prosa nace con Bécquer, y Bécquer es nuestro primer prosista moderno, subjetivo y profundo, con sensibilidad plástica y musical, que sabe adaptar a los estremecimientos de su ser interior las palabras y sabe también que la objetividad casi científica en la narración no tiene por qué impedir el vuelo de la imaginación ni la sensación personalmente experimentada (Fernando Ortiz).   LIBROS DE MEJOR VISTA es una colección especialmente pensada para aquellos que tienen problemas con la "letra pequeña" y el abigarrado texto que caracteriza muchas de las ediciones actuales. Ofrecemos, en una cuidada selección que alterna los clásicos con autores actuales, obras para neolectores, lectores de vista cansada y, en general, para todos aquellos que quieran deleitarse con la lectura gustosa y cómoda.  El poema en prosa nace con Bécquer, y Bécquer es nuestro primer prosista moderno, subjetivo y profundo, con sensibilidad plástica y musical, que sabe adaptar a los estremecimientos de su ser interior las palabras y sabe también que la objetividad casi científica en la narración no tiene por qué impedir el vuelo de la imaginación ni la sensación personalmente experimentada (Fernando Ortiz).
