{"version":"1.0","provider_name":"Ediciones Alfar","provider_url":"https:\/\/edicionesalfar.es\/es","author_name":"Ediciones Alfar","author_url":"https:\/\/edicionesalfar.es\/es\/author\/alfar\/","title":"La hija del viento - Ediciones Alfar","type":"rich","width":600,"height":338,"html":"<blockquote class=\"wp-embedded-content\" data-secret=\"8V2pckADSV\"><a href=\"https:\/\/edicionesalfar.es\/es\/producto\/la-hija-del-viento\/\">La hija del viento<\/a><\/blockquote><iframe sandbox=\"allow-scripts\" security=\"restricted\" src=\"https:\/\/edicionesalfar.es\/es\/producto\/la-hija-del-viento\/embed\/#?secret=8V2pckADSV\" width=\"600\" height=\"338\" title=\"\u00abLa hija del viento\u00bb \u2014 Ediciones Alfar\" data-secret=\"8V2pckADSV\" frameborder=\"0\" marginwidth=\"0\" marginheight=\"0\" scrolling=\"no\" class=\"wp-embedded-content\"><\/iframe><script type=\"text\/javascript\">\n\/* <![CDATA[ *\/\n\/*! This file is auto-generated *\/\n!function(d,l){\"use strict\";l.querySelector&&d.addEventListener&&\"undefined\"!=typeof URL&&(d.wp=d.wp||{},d.wp.receiveEmbedMessage||(d.wp.receiveEmbedMessage=function(e){var t=e.data;if((t||t.secret||t.message||t.value)&&!\/[^a-zA-Z0-9]\/.test(t.secret)){for(var s,r,n,a=l.querySelectorAll('iframe[data-secret=\"'+t.secret+'\"]'),o=l.querySelectorAll('blockquote[data-secret=\"'+t.secret+'\"]'),c=new RegExp(\"^https?:$\",\"i\"),i=0;i<o.length;i++)o[i].style.display=\"none\";for(i=0;i<a.length;i++)s=a[i],e.source===s.contentWindow&&(s.removeAttribute(\"style\"),\"height\"===t.message?(1e3<(r=parseInt(t.value,10))?r=1e3:~~r<200&&(r=200),s.height=r):\"link\"===t.message&&(r=new URL(s.getAttribute(\"src\")),n=new URL(t.value),c.test(n.protocol))&&n.host===r.host&&l.activeElement===s&&(d.top.location.href=t.value))}},d.addEventListener(\"message\",d.wp.receiveEmbedMessage,!1),l.addEventListener(\"DOMContentLoaded\",function(){for(var e,t,s=l.querySelectorAll(\"iframe.wp-embedded-content\"),r=0;r<s.length;r++)(t=(e=s[r]).getAttribute(\"data-secret\"))||(t=Math.random().toString(36).substring(2,12),e.src+=\"#?secret=\"+t,e.setAttribute(\"data-secret\",t)),e.contentWindow.postMessage({message:\"ready\",secret:t},\"*\")},!1)))}(window,document);\n\/\/# sourceURL=https:\/\/edicionesalfar.es\/es\/wp-includes\/js\/wp-embed.min.js\n\/* ]]> *\/\n<\/script>\n","thumbnail_url":"https:\/\/edicionesalfar.es\/es\/wp-content\/uploads\/2025\/04\/9788410286214-scaled.jpg","thumbnail_width":1809,"thumbnail_height":2560,"description":"La hija del viento es la historia de Irmaen, una ni\u00f1a africana que en el a\u00f1o 1700 es capturada por esclavistas y llevada a Jamaica para trabajar en los campos de algod\u00f3n. En esta isla, la brutalidad de los negreros ingleses provoca una mortandad alt\u00edsima entre los esclavos, generando una selecci\u00f3n gen\u00e9tica natural en la que solo los m\u00e1s fuertes pueden sobrevivir. Irmaen, impulsada por su instinto de libertad, desaf\u00eda el destino y se convierte en s\u00edmbolo de resistencia."}

La hija del viento es la historia de Irmaen, una niña africana que en el año 1700 es capturada por esclavistas y llevada a Jamaica para trabajar en los campos de algodón. En esta isla, la brutalidad de los negreros ingleses provoca una mortandad altísima entre los esclavos, generando una selección genética natural en la que solo los más fuertes pueden sobrevivir. Irmaen, impulsada por su instinto de libertad, desafía el destino y se convierte en símbolo de resistencia.
